{"id":346,"date":"2018-11-22T16:05:53","date_gmt":"2018-11-22T15:05:53","guid":{"rendered":"https:\/\/pb.edu.pl\/bwm\/?page_id=346"},"modified":"2021-06-24T09:27:27","modified_gmt":"2021-06-24T07:27:27","slug":"dokumenty","status":"publish","type":"page","link":"https:\/\/pb.edu.pl\/iros\/projekty-nawa\/projekty-zakonczone\/prom-2018\/dokumenty\/","title":{"rendered":"Dokumenty"},"content":{"rendered":"<div class=\"row\">\n<div class=\"col-sm-6\">\n<h3 class=\"text-center\">Dokumenty w j\u0119zyku polskim<\/h3>\n<p><a class=\"pdf\" href=\"https:\/\/pb.edu.pl\/iros\/wp-content\/uploads\/sites\/24\/2019\/04\/Regulamin-PB-z-dn.19.04.2019-AKTUALNY.pdf\" target=\"_blank\" rel=\"noopener\">Regulamin PB z dn.19.04.2019 AKTUALNY (1 MB)<\/a><\/p>\n<p><a class=\"pdf\" href=\"https:\/\/pb.edu.pl\/iros\/wp-content\/uploads\/sites\/24\/2019\/02\/Regulamin-PB-z-dn.12.02.2019.docx.pdf\" target=\"_blank\" rel=\"noopener\">Regulamin PB z dn.12.02.2019 (951 KB)<\/a><\/p>\n<p><a class=\"pdf\" href=\"https:\/\/pb.edu.pl\/iros\/wp-content\/uploads\/sites\/24\/2019\/02\/Regulamin-z-dn.17.01.2019.pdf\" target=\"_blank\" rel=\"noopener\">Regulamin z dn.17.01.2019 (949 KB)<\/a><\/p>\n<p><a class=\"pdf\" href=\"https:\/\/pb.edu.pl\/iros\/wp-content\/uploads\/sites\/24\/2019\/01\/za\u0142\u0105cznik-A-stawki-rycza\u0142towe.pdf\" target=\"_blank\" rel=\"noopener\">za\u0142\u0105cznik A &#8211; stawki rycza\u0142towe (870 KB)<\/a><\/p>\n<p><a class=\"docx\" href=\"https:\/\/pb.edu.pl\/iros\/wp-content\/uploads\/sites\/24\/2019\/02\/za\u0142\u0105cznik-B-formularz-kandydata-do-projektu-PROM.docx\">za\u0142\u0105cznik B &#8211; formularz kandydata do projektu PROM (63 KB)<\/a><\/p>\n<p><a class=\"docx\" href=\"https:\/\/pb.edu.pl\/iros\/wp-content\/uploads\/sites\/24\/2019\/02\/za\u0142\u0105cznik-C-formularz-zg\u0142oszeniowy-Uczestnika-Projektu.docx\">za\u0142\u0105cznik C &#8211; formularz zg\u0142oszeniowy Uczestnika Projektu (63 KB)<\/a><\/p>\n<p><a class=\"docx\" href=\"https:\/\/pb.edu.pl\/iros\/wp-content\/uploads\/sites\/24\/2019\/02\/za\u0142\u0105cznik-C1-formularz-Uczestnika-Projektu.docx\">za\u0142\u0105cznik C1 &#8211; formularz Uczestnika Projektu (64 KB)<\/a><\/p>\n<p><a class=\"docx\" href=\"https:\/\/pb.edu.pl\/iros\/wp-content\/uploads\/sites\/24\/2019\/01\/za\u0142acznik-D-polecenie-wyjazdu.docx\">za\u0142acznik D &#8211; polecenie wyjazdu (56 KB)<\/a><\/p>\n<p><a class=\"doc\" href=\"https:\/\/pb.edu.pl\/iros\/wp-content\/uploads\/sites\/24\/2019\/01\/za\u0142\u0105cznik-E-wniosek-o-sfinansowanie-koszt\u00f3w-podr\u00f3\u017cy.doc\">za\u0142\u0105cznik E &#8211; wniosek o sfinansowanie koszt\u00f3w podr\u00f3\u017cy (136 KB)<\/a><\/p>\n<p><a class=\"docx\" href=\"https:\/\/pb.edu.pl\/iros\/wp-content\/uploads\/sites\/24\/2019\/05\/za\u0142\u0105cznik-F-Umowa-Beneficjenta-z-Uczestnikiem-Projektu.docx\">za\u0142\u0105cznik F &#8211; Umowa Beneficjenta z Uczestnikiem Projektu (52 KB)<\/a><\/p>\n<p><a class=\"xlsx\" href=\"https:\/\/pb.edu.pl\/iros\/wp-content\/uploads\/sites\/24\/2019\/02\/Za\u0142\u0105cznik-nr-1-do-Umowy-z-UP-Formularz-rozliczenia-wyjazdu-1.xlsx\">Za\u0142\u0105cznik nr 1 do Umowy z UP &#8211; Formularz rozliczenia wyjazdu (36 KB)<\/a><br \/>\n<a class=\"docx\" href=\"https:\/\/pb.edu.pl\/iros\/wp-content\/uploads\/sites\/24\/2019\/01\/Za\u0142\u0105cznik-nr-2-do-Umowy-z-UP-Ankieta-ewaluacyjna.docx\">Za\u0142\u0105cznik nr 2 do Umowy z UP &#8211; Ankieta ewaluacyjna (77 KB)<\/a><\/p>\n<p><a class=\"docx\" href=\"https:\/\/pb.edu.pl\/iros\/wp-content\/uploads\/sites\/24\/2019\/03\/Za\u0142\u0105cznik-nr-3-do-Umowy-z-UP-Wz\u00f3r-certyfikatu.docx\">Za\u0142\u0105cznik nr 3 do Umowy z UP &#8211; Wz\u00f3r certyfikatu (45 KB)<\/a><\/p>\n<p><a class=\"docx\" href=\"https:\/\/pb.edu.pl\/iros\/wp-content\/uploads\/sites\/24\/2019\/05\/Za\u0142\u0105cznik-nr-4-do-Umowy-z-UP-Wz\u00f3r-o\u015bwiadczenia-uczestnika.docx\">Za\u0142\u0105cznik nr 4 do Umowy z UP &#8211; Wz\u00f3r o\u015bwiadczenia uczestnika (67 KB)<\/a><\/p>\n<p><a class=\"docx\" href=\"https:\/\/pb.edu.pl\/iros\/wp-content\/uploads\/sites\/24\/2019\/01\/Za\u0142\u0105cznik-nr-5-do-Umowy-z-UP-Oswiadczenie-dotyczace-utworow.docx\">Za\u0142\u0105cznik nr 5 do Umowy z UP &#8211; Oswiadczenie dotyczace utworow (46 KB)<\/a><\/p>\n<p><a class=\"docx\" href=\"https:\/\/pb.edu.pl\/iros\/wp-content\/uploads\/sites\/24\/2019\/01\/Za\u0142\u0105cznik-nr-6-do-Umowy-z-UP-Umowa-przeniesienia-majatkowych-praw-autorskich.docx\">Za\u0142\u0105cznik nr 6 do Umowy z UP &#8211; Umowa przeniesienia majatkowych praw autorskich (41 KB)<\/a><\/p>\n<p><a class=\"pdf\" href=\"https:\/\/pb.edu.pl\/iros\/wp-content\/uploads\/sites\/24\/2019\/01\/za\u0142\u0105cznik-G-zasady-naboru-PROM-WA.pdf\" target=\"_blank\" rel=\"noopener\">za\u0142\u0105cznik G &#8211; zasady naboru PROM WA (277 KB)<\/a><\/p>\n<p><a class=\"pdf\" href=\"https:\/\/pb.edu.pl\/iros\/wp-content\/uploads\/sites\/24\/2019\/01\/za\u0142\u0105cznik-H-zasady-naboru-PROM-WE.pdf\" target=\"_blank\" rel=\"noopener\">za\u0142\u0105cznik H &#8211; zasady naboru PROM WE (77 KB)<\/a><\/p>\n<p><a class=\"pdf\" href=\"https:\/\/pb.edu.pl\/iros\/wp-content\/uploads\/sites\/24\/2019\/01\/za\u0142\u0105cznik-I-zasady-naboru-PROM-WIZ.docx.pdf\" target=\"_blank\" rel=\"noopener\">za\u0142\u0105cznik I &#8211; zasady naboru PROM WIZ.docx (222 KB)<\/a><\/p>\n<p><a class=\"pdf\" href=\"https:\/\/pb.edu.pl\/iros\/wp-content\/uploads\/sites\/24\/2019\/01\/za\u0142\u0105cznik-J-Zasady-naboru-PROM-WI.pdf\" target=\"_blank\" rel=\"noopener\">za\u0142\u0105cznik J &#8211; Zasady naboru PROM WI (1 MB)<\/a><\/p>\n<p><a class=\"pdf\" href=\"https:\/\/pb.edu.pl\/iros\/wp-content\/uploads\/sites\/24\/2019\/01\/za\u0142\u0105cznik-K-Zasady-naboru-PROM-WM.pdf\" target=\"_blank\" rel=\"noopener\">za\u0142\u0105cznik K &#8211; Zasady naboru PROM WM (1 MB)<\/a><\/p>\n<p><a class=\"docx\" href=\"https:\/\/pb.edu.pl\/iros\/wp-content\/uploads\/sites\/24\/2019\/01\/za\u0142\u0105cznik-L-Obowi\u0105zek-informacyjny_uczestnik.docx\">za\u0142\u0105cznik L &#8211; Obowi\u0105zek informacyjny_uczestnik (60 KB)<\/a><\/p>\n<p><a class=\"docx\" href=\"https:\/\/pb.edu.pl\/iros\/wp-content\/uploads\/sites\/24\/2019\/02\/za\u0142\u0105cznik-M-o\u015bwiadczenie-uczestnika_RODO_NAWA_PROM.docx\">za\u0142\u0105cznik M &#8211; o\u015bwiadczenie uczestnika_RODO_NAWA_PROM (115 KB)<\/a>\n<\/div>\n<div class=\"col-sm-6\">\n<h2 class=\"text-center\">Documents in English<\/h2>\n<p><a class=\"pdf\" href=\"https:\/\/pb.edu.pl\/iros\/wp-content\/uploads\/sites\/24\/2019\/04\/PROJECT-REGULATIONS-BUT-PROM-19.04.2019.pdf\" target=\"_blank\" rel=\"noopener\">PROJECT REGULATIONS BUT PROM 19.04.2019 (634 KB)<\/a><\/p>\n<p><a class=\"docx\" href=\"https:\/\/pb.edu.pl\/iros\/wp-content\/uploads\/sites\/24\/2019\/02\/Annex-A-Cost-of-subsistence.docx\">Annex A &#8211; Cost of subsistence (46 KB)<\/a><\/p>\n<p><a class=\"docx\" href=\"https:\/\/pb.edu.pl\/iros\/wp-content\/uploads\/sites\/24\/2019\/03\/Annex-C-Project-Participant-Form_Formularz_zgloszeniowy_POWER_PROM_dwujezyczny.docx\">Annex C Project Participant Form_Formularz_zgloszeniowy_POWER_PROM_dwujezyczny (67 KB)<\/a><\/p>\n<p><a class=\"docx\" href=\"https:\/\/pb.edu.pl\/iros\/wp-content\/uploads\/sites\/24\/2019\/02\/Annex-C1-Project-Participant-Form.docx\">Annex C1 &#8211; Project Participant Form (45 KB)<\/a><\/p>\n<p><a class=\"docx\" href=\"https:\/\/pb.edu.pl\/iros\/wp-content\/uploads\/sites\/24\/2019\/05\/Annex-F-Agreement-with-the-Project-Participant.docx\">Annex F &#8211; Agreement with the Project Participant (69 KB)<\/a><\/p>\n<p><a class=\"xlsx\" href=\"https:\/\/pb.edu.pl\/iros\/wp-content\/uploads\/sites\/24\/2019\/02\/Annex-No-1-to-Agreement-with-the-Project-Participant-Trip-settlement-form-1.xlsx\">Annex No 1 to Agreement with the Project Participant &#8211; Trip settlement form (37 KB)<\/a><\/p>\n<p><a class=\"docx\" href=\"https:\/\/pb.edu.pl\/iros\/wp-content\/uploads\/sites\/24\/2019\/02\/Annex-No-2-to-Agreement-with-the-Project-Participant-Evaluation-survey.docx\">Annex No 2 to Agreement with the Project Participant &#8211; Evaluation survey (75 KB)<\/a><\/p>\n<p><a class=\"docx\" href=\"https:\/\/pb.edu.pl\/iros\/wp-content\/uploads\/sites\/24\/2019\/07\/Annex-No-3-to-Agreement-with-the-Project-Participant-Certificate.docx\">Annex No 3 to Agreement with the Project Participant &#8211; Certificate (60 KB)<\/a><\/p>\n<p><a class=\"docx\" href=\"https:\/\/pb.edu.pl\/iros\/wp-content\/uploads\/sites\/24\/2019\/05\/Annex-No-4-to-Agreement-with-the-Project-Participant-Declaration_Wzor-oswiadczenia-uczestnika-RODO-PROM_dwujezyczny.docx\">Annex No 4 to Agreement with the Project Participant &#8211; Declaration_Wzor-oswiadczenia-uczestnika-RODO-PROM_dwujezyczny (67 KB)<\/a><\/p>\n<p><a class=\"docx\" href=\"https:\/\/pb.edu.pl\/iros\/wp-content\/uploads\/sites\/24\/2019\/02\/Annex-No-5-to-Agreement-with-the-Project-Participant-Statement-on-project-works.docx\">Annex No 5 to Agreement with the Project Participant &#8211; Statement on project works (34 KB)<\/a><\/p>\n<p><a class=\"docx\" href=\"https:\/\/pb.edu.pl\/iros\/wp-content\/uploads\/sites\/24\/2019\/02\/Annex-No-6-to-Agreement-with-the-Project-Participant-Agreement-on-transfer-of-author\u2019s-economic-rights.docx\">Annex No 6 to Agreement with the Project Participant &#8211; Agreement on transfer of author\u2019s economic rights (43 KB)<\/a><\/p>\n<p><a class=\"docx\" href=\"https:\/\/pb.edu.pl\/iros\/wp-content\/uploads\/sites\/24\/2019\/03\/Annex-M-Declaration_Wzor_oswiadczenia-uczestnika_RODO_NAWA_PROM_dwujezyczny.docx\">Annex M &#8211; Declaration_Wzor_oswiadczenia-uczestnika_RODO_NAWA_PROM_dwujezyczny (118 KB)<\/a><\/p>\n<\/div>\n<\/div>\n<p><img loading=\"lazy\" decoding=\"async\" class=\"aligncenter wp-image-363\" src=\"https:\/\/pb.edu.pl\/iros\/wp-content\/uploads\/sites\/24\/2018\/11\/logo-projektu.jpg\" alt=\"\" width=\"858\" height=\"114\" srcset=\"https:\/\/pb.edu.pl\/iros\/wp-content\/uploads\/sites\/24\/2018\/11\/logo-projektu.jpg 1024w, https:\/\/pb.edu.pl\/iros\/wp-content\/uploads\/sites\/24\/2018\/11\/logo-projektu-300x40.jpg 300w, https:\/\/pb.edu.pl\/iros\/wp-content\/uploads\/sites\/24\/2018\/11\/logo-projektu-768x102.jpg 768w\" sizes=\"auto, (max-width: 858px) 100vw, 858px\" \/><\/p>\n<p>&nbsp;<\/p>\n","protected":false},"excerpt":{"rendered":"<p>Dokumenty w j\u0119zyku polskim Regulamin PB z dn.19.04.2019 AKTUALNY (1 MB) Regulamin PB z dn.12.02.2019<\/p>\n","protected":false},"author":2,"featured_media":0,"parent":1233,"menu_order":5,"comment_status":"closed","ping_status":"closed","template":"","meta":{"_acf_changed":false,"ngg_post_thumbnail":0,"footnotes":""},"class_list":["post-346","page","type-page","status-publish","hentry"],"acf":[],"_links":{"self":[{"href":"https:\/\/pb.edu.pl\/iros\/wp-json\/wp\/v2\/pages\/346","targetHints":{"allow":["GET"]}}],"collection":[{"href":"https:\/\/pb.edu.pl\/iros\/wp-json\/wp\/v2\/pages"}],"about":[{"href":"https:\/\/pb.edu.pl\/iros\/wp-json\/wp\/v2\/types\/page"}],"author":[{"embeddable":true,"href":"https:\/\/pb.edu.pl\/iros\/wp-json\/wp\/v2\/users\/2"}],"replies":[{"embeddable":true,"href":"https:\/\/pb.edu.pl\/iros\/wp-json\/wp\/v2\/comments?post=346"}],"version-history":[{"count":0,"href":"https:\/\/pb.edu.pl\/iros\/wp-json\/wp\/v2\/pages\/346\/revisions"}],"up":[{"embeddable":true,"href":"https:\/\/pb.edu.pl\/iros\/wp-json\/wp\/v2\/pages\/1233"}],"wp:attachment":[{"href":"https:\/\/pb.edu.pl\/iros\/wp-json\/wp\/v2\/media?parent=346"}],"curies":[{"name":"wp","href":"https:\/\/api.w.org\/{rel}","templated":true}]}}