{"id":30254,"date":"2026-04-14T15:12:49","date_gmt":"2026-04-14T13:12:49","guid":{"rendered":"https:\/\/pb.edu.pl\/iros\/?page_id=30254"},"modified":"2026-04-29T12:08:12","modified_gmt":"2026-04-29T10:08:12","slug":"about-the-project","status":"publish","type":"page","link":"https:\/\/pb.edu.pl\/iros\/projekty-nawa\/csi-but\/about-the-project\/","title":{"rendered":"About the project"},"content":{"rendered":"<div class=\"col-xs-12\">\n<div class=\"row content\">\n<div class=\"col-xs-12\">\n<p><em>Polish translation below<\/em><\/p>\n<p>&nbsp;<\/p>\n<p>The Welcome to Poland programme is funded by the European Union through the European Social Fund 2021\u20132027 (ESF) as part of the project entitled: \u201cSupport for higher education and research institutions in assisting foreign nationals and Polish citizens going abroad\u201d, No. FERS.01.05.IP.08-0003\/24.<\/p>\n<p><strong>Project title:<\/strong> CSI BUT &#8211; Culture, skills and integration at BUT<\/p>\n<p><strong>Project budget:<\/strong> PLN 549 420,00<\/p>\n<p><strong>Project duration:<\/strong> May 1, 2026 \u2013 April 30, 2028<\/p>\n<p><strong>Main goal of the project:<\/strong><\/p>\n<p>The main objective of the project is to develop the capacity of the Bia\u0142ystok University of Technology to welcome and support students, researchers and staff from abroad, and to consistently enhance its competitiveness on the international market. This objective will be achieved through the implementation of planned activities, as a result of which participants will enhance their skills related to the internationalisation of the academic environment, the efficiency of the Welcome Centre will increase, and students and visitors from abroad will strengthen their sense of integration into their new surroundings. These activities include training and development support for BUT staff, as well as cultural and sporting activities, bringing together the cultural diversity of international students at BUT with the local community. In addition, the existing Welcome Centre will expand the scope of its activities to include expertise in the legalisation of foreign nationals\u2019 residence and translation support for the University, thereby ensuring professional and even more comprehensive service for those participating in international exchange programmes. There are also plans to purchase electronic equipment for the operations of the Welcome Centre.<\/p><\/div>\n<div class=\"col-xs-12\">\n<strong>Project manager:<\/strong> Marta Orpik, <a href=\"mailto:m.orpik@pb.edu.pl\">m.orpik@pb.edu.pl<\/a> tel. 85 746 70 10<\/p>\n<hr>\n<p>Program Welcome to Poland finansowany jest ze \u015brodk\u00f3w Unii Europejskiej z Funduszu Europejskiego dla Rozwoju Spo\u0142ecznego 2021 \u2013 2027 (FERS) w ramach projektu pt.: \u201eWsparcie instytucji szkolnictwa wy\u017cszego i nauki w obs\u0142udze os\u00f3b cudzoziemskich oraz Polek i Polak\u00f3w wyje\u017cd\u017caj\u0105cych za granic\u0119\u201d, nr FERS.01.05.IP.08-0003\/24.<\/p>\n<p><strong>Tytu\u0142 projektu:<\/strong> CSI BUT &#8211; Culture, skills and integration at BUT<\/p>\n<p><strong>Warto\u015b\u0107 dofinansowania projektu: <\/strong>549 420,00 PLN<\/p>\n<p><strong>Termin realizacji projektu:&nbsp;<\/strong>1 maja 2026 roku \u2013 30 kwietnia 2028 roku<\/p>\n<p><strong>Cel g\u0142\u00f3wny projektu:<\/strong><\/p>\n<p>G\u0142\u00f3wnym celem projektu jest rozw\u00f3j potencja\u0142u Politechniki Bia\u0142ostockiej w przyjmowaniu i obs\u0142udze student\u00f3w, naukowc\u00f3w i kadry z zagranicy oraz konsekwentne podnoszenie konkurencyjno\u015bci uczelni na rynku mi\u0119dzynarodowym. Cel ten b\u0119dzie osi\u0105gni\u0119ty dzi\u0119ki realizacji zaplanowanych dzia\u0142a\u0144, w rezultacie kt\u00f3rych uczestnicy podnios\u0105 swoje kompetencje zwi\u0105zane z umi\u0119dzynarodowieniem \u015brodowiska akademickiego, wzro\u015bnie efektywno\u015b\u0107 pracy Welcome Center, a studenci i go\u015bcie zagraniczni wzmocni\u0105 poczucie integracji z nowym otoczeniem. Dzia\u0142ania te obejmuj\u0105 wsparcie szkoleniowo-rozwojowe dla kadry PB oraz aktywno\u015bci kulturowo-sportowe, \u0142\u0105cz\u0105ce r\u00f3\u017cnorodno\u015b\u0107 kulturow\u0105 obcokrajowc\u00f3w przebywaj\u0105cych na PB ze \u015brodowiskiem lokalnym. Dodatkowo, istniej\u0105cy Welcome Center rozszerzy zakres swojej dzia\u0142alno\u015bci o kompetencje w zakresie legalizacji pobytu obcokrajowc\u00f3w i wsparcie translatorskie dla Uczelni, dzi\u0119ki czemu b\u0119dzie gwarantowa\u0142 profesjonaln\u0105 i jeszcze bardziej kompleksow\u0105 obs\u0142ug\u0119 os\u00f3b uczestnicz\u0105cych w wymianie mi\u0119dzynarodowej. Planowany jest r\u00f3wnie\u017c zakup sprz\u0119tu elektronicznego na potrzeby<br \/>\ndzia\u0142alno\u015bci Welcome Center.<\/p>\n<p><strong>Kierownik projektu:<\/strong> Marta Orpik, <a href=\"mailto:m.orpik@pb.edu.pl\">m.orpik@pb.edu.pl<\/a> tel. 85 746 70 10<\/p>\n<\/div>\n<\/div>\n<\/div>\n","protected":false},"excerpt":{"rendered":"<p>Polish translation below &nbsp; The Welcome to Poland programme is funded by the European Union<\/p>\n","protected":false},"author":2,"featured_media":0,"parent":30245,"menu_order":2,"comment_status":"closed","ping_status":"closed","template":"","meta":{"_acf_changed":false,"ngg_post_thumbnail":0,"footnotes":""},"class_list":["post-30254","page","type-page","status-publish","hentry"],"acf":[],"_links":{"self":[{"href":"https:\/\/pb.edu.pl\/iros\/wp-json\/wp\/v2\/pages\/30254","targetHints":{"allow":["GET"]}}],"collection":[{"href":"https:\/\/pb.edu.pl\/iros\/wp-json\/wp\/v2\/pages"}],"about":[{"href":"https:\/\/pb.edu.pl\/iros\/wp-json\/wp\/v2\/types\/page"}],"author":[{"embeddable":true,"href":"https:\/\/pb.edu.pl\/iros\/wp-json\/wp\/v2\/users\/2"}],"replies":[{"embeddable":true,"href":"https:\/\/pb.edu.pl\/iros\/wp-json\/wp\/v2\/comments?post=30254"}],"version-history":[{"count":4,"href":"https:\/\/pb.edu.pl\/iros\/wp-json\/wp\/v2\/pages\/30254\/revisions"}],"predecessor-version":[{"id":30485,"href":"https:\/\/pb.edu.pl\/iros\/wp-json\/wp\/v2\/pages\/30254\/revisions\/30485"}],"up":[{"embeddable":true,"href":"https:\/\/pb.edu.pl\/iros\/wp-json\/wp\/v2\/pages\/30245"}],"wp:attachment":[{"href":"https:\/\/pb.edu.pl\/iros\/wp-json\/wp\/v2\/media?parent=30254"}],"curies":[{"name":"wp","href":"https:\/\/api.w.org\/{rel}","templated":true}]}}