{"id":27885,"date":"2025-11-14T09:32:49","date_gmt":"2025-11-14T08:32:49","guid":{"rendered":"https:\/\/pb.edu.pl\/iros\/?page_id=27885"},"modified":"2025-12-09T15:30:03","modified_gmt":"2025-12-09T14:30:03","slug":"dokumenty-projektu","status":"publish","type":"page","link":"https:\/\/pb.edu.pl\/iros\/projekty-nawa\/wsparcie-uniwersytetow-europejskich\/wue2025\/dokumenty-projektu\/","title":{"rendered":"Dokumenty projektu"},"content":{"rendered":"<div class=\"row\">\n<div class=\"col-sm-6\">\n<p><strong>PL<\/strong><\/p>\n<p><strong>Regulamin udzia\u0142u w projekcie<\/strong><\/p>\n<p><a class=\"pdf\" href=\"https:\/\/pb.edu.pl\/iros\/wp-content\/uploads\/sites\/24\/2025\/12\/Regulamin-projektu-WUE-2025.pdf\" target=\"_blank\" rel=\"noopener\" data-id=\"28299\">Regulamin projektu WUE 2025 (PDF, 265 KB, otworzy si\u0119 w nowej karcie)<\/a><\/p>\n<p><a class=\"pdf\" href=\"https:\/\/pb.edu.pl\/iros\/wp-content\/uploads\/sites\/24\/2025\/12\/Zal.-nr-1.-Stawki-ryczaltowe-WUE.pdf\" target=\"_blank\" rel=\"noopener\" data-id=\"28301\">Za\u0142. nr 1. Stawki rycza\u0142towe WUE (PDF, 291 KB, otworzy si\u0119 w nowej karcie)<\/a><\/p>\n<p><a class=\"pdf\" href=\"https:\/\/pb.edu.pl\/iros\/wp-content\/uploads\/sites\/24\/2025\/12\/Zal.-nr-2.-Umowa-Beneficjenta-z-Uczestnikiem-Projektu.pdf\" target=\"_blank\" rel=\"noopener\" data-id=\"28303\">Za\u0142. nr 2. Umowa Beneficjenta z Uczestnikiem Projektu (PDF, 240 KB, otworzy si\u0119 w nowej karcie)<\/a><\/p>\n<p><a class=\"pdf\" href=\"https:\/\/pb.edu.pl\/iros\/wp-content\/uploads\/sites\/24\/2025\/12\/Zal.-nr-3.-Formularz-zgloszeniowy-kandydata-do-projektu-WUE.pdf\" target=\"_blank\" rel=\"noopener\" data-id=\"28305\">Za\u0142. nr 3. Formularz zg\u0142oszeniowy kandydata do projektu WUE (PDF, 233 KB, otworzy si\u0119 w nowej karcie)<\/a><\/p>\n<p><a class=\"docx\" title=\"pobierz plik\" href=\"https:\/\/pb.edu.pl\/iros\/wp-content\/uploads\/sites\/24\/2025\/12\/Zal.-nr-4.-Polecenie-wyjazdu-WUE.docx\" data-id=\"28307\">Za\u0142. nr 4. Polecenie wyjazdu WUE (DOCX, 70 KB)<\/a><\/p>\n<p><a class=\"doc\" title=\"pobierz plik\" href=\"https:\/\/pb.edu.pl\/iros\/wp-content\/uploads\/sites\/24\/2025\/12\/Zal.-nr-5.-Wniosek-o-sfinansowanie-kosztow-podrozy-student-doktorant-WUE.doc\" data-id=\"28309\">Za\u0142. nr 5. Wniosek o sfinansowanie koszt\u00f3w podr\u00f3\u017cy student doktorant WUE (DOC, 186 KB)<\/a><\/p>\n<p><a class=\"pdf\" href=\"https:\/\/pb.edu.pl\/iros\/wp-content\/uploads\/sites\/24\/2025\/12\/Zal.-nr-6.-Zezwolenie-na-utrwalanie-i-rozpowszechnianie-wizerunku-pelnoletni-do-projektu-WUE.pdf\" target=\"_blank\" rel=\"noopener\" data-id=\"28297\">Za\u0142. nr 6. Zezwolenie na utrwalanie i rozpowszechnianie wizerunku pe\u0142noletni do projektu WUE (PDF, 146 KB, otworzy si\u0119 w nowej karcie)<\/a><\/p>\n<p><a class=\"pdf\" href=\"https:\/\/pb.edu.pl\/iros\/wp-content\/uploads\/sites\/24\/2025\/12\/Informacja-Administratora-na-potrzeby-rekrutacji-uczestnikow-projektu.pdf\" target=\"_blank\" rel=\"noopener\" data-id=\"28419\">Informacja Administratora na potrzeby rekrutacji uczestnik\u00f3w projektu (PDF, 139 KB, otworzy si\u0119 w nowej karcie)<\/a><\/p>\n<p>&nbsp;<\/p>\n<p>&nbsp;<\/p>\n<p><strong>Instrukcja u\u017cytkownika projektu NAWA<br \/>\n<\/strong><\/p>\n<p><a class=\"pdf\" href=\"https:\/\/pb.edu.pl\/iros\/wp-content\/uploads\/sites\/24\/2025\/12\/Instrukcja-do-formularza-Uczestnika-Projektu-1.pdf\" target=\"_blank\" rel=\"noopener\" data-id=\"28311\">Instrukcja do formularza Uczestnika Projektu (PDF, 5 MB, otworzy si\u0119 w nowej karcie)<\/a><\/p>\n<\/div>\n<p><strong>EN<\/strong><\/p>\n<p><strong>Project Participation Regulations<\/strong><\/p>\n<p><a class=\"pdf\" href=\"https:\/\/pb.edu.pl\/iros\/wp-content\/uploads\/sites\/24\/2025\/12\/Regulations-WUE-2025-ENG.pdf\" target=\"_blank\" rel=\"noopener\" data-id=\"28317\">Regulations WUE 2025 ENG (PDF, 267 KB, otworzy si\u0119 w nowej karcie)<\/a><\/p>\n<p><a class=\"pdf\" href=\"https:\/\/pb.edu.pl\/iros\/wp-content\/uploads\/sites\/24\/2025\/12\/Annex-1-Flat-rates-ENG.pdf\" target=\"_blank\" rel=\"noopener\" data-id=\"28319\">Annex 1 Flat rates ENG (PDF, 196 KB, otworzy si\u0119 w nowej karcie)<\/a><\/p>\n<p><a class=\"pdf\" href=\"https:\/\/pb.edu.pl\/iros\/wp-content\/uploads\/sites\/24\/2025\/12\/Annex-2-Beneficiarys-Agreement-ENG.pdf\" target=\"_blank\" rel=\"noopener\" data-id=\"28321\">Annex 2 Beneficiary&#8217;s Agreement ENG (PDF, 243 KB, otworzy si\u0119 w nowej karcie)<\/a><\/p>\n<p><a class=\"pdf\" href=\"https:\/\/pb.edu.pl\/iros\/wp-content\/uploads\/sites\/24\/2025\/12\/Annex-3-Application-form-ENG.pdf\" target=\"_blank\" rel=\"noopener\" data-id=\"28323\">Annex 3 Application form ENG (PDF, 230 KB, otworzy si\u0119 w nowej karcie)<\/a><\/p>\n<p><a class=\"pdf\" href=\"https:\/\/pb.edu.pl\/iros\/wp-content\/uploads\/sites\/24\/2025\/12\/Annex-6-Consent-for-image-ENG.pdf\" target=\"_blank\" rel=\"noopener\" data-id=\"28325\">Annex 6 Consent for image ENG (PDF, 151 KB, otworzy si\u0119 w nowej karcie)<\/a><\/p>\n<p><a class=\"pdf\" href=\"https:\/\/pb.edu.pl\/iros\/wp-content\/uploads\/sites\/24\/2025\/12\/Information-from-the-Data-Controller-for-the-purposes-of-recruitment-.pdf\" target=\"_blank\" rel=\"noopener\" data-id=\"28421\">Information from the Data Controller for the purposes of recruitment (PDF, 140 KB, otworzy si\u0119 w nowej karcie)<\/a><br \/>\n&nbsp;<br \/>\n&nbsp;<br \/>\n&nbsp;<\/p>\n<p>&nbsp;<\/p>\n<p>&nbsp;<\/p>\n<p>&nbsp;<\/p>\n<p><strong>NAWA Project User Manual<\/strong><\/p>\n<p><a class=\"pdf\" href=\"https:\/\/pb.edu.pl\/iros\/wp-content\/uploads\/sites\/24\/2025\/12\/Instruction-for-Project-Participant-1.pdf\" target=\"_blank\" rel=\"noopener\" data-id=\"28315\">Instruction for Project Participant (PDF, 4 MB, otworzy si\u0119 w nowej karcie)<\/a><\/p>\n<\/div>\n<p><strong>Wytyczne rekrutacyjne<\/strong><\/p>\n<p><a class=\"pdf\" href=\"https:\/\/pb.edu.pl\/iros\/wp-content\/uploads\/sites\/24\/2025\/12\/wytyczne-rekrutacyjne-1.pdf\" target=\"_blank\" rel=\"noopener\" data-id=\"28313\">Wytyczne rekrutacyjne (PDF, 225 KB, otworzy si\u0119 w nowej karcie)<\/a><\/p>\n<p>&nbsp;<\/p>\n","protected":false},"excerpt":{"rendered":"<p>PL Regulamin udzia\u0142u w projekcie Regulamin projektu WUE 2025 (PDF, 265 KB, otworzy si\u0119 w<\/p>\n","protected":false},"author":2,"featured_media":0,"parent":27853,"menu_order":5,"comment_status":"closed","ping_status":"closed","template":"","meta":{"_acf_changed":false,"ngg_post_thumbnail":0,"footnotes":""},"class_list":["post-27885","page","type-page","status-publish","hentry"],"acf":[],"_links":{"self":[{"href":"https:\/\/pb.edu.pl\/iros\/wp-json\/wp\/v2\/pages\/27885","targetHints":{"allow":["GET"]}}],"collection":[{"href":"https:\/\/pb.edu.pl\/iros\/wp-json\/wp\/v2\/pages"}],"about":[{"href":"https:\/\/pb.edu.pl\/iros\/wp-json\/wp\/v2\/types\/page"}],"author":[{"embeddable":true,"href":"https:\/\/pb.edu.pl\/iros\/wp-json\/wp\/v2\/users\/2"}],"replies":[{"embeddable":true,"href":"https:\/\/pb.edu.pl\/iros\/wp-json\/wp\/v2\/comments?post=27885"}],"version-history":[{"count":0,"href":"https:\/\/pb.edu.pl\/iros\/wp-json\/wp\/v2\/pages\/27885\/revisions"}],"up":[{"embeddable":true,"href":"https:\/\/pb.edu.pl\/iros\/wp-json\/wp\/v2\/pages\/27853"}],"wp:attachment":[{"href":"https:\/\/pb.edu.pl\/iros\/wp-json\/wp\/v2\/media?parent=27885"}],"curies":[{"name":"wp","href":"https:\/\/api.w.org\/{rel}","templated":true}]}}