{"id":26860,"date":"2025-09-09T21:21:40","date_gmt":"2025-09-09T19:21:40","guid":{"rendered":"https:\/\/pb.edu.pl\/iros\/?page_id=26860"},"modified":"2026-02-20T15:19:57","modified_gmt":"2026-02-20T14:19:57","slug":"o-projekcie","status":"publish","type":"page","link":"https:\/\/pb.edu.pl\/iros\/projekty-nawa\/spinaker\/budownictwo-energooszczedne-przyjazne-uzytkownikom-i-srodowisku-2\/o-projekcie\/","title":{"rendered":"O projekcie"},"content":{"rendered":"<p><strong>Projekt \u201eMi\u0119dzynarodowa Interdyscyplinarna Szko\u0142a Letnia \u2013 Budownictwo energooszcz\u0119dne, przyjazne u\u017cytkownikom i \u015brodowisku_2\u201d<\/strong><\/p>\n<p><strong>Czas realizacji:<\/strong>&nbsp;01.10.2025 &#8211; 31.07.2026 (10 miesi\u0119cy)<\/p>\n<p><b>Numer projektu:<\/b> BPI\/SPI\/2024\/1\/00018<\/p>\n<p><strong>Realizator:<\/strong>&nbsp;Politechnika Bia\u0142ostocka, Wydzia\u0142 Budownictwa i Nauk o \u015arodowisku<\/p>\n<p><strong>Ca\u0142kowity bud\u017cet projektu:<\/strong>&nbsp;337 419,71 PLN<\/p>\n<p>Projekt ma na celu podniesienie jako\u015bci kszta\u0142cenia oraz rozw\u00f3j umi\u0119dzynarodowienia Politechniki Bia\u0142ostockiej poprzez realizacj\u0119 Intensywnego Mi\u0119dzynarodowego Programu Kszta\u0142cenia (IMPK) w obszarze budownictwa energooszcz\u0119dnego.<\/p>\n<p><strong>Grupa docelowa<\/strong><\/p>\n<p>W ramach Projektu przewiduje si\u0119 udzia\u0142 grupy odbiorc\u00f3w bezpo\u015brednich (22 student\u00f3w zagranicznych i 2 student\u00f3w PB), a tak\u017ce grupy odbiorc\u00f3w po\u015brednich: kadry PB i kadry zagranicznej, bior\u0105cej udzia\u0142 w tworzeniu i realizacji IMPK.<\/p>\n<p>IMPK dedykowany jest studentom studi\u00f3w I i II stopnia kierunku in\u017cynierii \u015brodowiska, budownictwa, architektury, energetyki lub pokrewnych. Kurs jest skierowany do student\u00f3w z ca\u0142ego \u015bwiata (w tym polskich), zainteresowanych tematyk\u0105 projektowania obiekt\u00f3w niskoenergetycznych i przyjaznych \u015brodowisku naturalnemu.<\/p>\n<p>Zaj\u0119cia prowadzone b\u0119d\u0105 w pi\u0119ciu blokach tematycznych:<\/p>\n<ol style=\"list-style-type: upper-roman\">\n<li>Architektura wsp\u00f3\u0142czesna;<\/li>\n<li>Nowoczesne materia\u0142y w budownictwie;<\/li>\n<li>Energooszcz\u0119dne systemy grzewczo-wentylacyjne, a komfort cieplny u\u017cytkownika;<\/li>\n<li>Zastosowanie ekologicznych \u017ar\u00f3de\u0142 energii cieplnej i elektrycznej;<\/li>\n<li>Energooszcz\u0119dne o\u015bwietlenie budynku.<\/li>\n<\/ol>\n<p>Projekt poka\u017ce jak du\u017ce znaczenie ma odpowiednia wsp\u00f3\u0142praca mi\u0119dzybran\u017cowa w drodze do stworzenia ekologicznego domu, kt\u00f3rego u\u017cytkownik b\u0119dzie m\u00f3g\u0142 cieszy\u0107 si\u0119 komfortem cieplnym i oszcz\u0119dno\u015bciami. Dzi\u0119ki realizacji zaplanowanych w Projekcie dzia\u0142a\u0144 jego uczestnicy nab\u0119d\u0105 szerok\u0105 wiedz\u0119 w tematyce prezentowanych modu\u0142\u00f3w, b\u0119d\u0105 mieli szans\u0119 na prac\u0119 w mi\u0119dzynarodowych zespo\u0142ach oraz udoskonal\u0105 kompetencje j\u0119zykowe.<\/p>\n<p>&nbsp;<\/p>\n<p>Projekt realizowany jest w ramach programu pn. <strong>SPINAKER \u2013 Intensywne mi\u0119dzynarodowe programy kszta\u0142cenia \u2013 nab\u00f3r 2024<\/strong>. \u0179r\u00f3d\u0142o finansowania naboru do Programu: \u015brodki europejskie z Funduszu Europejskiego dla Rozwoju Spo\u0142ecznego 2021-2027 (FERS), Projekt NAWA pt. \u201eWsparcie tworzenia i realizacji mi\u0119dzynarodowych program\u00f3w kszta\u0142cenia\u201d, nr projektu FERS.01.05-IP.08-0436\/23.<\/p>\n","protected":false},"excerpt":{"rendered":"<p>Projekt \u201eMi\u0119dzynarodowa Interdyscyplinarna Szko\u0142a Letnia \u2013 Budownictwo energooszcz\u0119dne, przyjazne u\u017cytkownikom i \u015brodowisku_2\u201d Czas realizacji:&nbsp;01.10.2025 &#8211;<\/p>\n","protected":false},"author":2,"featured_media":0,"parent":26819,"menu_order":2,"comment_status":"closed","ping_status":"closed","template":"","meta":{"_acf_changed":false,"ngg_post_thumbnail":0,"footnotes":""},"class_list":["post-26860","page","type-page","status-publish","hentry"],"acf":[],"_links":{"self":[{"href":"https:\/\/pb.edu.pl\/iros\/wp-json\/wp\/v2\/pages\/26860","targetHints":{"allow":["GET"]}}],"collection":[{"href":"https:\/\/pb.edu.pl\/iros\/wp-json\/wp\/v2\/pages"}],"about":[{"href":"https:\/\/pb.edu.pl\/iros\/wp-json\/wp\/v2\/types\/page"}],"author":[{"embeddable":true,"href":"https:\/\/pb.edu.pl\/iros\/wp-json\/wp\/v2\/users\/2"}],"replies":[{"embeddable":true,"href":"https:\/\/pb.edu.pl\/iros\/wp-json\/wp\/v2\/comments?post=26860"}],"version-history":[{"count":1,"href":"https:\/\/pb.edu.pl\/iros\/wp-json\/wp\/v2\/pages\/26860\/revisions"}],"predecessor-version":[{"id":29452,"href":"https:\/\/pb.edu.pl\/iros\/wp-json\/wp\/v2\/pages\/26860\/revisions\/29452"}],"up":[{"embeddable":true,"href":"https:\/\/pb.edu.pl\/iros\/wp-json\/wp\/v2\/pages\/26819"}],"wp:attachment":[{"href":"https:\/\/pb.edu.pl\/iros\/wp-json\/wp\/v2\/media?parent=26860"}],"curies":[{"name":"wp","href":"https:\/\/api.w.org\/{rel}","templated":true}]}}