{"id":24149,"date":"2025-04-16T21:50:43","date_gmt":"2025-04-16T19:50:43","guid":{"rendered":"https:\/\/pb.edu.pl\/iros\/?page_id=24149"},"modified":"2025-11-26T14:58:44","modified_gmt":"2025-11-26T13:58:44","slug":"eks","status":"publish","type":"page","link":"https:\/\/pb.edu.pl\/iros\/eks\/","title":{"rendered":"Europejski Korpus Solidarno\u015bci"},"content":{"rendered":"<p><img loading=\"lazy\" decoding=\"async\" class=\"alignnone size-medium wp-image-24515\" src=\"https:\/\/pb.edu.pl\/iros\/wp-content\/uploads\/sites\/24\/2025\/05\/eks-300x110.png\" alt=\"logo Europejski Korpus Solidarno\u015bci razem mo\u017cemy wi\u0119cej\" width=\"300\" height=\"110\" srcset=\"https:\/\/pb.edu.pl\/iros\/wp-content\/uploads\/sites\/24\/2025\/05\/eks-300x110.png 300w, https:\/\/pb.edu.pl\/iros\/wp-content\/uploads\/sites\/24\/2025\/05\/eks-1024x374.png 1024w, https:\/\/pb.edu.pl\/iros\/wp-content\/uploads\/sites\/24\/2025\/05\/eks-768x281.png 768w, https:\/\/pb.edu.pl\/iros\/wp-content\/uploads\/sites\/24\/2025\/05\/eks-1536x561.png 1536w, https:\/\/pb.edu.pl\/iros\/wp-content\/uploads\/sites\/24\/2025\/05\/eks.png 1893w\" sizes=\"auto, (max-width: 300px) 100vw, 300px\" \/><img loading=\"lazy\" decoding=\"async\" class=\"size-medium wp-image-24517 alignright\" src=\"https:\/\/pb.edu.pl\/iros\/wp-content\/uploads\/sites\/24\/2025\/05\/PL_FundedbytheEU_RGB_POS-300x68.png\" alt=\"logo finansowane przez Uni\u0119 Europejsk\u0105\" width=\"300\" height=\"68\" srcset=\"https:\/\/pb.edu.pl\/iros\/wp-content\/uploads\/sites\/24\/2025\/05\/PL_FundedbytheEU_RGB_POS-300x68.png 300w, https:\/\/pb.edu.pl\/iros\/wp-content\/uploads\/sites\/24\/2025\/05\/PL_FundedbytheEU_RGB_POS-1024x232.png 1024w, https:\/\/pb.edu.pl\/iros\/wp-content\/uploads\/sites\/24\/2025\/05\/PL_FundedbytheEU_RGB_POS-768x174.png 768w, https:\/\/pb.edu.pl\/iros\/wp-content\/uploads\/sites\/24\/2025\/05\/PL_FundedbytheEU_RGB_POS-1536x349.png 1536w, https:\/\/pb.edu.pl\/iros\/wp-content\/uploads\/sites\/24\/2025\/05\/PL_FundedbytheEU_RGB_POS-2048x465.png 2048w\" sizes=\"auto, (max-width: 300px) 100vw, 300px\" \/><\/p>\n<div class=\"h2\">Projekty wolontariatu na PB<\/div>\n<p>W 2025 roku na Politechnice Bia\u0142ostockiej w ramach Europejskiego Korpusu Solidarno\u015bci realizowane s\u0105 projekt wolontariatu grupowego My Green University i My Green University 2.0.<\/p>\n<p>Podczas projektu zagraniczni i lokalni (polscy) wolontariusze wspieraj\u0105 wydarzenia uczelni przy organizacji International Staff Week czy Erasmus Days, a tak\u017ce anga\u017cuj\u0105 si\u0119 w proekologiczne inicjatywy na kampusie \u2013 m.in. piel\u0119gnacj\u0119 teren\u00f3w zieleni, zak\u0142adanie \u0142\u0105k kwietnych, ogrod\u00f3w deszczowych czy zielonych dach\u00f3w, wpisuj\u0105ce si\u0119 w strategi\u0119 uczelni \u201eMoja Zielona Politechnika\u201d.<\/p>\n<p>W ramach obu edycji projektu przewidziano udzia\u0142 24 wolontariuszy, w tym 6 os\u00f3b z Polski i Bia\u0142egostoku.<\/p>\n<div class=\"row\">\n<div class=\"col-sm-4\">\n<div class=\"image\"><a href=\"\/iros\/eks\/mgu\"><img loading=\"lazy\" decoding=\"async\" class=\"aligncenter size-full wp-image-26198\" src=\"https:\/\/pb.edu.pl\/iros\/wp-content\/uploads\/sites\/24\/2025\/07\/MGU.jpg\" alt=\"My Green University\" width=\"640\" height=\"427\" srcset=\"https:\/\/pb.edu.pl\/iros\/wp-content\/uploads\/sites\/24\/2025\/07\/MGU.jpg 640w, https:\/\/pb.edu.pl\/iros\/wp-content\/uploads\/sites\/24\/2025\/07\/MGU-300x200.jpg 300w, https:\/\/pb.edu.pl\/iros\/wp-content\/uploads\/sites\/24\/2025\/07\/MGU-480x320.jpg 480w\" sizes=\"auto, (max-width: 640px) 100vw, 640px\" \/><\/a><\/div>\n<\/div>\n<div class=\"col-sm-4\">\n<div class=\"image\"><a href=\"\/iros\/eks\/mgu2\"><img loading=\"lazy\" decoding=\"async\" class=\"aligncenter size-full wp-image-26200\" src=\"https:\/\/pb.edu.pl\/iros\/wp-content\/uploads\/sites\/24\/2025\/07\/MGU-2.jpg\" alt=\"My Green University 2.0\" width=\"640\" height=\"427\" srcset=\"https:\/\/pb.edu.pl\/iros\/wp-content\/uploads\/sites\/24\/2025\/07\/MGU-2.jpg 640w, https:\/\/pb.edu.pl\/iros\/wp-content\/uploads\/sites\/24\/2025\/07\/MGU-2-300x200.jpg 300w, https:\/\/pb.edu.pl\/iros\/wp-content\/uploads\/sites\/24\/2025\/07\/MGU-2-480x320.jpg 480w\" sizes=\"auto, (max-width: 640px) 100vw, 640px\" \/><\/a><\/div>\n<\/div>\n<\/div>\n<p>&nbsp;<\/p>\n<p>Projekty odpowiadaj\u0105 na potrzeby m\u0142odych os\u00f3b poprzez:<\/p>\n<ul>\n<li>Promowanie aktywnego obywatelstwa i zaanga\u017cowania spo\u0142ecznego \u2013 przygotowanie i wsp\u00f3\u0142organizacj\u0119 wydarze\u0144 uczelnianych.<\/li>\n<li>Wspieranie integracji mi\u0119dzynarodowej i mi\u0119dzykulturowej \u2013 wymian\u0119 do\u015bwiadcze\u0144 i budowanie relacji z zagranicznymi go\u015b\u0107mi oraz lokalnymi uczestnikami.<\/li>\n<li>Rozwijanie \u015bwiadomo\u015bci ekologicznej i zr\u00f3wnowa\u017conego rozwoju \u2013 zdobywanie praktycznych umiej\u0119tno\u015bci w zakresie ochrony \u015brodowiska.<\/li>\n<li>Rozw\u00f3j kompetencji spo\u0142ecznych i zawodowych \u2013 do\u015bwiadczenie w pracy zespo\u0142owej, organizacji wydarze\u0144 i promocji dzia\u0142a\u0144 prospo\u0142ecznych.<\/li>\n<li>Budowanie solidarno\u015bci \u2013 anga\u017cowanie spo\u0142eczno\u015bci lokalnej i mi\u0119dzynarodowej we wsp\u00f3lne dzia\u0142ania na rzecz kampusu i dobra wsp\u00f3lnego.<\/li>\n<\/ul>\n<p>Od uczestnik\u00f3w oczekuje si\u0119:<\/p>\n<ul>\n<li>otwarto\u015bci, kreatywno\u015bci i proaktywno\u015bci,<\/li>\n<li>umiej\u0119tno\u015bci pracy zespo\u0142owej i odpowiedzialno\u015bci,<\/li>\n<li>znajomo\u015bci j\u0119zyka angielskiego w stopniu umo\u017cliwiaj\u0105cym komunikacj\u0119,<\/li>\n<li>tolerancji, dobrej organizacji oraz gotowo\u015bci do przestrzegania zasad projektu,<\/li>\n<li>ch\u0119ci uczenia si\u0119 i udzia\u0142u w szkoleniach.<\/li>\n<\/ul>\n<p>mile widziane s\u0105:<\/p>\n<ul>\n<li>zainteresowanie ochron\u0105 \u015brodowiska,<\/li>\n<li>gotowo\u015b\u0107 do udzia\u0142u w dzia\u0142aniach promocyjnych,<\/li>\n<li>dzielenie si\u0119 do\u015bwiadczeniami i promowanie idei wolontariatu.<\/li>\n<\/ul>\n<p>Regulamin udzia\u0142u w projekcie oraz za\u0142\u0105czniki do niego znajduj\u0105 si\u0119 poni\u017cej:<\/p>\n<p><a class=\"pdf\" href=\"https:\/\/pb.edu.pl\/iros\/wp-content\/uploads\/sites\/24\/2025\/08\/Regulamin-EKS-1.pdf\" target=\"_blank\" rel=\"noopener\" data-id=\"26489\">Regulamin EKS (PDF, 692 KB, otworzy si\u0119 w nowej karcie)<\/a><\/p>\n<p><a class=\"pdf\" href=\"https:\/\/pb.edu.pl\/iros\/wp-content\/uploads\/sites\/24\/2025\/08\/Zalacznik-1-Umowa-wolontariacka-\u2013-Europejski-Korpus-Solidarnosci-1.pdf\" target=\"_blank\" rel=\"noopener\" data-id=\"26485\">Za\u0142\u0105cznik 1 Umowa wolontariacka \u2013 Europejski Korpus Solidarno\u015bci (PDF, 256 KB, otworzy si\u0119 w nowej karcie)<\/a><\/p>\n<p><a class=\"pdf\" href=\"https:\/\/pb.edu.pl\/iros\/wp-content\/uploads\/sites\/24\/2025\/08\/Zalacznik-2-Stawki-stosowane-w-EKS-nabor-2024-1.pdf\" target=\"_blank\" rel=\"noopener\" data-id=\"26487\">Za\u0142\u0105cznik 2 Stawki stosowane w EKS &#8211; nab\u00f3r 2024 -1 (PDF, 326 KB, otworzy si\u0119 w nowej karcie)<\/a><\/p>\n<p><a class=\"docx\" title=\"pobierz plik\" href=\"https:\/\/pb.edu.pl\/iros\/wp-content\/uploads\/sites\/24\/2025\/08\/Zalacznik-3-Deklaracja-podrozy-Green-Travel-1.docx\" data-id=\"26491\">Za\u0142\u0105cznik 3 Deklaracja podr\u00f3\u017cy Green Travel (DOCX, 56 KB)<\/a><\/p>\n<p><a class=\"docx\" title=\"pobierz plik\" href=\"https:\/\/pb.edu.pl\/iros\/wp-content\/uploads\/sites\/24\/2025\/08\/Zalacznik-4-Oswiadczenie-carpooling-1.docx\" data-id=\"26483\">Za\u0142\u0105cznik 4 Oswiadczenie-carpooling-1 (DOCX, 34 KB)<\/a><\/p>\n<p>&nbsp;<\/p>\n<p><span style=\"font-size: 18pt\">Jak do\u0142\u0105czy\u0107 do wolontariatu EKS?<\/span><\/p>\n<p>Aby wzi\u0105\u0107 udzia\u0142 w wolontariacie Europejskiego Korpusu Solidarno\u015bci, nale\u017cy zarejestrowa\u0107 si\u0119 na portalu programu.<\/p>\n<p>Warunkiem obowi\u0105zkowym uczestnictwa w projekcie jest za\u0142o\u017cenie konta na Platformie Europejskiego Korpusu Solidarno\u015bci pod adresem: <a href=\"https:\/\/youth.europa.eu\/solidarity_pl\">https:\/\/youth.europa.eu\/solidarity_pl.<\/a><\/p>\n<p>&nbsp;<br \/>\n<a href=\"https:\/\/pb.edu.pl\/iros\/wp-content\/uploads\/sites\/24\/2025\/08\/eks-.jpg\"><img loading=\"lazy\" decoding=\"async\" class=\"aligncenter size-large wp-image-26495\" src=\"https:\/\/pb.edu.pl\/iros\/wp-content\/uploads\/sites\/24\/2025\/08\/eks--1024x576.jpg\" alt=\"\" width=\"1024\" height=\"576\" srcset=\"https:\/\/pb.edu.pl\/iros\/wp-content\/uploads\/sites\/24\/2025\/08\/eks--1024x576.jpg 1024w, https:\/\/pb.edu.pl\/iros\/wp-content\/uploads\/sites\/24\/2025\/08\/eks--300x169.jpg 300w, https:\/\/pb.edu.pl\/iros\/wp-content\/uploads\/sites\/24\/2025\/08\/eks--768x432.jpg 768w, https:\/\/pb.edu.pl\/iros\/wp-content\/uploads\/sites\/24\/2025\/08\/eks--1536x865.jpg 1536w, https:\/\/pb.edu.pl\/iros\/wp-content\/uploads\/sites\/24\/2025\/08\/eks-.jpg 1732w\" sizes=\"auto, (max-width: 1024px) 100vw, 1024px\" \/><\/a><\/p>\n<hr>\n<h1>Priorytety programu \u2013 EKS w\u0142\u0105cza wszystkich, jest zielony i cyfrowy<\/h1>\n<div class=\"lead_box\"><strong>15 kwietnia 2021 r. Komisja Europejska przyj\u0119\u0142a program pracy Europejskiego Korpusu Solidarno\u015bci w perspektywie finansowej 2021-2027. Wystartowa\u0142 wi\u0119c nowy program dysponuj\u0105cy bud\u017cetem 1 miliarda 9 milion\u00f3w euro na realizacj\u0119 dzia\u0142a\u0144 tysi\u0119cy wolontariuszy i m\u0142odzie\u017cowych projekt\u00f3w lokalnych. Przez po\u0142o\u017cenie nacisku na europejski wymiar solidarno\u015bci, program daje m\u0142odzie\u017cy wyj\u0105tkowe mo\u017cliwo\u015bci rozwijania umiej\u0119tno\u015bci interpersonalnych i zdobywania nowej wiedzy, z korzy\u015bci\u0105 zar\u00f3wno dla nich, jak i og\u00f3\u0142u spo\u0142ecze\u0144stwa. W programie we\u017amie udzia\u0142 ponad 270 tysi\u0119cy m\u0142odych pe\u0142noletnich ludzi, a dodatkowe kilkaset b\u0119dzie odbiorcami realizowanych dzia\u0142a\u0144.<\/strong><\/div>\n<p>&nbsp;<\/p>\n<p>Europejski Korpus Solidarno\u015bci (EKS) to program dla m\u0142odych ludzi i organizacji chc\u0105cych wzi\u0105\u0107 udzia\u0142 w dzia\u0142aniach solidarno\u015bciowych, w r\u00f3\u017cnych obszarach \u2013 od pomocy pokrzywdzonym przez dzia\u0142ania na rzecz zdrowia i \u015brodowiska, a\u017c do pomocy humanitarnej w ca\u0142ej UE i poza ni\u0105. Program daje m\u0142odym ludziom mo\u017cliwo\u015b\u0107 zaanga\u017cowania si\u0119 i zdobycia bezcennego do\u015bwiadczenia oraz rozwini\u0119cia nowych umiej\u0119tno\u015bci. W Polsce Narodowa Agencja Europejskiego Korpusu Solidarno\u015bci funkcjonuje razem z innymi programami edukacyjnymi w ramach Fundacji Rozwoju Systemu Edukacji (FRSE). Wi\u0119cej na temat FRSE mo\u017cna przeczyta\u0107 <a href=\"http:\/\/frse.org.pl\" target=\"_blank\" rel=\"noopener\">na stronie<\/a> lub w <a href=\"https:\/\/eks.org.pl\/brepo\/panel_repo_files\/2021\/08\/30\/tof7ue\/folder-v2-ok-kor-cs6-17-08.pdf\" target=\"_blank\" rel=\"noopener\">broszurze<\/a>.<br \/>\n&nbsp;<\/p>\n<div class=\"embed-responsive embed-responsive-16by9\"><iframe loading=\"lazy\" title=\"POMAGAJ W POLSCE LUB ZAGRANIC\u0104! Do\u0142\u0105cz do wolontariuszy Europejskiego Korpusu Solidarno\u015bci!\" width=\"500\" height=\"281\" src=\"https:\/\/www.youtube.com\/embed\/211uShcHFMQ?feature=oembed\" frameborder=\"0\" allow=\"accelerometer; autoplay; clipboard-write; encrypted-media; gyroscope; picture-in-picture; web-share\" referrerpolicy=\"strict-origin-when-cross-origin\" allowfullscreen><\/iframe><\/div>\n<div class=\"h2\">&nbsp;<\/div>\n<p>Nowy program <strong>promuje w\u0142\u0105czenie spo\u0142eczne<\/strong> <strong>i<\/strong> <strong>r\u00f3\u017cnorodno\u015b\u0107<\/strong> oraz ma na celu zapewnienie wszystkim m\u0142odym ludziom r\u00f3wnego dost\u0119pu do mo\u017cliwo\u015bci Europejskiego Korpusu Solidarno\u015bci.<\/p>\n<p>We wspieranych projektach EKS promuje <strong>zielone dzia\u0142ania<\/strong>, czyli wszelkie dzia\u0142ania na rzecz \u015brodowiska naturalnego.<\/p>\n<p>Europejski Korpus Solidarno\u015bci przyczynia si\u0119 do <strong>transformacji cyfrowej<\/strong>, wspieraj\u0105c projekty, kt\u00f3re rozwijaj\u0105 umiej\u0119tno\u015bci cyfrowe oraz s\u0142u\u017c\u0105 pog\u0142\u0119bianiu wiedzy na temat zar\u00f3wno mo\u017cliwo\u015bci, jak i zagro\u017ce\u0144 zwi\u0105zanych z technologi\u0105 cyfrow\u0105.<\/p>\n<p>Ponadto EKS promuje <strong>zaanga\u017cowanie<\/strong> m\u0142odych ludzi w <strong>procesy demokratyczne<\/strong>. Program, kt\u00f3rego sercem jest wolontariat, u\u0142atwia m\u0142odym ludziom aktywno\u015b\u0107 spo\u0142eczn\u0105 i stawanie si\u0119 osobami przyczyniaj\u0105cymi si\u0119 do zmian.<\/p>\n<p>Program wspiera dzia\u0142ania zwi\u0105zane z nieprzewidzianymi wyzwaniami, takimi jak <strong>przeciwdzia\u0142anie skutkom pandemii COVID-19<\/strong> i wychodzeniu z niej, szczeg\u00f3lnie w obszarze profilaktyki i wsparcia zdrowia. Program mobilizuje wolontariuszy do wspierania projekt\u00f3w zajmuj\u0105cych si\u0119 r\u00f3\u017cnymi wyzwaniami zdrowotnymi.<\/p>\n<hr>\n<p><em>Sfinansowane ze \u015brodk\u00f3w UE. Wyra\u017cone pogl\u0105dy i opinie s\u0105 jedynie opiniami autora lub autor\u00f3w i niekoniecznie odzwierciedlaj\u0105 <\/em><em>podgl\u0105dy i opinie Unii Europejskiej lub Fundacji Rozwoju Systemu Edukacji i Europejskiego Korpusu Solidarno\u015bci. Unia Europejska ani podmiot udzielaj\u0105cy dotacji nie <\/em><em>ponosz\u0105 za nie odpowiedzialno\u015bci.<\/em><\/p>\n","protected":false},"excerpt":{"rendered":"<p>Projekty wolontariatu na PB W 2025 roku na Politechnice Bia\u0142ostockiej w ramach Europejskiego Korpusu Solidarno\u015bci<\/p>\n","protected":false},"author":2,"featured_media":0,"parent":0,"menu_order":20,"comment_status":"closed","ping_status":"closed","template":"","meta":{"_acf_changed":false,"ngg_post_thumbnail":0,"footnotes":""},"class_list":["post-24149","page","type-page","status-publish","hentry"],"acf":[],"_links":{"self":[{"href":"https:\/\/pb.edu.pl\/iros\/wp-json\/wp\/v2\/pages\/24149","targetHints":{"allow":["GET"]}}],"collection":[{"href":"https:\/\/pb.edu.pl\/iros\/wp-json\/wp\/v2\/pages"}],"about":[{"href":"https:\/\/pb.edu.pl\/iros\/wp-json\/wp\/v2\/types\/page"}],"author":[{"embeddable":true,"href":"https:\/\/pb.edu.pl\/iros\/wp-json\/wp\/v2\/users\/2"}],"replies":[{"embeddable":true,"href":"https:\/\/pb.edu.pl\/iros\/wp-json\/wp\/v2\/comments?post=24149"}],"version-history":[{"count":0,"href":"https:\/\/pb.edu.pl\/iros\/wp-json\/wp\/v2\/pages\/24149\/revisions"}],"wp:attachment":[{"href":"https:\/\/pb.edu.pl\/iros\/wp-json\/wp\/v2\/media?parent=24149"}],"curies":[{"name":"wp","href":"https:\/\/api.w.org\/{rel}","templated":true}]}}