{"id":2410,"date":"2020-07-28T12:02:41","date_gmt":"2020-07-28T10:02:41","guid":{"rendered":"https:\/\/pb.edu.pl\/bwm\/?page_id=2410"},"modified":"2023-01-09T09:46:39","modified_gmt":"2023-01-09T08:46:39","slug":"o-projekcie","status":"publish","type":"page","link":"https:\/\/pb.edu.pl\/iros\/program-edukacja\/o-projekcie\/","title":{"rendered":"O projekcie"},"content":{"rendered":"<p><img loading=\"lazy\" decoding=\"async\" class=\"alignnone wp-image-3966 size-full\" src=\"https:\/\/pb.edu.pl\/iros\/wp-content\/uploads\/sites\/24\/2021\/01\/logo_edukacja_frse.png\" alt=\"\" width=\"1073\" height=\"172\" srcset=\"https:\/\/pb.edu.pl\/iros\/wp-content\/uploads\/sites\/24\/2021\/01\/logo_edukacja_frse.png 1073w, https:\/\/pb.edu.pl\/iros\/wp-content\/uploads\/sites\/24\/2021\/01\/logo_edukacja_frse-300x48.png 300w, https:\/\/pb.edu.pl\/iros\/wp-content\/uploads\/sites\/24\/2021\/01\/logo_edukacja_frse-1024x164.png 1024w, https:\/\/pb.edu.pl\/iros\/wp-content\/uploads\/sites\/24\/2021\/01\/logo_edukacja_frse-768x123.png 768w\" sizes=\"auto, (max-width: 1073px) 100vw, 1073px\" \/><\/p>\n<div class=\"row\">\n<div class=\"col-sm-8\">\n<h3>Cel projektu<\/h3>\n<p>Program Edukacja, dla kt\u00f3rego rol\u0119 Operatora pe\u0142ni <strong>Fundacja Rozwoju Systemu Edukacji (FRSE)<\/strong>, powsta\u0142 na mocy mi\u0119dzyrz\u0105dowej umowy dotycz\u0105cej wdra\u017cania Mechanizmu Finansowego EOG na lata 2014 \u2013 2021, zawartej pomi\u0119dzy Islandi\u0105, Ksi\u0119stwem Liechtensteinu i Kr\u00f3lestwem Norwegii a Rzeczpospolit\u0105 Polsk\u0105. G\u0142\u00f3wnym celem jest zmniejszanie r\u00f3\u017cnic ekonomicznych i spo\u0142ecznych w obr\u0119bie Europejskiego Obszaru Gospodarczego oraz wzmacnianie stosunk\u00f3w dwustronnych pomi\u0119dzy Polsk\u0105 a Pa\u0144stwami-Darczy\u0144cami (Islandia, Liechtenstein, Norwegia) w obszarze edukacji. Dzia\u0142ania programowe maj\u0105 za zadanie wzmacnianie potencja\u0142u ludzkiego oraz poszerzanie wiedzy w Polsce.<\/p>\n<p>Mobilno\u015bci student\u00f3w i pracownik\u00f3w uczelni wy\u017cszych s\u0105 realizowane <strong>na zasadach programu Erasmus+<\/strong> dla Szkolnictwa Wy\u017cszego finansowanymi z Programu Edukacja.<br \/>\n&nbsp;<\/p>\n<h3>Nasz projekt<\/h3>\n<p><span style=\"font-size: 12pt\"><strong>Komponent II Mobilno\u015b\u0107 w szkolnictwie wy\u017cszym<\/strong><\/span><br \/>\nRealizowany na PB projekt <strong>Mobilno\u015b\u0107 w szkolnictwie wy\u017cszym<\/strong> korzysta z dofinansowania o warto\u015bci 59712,50 \u20ac otrzymanego od Islandii, Liechtensteinu i Norwegii w ramach funduszy EOG. Celem projektu jest realizacja cel\u00f3w programowych, zacie\u015bnianie wsp\u00f3\u0142pracy z instytucjami z Pa\u0144stw-Darczy\u0144c\u00f3w oraz podniesienie kompetencji oraz wymiana do\u015bwiadcze\u0144 pomi\u0119dzy spo\u0142eczno\u015bciami akademickimi uczelni partnerskimi.<\/p>\n<h4>Czas realizacji projektu:<\/h4>\n<p>01\/07\/2020 \u2013 30\/09\/2022 (27 miesi\u0119cy)<\/p>\n<h4>Ca\u0142kowity bud\u017cet projektu:<\/h4>\n<p>70 250 \u20ac<\/p>\n<h4>Uczelnie partnerskie:<\/h4>\n<p>Politechnika Bia\u0142ostocka (Polska) &#8211; Lider<br \/>\nUniversity of Agder (Norwegia)<br \/>\nNorwegian University of Science and Technology (Norwegia)<\/p>\n<h4>Wydzia\u0142y priorytetowe w realizacji projektu:<\/h4>\n<p>Wydzia\u0142 Elektryczny<br \/>\nWydzia\u0142 Informatyki<br \/>\nWydzia\u0142 In\u017cynierii Zarz\u0105dzania<\/p>\n<\/div>\n<div class=\"col-sm-4\"><a class=\"button text-center animated zoomIn\" style=\"width: 100%;font-size: 1.8rem\" href=\"\/iros\/program-edukacja\/o-projekcie\/mobilnosc-studentow\/\"><i class=\"fa fa-mortar-board\"><\/i><br \/>\n<strong>Mobilno\u015b\u0107 student\u00f3w<\/strong><\/a>&nbsp;<br \/>\n<a class=\"button text-center animated zoomIn\" style=\"width: 100%;font-size: 1.8rem\" href=\"\/iros\/program-edukacja\/o-projekcie\/mobilnosc-pracownikow\/\"><i class=\"fa fa-user\"><\/i><br \/>\n<strong>Mobilno\u015b\u0107 pracownik\u00f3w<\/strong><\/a>&nbsp;<br \/>\n<a class=\"button text-center animated zoomIn lead\" style=\"width: 100%\" href=\"\/iros\/program-edukacja\/o-projekcie\/uczelnie-partnerskie\/\"><strong>Uczelnie partnerskie<\/strong><\/a><\/p>\n<div class=\"well well-sm lead text-center boxy-prawe\">\n<h2>Przydatne linki<\/h2>\n<p><a title=\"Przejd\u017a do strony g\u0142\u00f3wnej Programu Edukacja\" href=\"https:\/\/education.org.pl\/\" rel=\"noopener noreferrer\">Program Edukacja<\/a><\/p>\n<p><a title=\"Przejd\u017a do strony g\u0142\u00f3wnej Funduszy EOG\" href=\"https:\/\/eeagrants.org\/\/\" rel=\"noopener noreferrer\">Fundusze EOG i funduszy norweskich<\/a><\/p>\n<p><a title=\"Przejd\u017a do strony g\u0142\u00f3wnej FRSE\" href=\"https:\/\/www.frse.org.pl\/\" rel=\"noopener noreferrer\">Fundacja Rozwoju Systemu Edukacji<\/a><\/p>\n<\/div>\n<\/div>\n<\/div>\n","protected":false},"excerpt":{"rendered":"<p>Cel projektu Program Edukacja, dla kt\u00f3rego rol\u0119 Operatora pe\u0142ni Fundacja Rozwoju Systemu Edukacji (FRSE), powsta\u0142<\/p>\n","protected":false},"author":48,"featured_media":0,"parent":2311,"menu_order":1,"comment_status":"closed","ping_status":"closed","template":"","meta":{"_acf_changed":false,"ngg_post_thumbnail":0,"footnotes":""},"class_list":["post-2410","page","type-page","status-publish","hentry"],"acf":[],"_links":{"self":[{"href":"https:\/\/pb.edu.pl\/iros\/wp-json\/wp\/v2\/pages\/2410","targetHints":{"allow":["GET"]}}],"collection":[{"href":"https:\/\/pb.edu.pl\/iros\/wp-json\/wp\/v2\/pages"}],"about":[{"href":"https:\/\/pb.edu.pl\/iros\/wp-json\/wp\/v2\/types\/page"}],"author":[{"embeddable":true,"href":"https:\/\/pb.edu.pl\/iros\/wp-json\/wp\/v2\/users\/48"}],"replies":[{"embeddable":true,"href":"https:\/\/pb.edu.pl\/iros\/wp-json\/wp\/v2\/comments?post=2410"}],"version-history":[{"count":0,"href":"https:\/\/pb.edu.pl\/iros\/wp-json\/wp\/v2\/pages\/2410\/revisions"}],"up":[{"embeddable":true,"href":"https:\/\/pb.edu.pl\/iros\/wp-json\/wp\/v2\/pages\/2311"}],"wp:attachment":[{"href":"https:\/\/pb.edu.pl\/iros\/wp-json\/wp\/v2\/media?parent=2410"}],"curies":[{"name":"wp","href":"https:\/\/api.w.org\/{rel}","templated":true}]}}