{"id":2311,"date":"2020-07-28T11:59:06","date_gmt":"2020-07-28T09:59:06","guid":{"rendered":"https:\/\/pb.edu.pl\/bwm\/?page_id=2311"},"modified":"2023-12-21T22:48:59","modified_gmt":"2023-12-21T21:48:59","slug":"program-edukacja","status":"publish","type":"page","link":"https:\/\/pb.edu.pl\/iros\/program-edukacja\/","title":{"rendered":"Program EDUKACJA"},"content":{"rendered":"<p><img loading=\"lazy\" decoding=\"async\" class=\"alignnone wp-image-3966 size-full\" src=\"https:\/\/pb.edu.pl\/iros\/wp-content\/uploads\/sites\/24\/2021\/01\/logo_edukacja_frse.png\" alt=\"loga projektu\" width=\"1073\" height=\"172\" srcset=\"https:\/\/pb.edu.pl\/iros\/wp-content\/uploads\/sites\/24\/2021\/01\/logo_edukacja_frse.png 1073w, https:\/\/pb.edu.pl\/iros\/wp-content\/uploads\/sites\/24\/2021\/01\/logo_edukacja_frse-300x48.png 300w, https:\/\/pb.edu.pl\/iros\/wp-content\/uploads\/sites\/24\/2021\/01\/logo_edukacja_frse-1024x164.png 1024w, https:\/\/pb.edu.pl\/iros\/wp-content\/uploads\/sites\/24\/2021\/01\/logo_edukacja_frse-768x123.png 768w\" sizes=\"auto, (max-width: 1073px) 100vw, 1073px\" \/><\/p>\n<div class=\"h2 text-center\"><span style=\"font-size: 30pt\"><strong><span style=\"font-family: arial, helvetica, sans-serif\">Wsp\u00f3lnie dzia\u0142amy na rzecz Europy <span style=\"color: #20d17f\">zielonej<\/span>,<br \/>\n<span style=\"color: #ff0016\">konkurencyjnej<\/span> i <span style=\"color: #003096\">sprzyjaj\u0105cej integracji spo\u0142ecznej<\/span>.<\/span><\/strong><\/span>\n<\/div>\n<p>&nbsp;<\/p>\n<div class=\"row\">\n<div class=\"col-sm-8\">Fundusze EOG reprezentuj\u0105 wk\u0142ad Islandii, Liechtensteinu i Norwegii w tworzenie Europy zielonej, konkurencyjnej i sprzyjaj\u0105cej integracji spo\u0142ecznej.<br \/>\n&nbsp;<br \/>\nIstniej\u0105 dwa cele og\u00f3lne: ograniczenie nier\u00f3wno\u015bci ekonomicznych i spo\u0142ecznych w Europie oraz wzmocnienie relacji dwustronnych pomi\u0119dzy Pa\u0144stwami-Darczy\u0144cami a 15 krajami UE z Europy \u015arodkowej, Po\u0142udniowej i obszaru Morza Ba\u0142tyckiego.<br \/>\n&nbsp;<\/p>\n<div class=\"embed-responsive embed-responsive-16by9\"><iframe loading=\"lazy\" title=\"Program Edukacja (MF EOG 2014-2021) PL\" width=\"500\" height=\"281\" src=\"https:\/\/www.youtube.com\/embed\/mt5eFUYOTNo?feature=oembed\" frameborder=\"0\" allow=\"accelerometer; autoplay; clipboard-write; encrypted-media; gyroscope; picture-in-picture; web-share\" referrerpolicy=\"strict-origin-when-cross-origin\" allowfullscreen><\/iframe><\/div>\n<p>&nbsp;<br \/>\nTrzy Pa\u0144stwa-Darczy\u0144cy \u015bci\u015ble wsp\u00f3\u0142pracuj\u0105 z UE w ramach Porozumienia o Europejskim Obszarze Gospodarczym (EOG). Darczy\u0144cy przekazali 3,3 miliarda euro w ramach kolejnych program\u00f3w funduszy w latach 1994\u20132014. Fundusze EOG na lata 2014\u20132021 wynosz\u0105 1,55 miliarda euro. Priorytety na ten okres to:<\/p>\n<ul>\n<li><strong>#1<\/strong> innowacje, badania naukowe, edukacja i konkurencyjno\u015b\u0107;<\/li>\n<li><strong>#2<\/strong> integracja spo\u0142eczna, zatrudnienie m\u0142odzie\u017cy i ograniczenie ub\u00f3stwa;<\/li>\n<li><strong>#3<\/strong> \u015brodowisko, energia, zmiany klimatu i gospodarka niskoemisyjna;<\/li>\n<li><strong>#4<\/strong> kultura, spo\u0142ecze\u0144stwo obywatelskie, dobre zarz\u0105dzanie i podstawowe prawa;<\/li>\n<li><strong>#5<\/strong> sprawiedliwo\u015b\u0107 i sprawy wewn\u0119trzne.<\/li>\n<\/ul>\n<p>&nbsp;<br \/>\nFundusze EOG s\u0105 wsp\u00f3lnie finansowane przez Islandi\u0119, Liechtenstein i Norwegi\u0119, kt\u00f3rych wk\u0142ad oparty jest na ich PKB. Kwalifikowalno\u015b\u0107 do funduszy wynika ze spe\u0142nienia kryteri\u00f3w okre\u015blonych w ramach Funduszu Sp\u00f3jno\u015bci UE przeznaczonego dla pa\u0144stw cz\u0142onkowskich, w kt\u00f3rych doch\u00f3d krajowy brutto na mieszka\u0144ca jest ni\u017cszy ni\u017c 90% \u015bredniej unijnej.<\/p>\n<p><em>Link do strony internetowej funduszy EOG: <a href=\"http:\/\/www.eeagrants.org\">www.eeagrants.org<\/a><br \/>\n<\/em><\/p>\n<p><em>Link do strony internetowej funduszy norweskich: <a href=\"http:\/\/www.norwaygrants.org\">www.norwaygrants.org<\/a><\/em><\/p>\n<\/div>\n<div class=\"col-sm-4\"><a class=\"button text-center animated zoomIn lead\" style=\"width: 100%\" href=\"\/iros\/program-edukacja\/projekty\"><strong>Projekty<\/strong><\/a><br \/>\n<a class=\"button text-center animated zoomIn lead\" style=\"width: 100%\" href=\"\/iros\/program-edukacja\/aktualnosci\"><strong>Aktualno\u015bci<\/strong><\/a><br \/>\n<a class=\"button text-center animated zoomIn lead\" style=\"width: 100%\" href=\"\/iros\/program-edukacja\/kontakt\"><strong>Kontakt<\/strong><\/a><\/div>\n<\/div>\n<p>&nbsp;<\/p>\n","protected":false},"excerpt":{"rendered":"<p>Wsp\u00f3lnie dzia\u0142amy na rzecz Europy zielonej, konkurencyjnej i sprzyjaj\u0105cej integracji spo\u0142ecznej. &nbsp; Fundusze EOG reprezentuj\u0105<\/p>\n","protected":false},"author":48,"featured_media":0,"parent":0,"menu_order":0,"comment_status":"closed","ping_status":"closed","template":"","meta":{"_acf_changed":false,"ngg_post_thumbnail":0,"footnotes":""},"class_list":["post-2311","page","type-page","status-publish","hentry"],"acf":[],"_links":{"self":[{"href":"https:\/\/pb.edu.pl\/iros\/wp-json\/wp\/v2\/pages\/2311","targetHints":{"allow":["GET"]}}],"collection":[{"href":"https:\/\/pb.edu.pl\/iros\/wp-json\/wp\/v2\/pages"}],"about":[{"href":"https:\/\/pb.edu.pl\/iros\/wp-json\/wp\/v2\/types\/page"}],"author":[{"embeddable":true,"href":"https:\/\/pb.edu.pl\/iros\/wp-json\/wp\/v2\/users\/48"}],"replies":[{"embeddable":true,"href":"https:\/\/pb.edu.pl\/iros\/wp-json\/wp\/v2\/comments?post=2311"}],"version-history":[{"count":0,"href":"https:\/\/pb.edu.pl\/iros\/wp-json\/wp\/v2\/pages\/2311\/revisions"}],"wp:attachment":[{"href":"https:\/\/pb.edu.pl\/iros\/wp-json\/wp\/v2\/media?parent=2311"}],"curies":[{"name":"wp","href":"https:\/\/api.w.org\/{rel}","templated":true}]}}