{"id":21803,"date":"2024-11-19T20:50:53","date_gmt":"2024-11-19T19:50:53","guid":{"rendered":"https:\/\/pb.edu.pl\/iros\/?page_id=21803"},"modified":"2025-10-29T15:30:20","modified_gmt":"2025-10-29T14:30:20","slug":"dokumenty","status":"publish","type":"page","link":"https:\/\/pb.edu.pl\/iros\/projekty-nawa\/wsparcie-uniwersytetow-europejskich\/dokumenty\/","title":{"rendered":"Dokumenty"},"content":{"rendered":"<div class=\"row\">\n<div class=\"col-sm-6\">\n<p><strong>PL<\/strong><\/p>\n<p><strong>Regulamin udzia\u0142u w projekcie<\/strong><\/p>\n<p><a class=\"pdf\" href=\"https:\/\/pb.edu.pl\/iros\/wp-content\/uploads\/sites\/24\/2025\/01\/Regulamin-projektu-WUE.pdf\" target=\"_blank\" rel=\"noopener\" data-id=\"22633\">Regulamin projektu WUE (PDF, 244 KB, otworzy si\u0119 w nowej karcie)<\/a><\/p>\n<p><a class=\"pdf\" href=\"https:\/\/pb.edu.pl\/iros\/wp-content\/uploads\/sites\/24\/2025\/01\/Zal.-nr-1.-Stawki-ryczaltowe-WUE.pdf\" target=\"_blank\" rel=\"noopener\" data-id=\"22635\">Za\u0142. nr 1. Stawki rycza\u0142towe WUE (PDF, 290 KB, otworzy si\u0119 w nowej karcie)<\/a><\/p>\n<p><a class=\"pdf\" href=\"https:\/\/pb.edu.pl\/iros\/wp-content\/uploads\/sites\/24\/2025\/01\/Zal.-nr-2.-Umowa-Beneficjenta-z-Uczestnikiem-Projektu.pdf\" target=\"_blank\" rel=\"noopener\" data-id=\"22637\">Za\u0142. nr 2. Umowa Beneficjenta z Uczestnikiem Projektu (PDF, 191 KB, otworzy si\u0119 w nowej karcie)<\/a><\/p>\n<p><a class=\"pdf\" href=\"https:\/\/pb.edu.pl\/iros\/wp-content\/uploads\/sites\/24\/2025\/01\/Zal.-nr-3.-Formularz-zgloszeniowy-kandydata-do-projektu-WUE.pdf\" target=\"_blank\" rel=\"noopener\" data-id=\"22639\">Za\u0142. nr 3. Formularz zg\u0142oszeniowy kandydata do projektu WUE (PDF, 217 KB, otworzy si\u0119 w nowej karcie)<\/a><\/p>\n<p><a class=\"pdf\" href=\"https:\/\/pb.edu.pl\/iros\/wp-content\/uploads\/sites\/24\/2025\/01\/Zal.-nr-4.-Polecenie-wyjazdu-WUE.pdf\" target=\"_blank\" rel=\"noopener\" data-id=\"22641\">Za\u0142. nr 4. Polecenie wyjazdu WUE (PDF, 206 KB, otworzy si\u0119 w nowej karcie)<\/a><\/p>\n<p><a class=\"pdf\" href=\"https:\/\/pb.edu.pl\/iros\/wp-content\/uploads\/sites\/24\/2025\/01\/Zal.-nr-5.-Wniosek-o-sfinansowanie-kosztow-podrozy-student-doktorant-WUE.pdf\" target=\"_blank\" rel=\"noopener\" data-id=\"22643\">Za\u0142. nr 5. Wniosek o sfinansowanie koszt\u00f3w podr\u00f3\u017cy student doktorant WUE (PDF, 172 KB, otworzy si\u0119 w nowej karcie)<\/a><\/p>\n<p><a class=\"pdf\" href=\"https:\/\/pb.edu.pl\/iros\/wp-content\/uploads\/sites\/24\/2025\/01\/Zal.-nr-6.-Zezwolenie-na-utrwalanie-i-rozpowszechnianie-wizerunku-pelnoletni-do-projektu-WUE.pdf\" target=\"_blank\" rel=\"noopener\" data-id=\"22631\">Za\u0142. nr 6. Zezwolenie na utrwalanie i rozpowszechnianie wizerunku (PDF, 127 KB, otworzy si\u0119 w nowej karcie)<\/a><\/p>\n<p><a class=\"pdf\" href=\"https:\/\/pb.edu.pl\/iros\/wp-content\/uploads\/sites\/24\/2025\/10\/Informacja-Administratora-na-potrzeby-rekrutacji-i-udzialu-uczestnikow-projektu-1.pdf\" target=\"_blank\" rel=\"noopener\" data-id=\"27743\">Informacja Administratora na potrzeby rekrutacji i udzia\u0142u uczestnik\u00f3w projektu (PDF, 139 KB, otworzy si\u0119 w nowej karcie)<\/a><\/p>\n<p>&nbsp;<\/p>\n<p>&nbsp;<\/p>\n<p><strong>Instrukcja u\u017cytkownika projektu NAWA<br \/>\n<\/strong><\/p>\n<p><a class=\"pdf\" href=\"https:\/\/pb.edu.pl\/iros\/wp-content\/uploads\/sites\/24\/2025\/01\/Instrukcja-do-formularza-Uczestnika-Projektu.pdf\" target=\"_blank\" rel=\"noopener\" data-id=\"22656\">Instrukcja do formularza Uczestnika Projektu (PDF, 5 MB, otworzy si\u0119 w nowej karcie)<\/a><\/p>\n<\/div>\n<p><strong>EN<\/strong><\/p>\n<p><strong>Project Participation Regulations<\/strong><\/p>\n<p><a class=\"pdf\" href=\"https:\/\/pb.edu.pl\/iros\/wp-content\/uploads\/sites\/24\/2025\/01\/Regulations-WUE-ENG.pdf\" target=\"_blank\" rel=\"noopener\" data-id=\"22646\">Regulations WUE ENG (PDF, 231 KB, otworzy si\u0119 w nowej karcie)<\/a><\/p>\n<p><a class=\"pdf\" href=\"https:\/\/pb.edu.pl\/iros\/wp-content\/uploads\/sites\/24\/2025\/01\/Annex-1-Flat-rates-ENG.pdf\" target=\"_blank\" rel=\"noopener\" data-id=\"22648\">Annex 1 Flat rates ENG (PDF, 186 KB, otworzy si\u0119 w nowej karcie)<\/a><\/p>\n<p><a class=\"pdf\" href=\"https:\/\/pb.edu.pl\/iros\/wp-content\/uploads\/sites\/24\/2025\/01\/Annex-2-Beneficiarys-Agreement-ENG.pdf\" target=\"_blank\" rel=\"noopener\" data-id=\"22650\">Annex 2 Beneficiary&#8217;s Agreement ENG (PDF, 186 KB, otworzy si\u0119 w nowej karcie)<\/a><\/p>\n<p><a class=\"pdf\" href=\"https:\/\/pb.edu.pl\/iros\/wp-content\/uploads\/sites\/24\/2025\/01\/Annex-3-Application-form-ENG.pdf\" target=\"_blank\" rel=\"noopener\" data-id=\"22652\">Annex 3 Application form ENG (PDF, 208 KB, otworzy si\u0119 w nowej karcie)<\/a><\/p>\n<p><a class=\"pdf\" href=\"https:\/\/pb.edu.pl\/iros\/wp-content\/uploads\/sites\/24\/2025\/01\/Annex-6-Consent-for-image-ENG.pdf\" target=\"_blank\" rel=\"noopener\" data-id=\"22654\">Annex 6 Consent for image ENG (PDF, 128 KB, otworzy si\u0119 w nowej karcie)<\/a><br \/>\n&nbsp;<a class=\"pdf\" href=\"https:\/\/pb.edu.pl\/iros\/wp-content\/uploads\/sites\/24\/2025\/10\/Information-from-the-Data-Controller-for-the-purposes-of-recruitment-and-participation-of-project-participants-1.pdf\" target=\"_blank\" rel=\"noopener\" data-id=\"27745\">Information from the Data Controller for the purposes of recruitment and participation of project participants (PDF, 139 KB, otworzy si\u0119 w nowej karcie)<\/a><br \/>\n&nbsp;<br \/>\n&nbsp;<br \/>\n&nbsp;<\/p>\n<p>&nbsp;<\/p>\n<p>&nbsp;<\/p>\n<p>&nbsp;<\/p>\n<p><strong>NAWA Project User Manual<\/strong><\/p>\n<p><a class=\"pdf\" href=\"https:\/\/pb.edu.pl\/iros\/wp-content\/uploads\/sites\/24\/2025\/01\/Instruction-for-Project-Participant.pdf\" target=\"_blank\" rel=\"noopener\" data-id=\"22658\">Instruction for Project Participant (PDF, 4 MB, otworzy si\u0119 w nowej karcie)<\/a><\/p>\n<\/div>\n<p><strong>Wytyczne rekrutacyjne<\/strong><\/p>\n<p><a class=\"pdf\" href=\"https:\/\/pb.edu.pl\/iros\/wp-content\/uploads\/sites\/24\/2025\/01\/Wytyczne-rekrutacyjne.pdf\" target=\"_blank\" rel=\"noopener\" data-id=\"22735\">Wytyczne rekrutacyjne (PDF, 717 KB, otworzy si\u0119 w nowej karcie)<\/a><\/p>\n<p>&nbsp;<\/p>\n","protected":false},"excerpt":{"rendered":"<p>PL Regulamin udzia\u0142u w projekcie Regulamin projektu WUE (PDF, 244 KB, otworzy si\u0119 w nowej<\/p>\n","protected":false},"author":2,"featured_media":0,"parent":21784,"menu_order":5,"comment_status":"closed","ping_status":"closed","template":"","meta":{"_acf_changed":false,"ngg_post_thumbnail":0,"footnotes":""},"class_list":["post-21803","page","type-page","status-publish","hentry"],"acf":[],"_links":{"self":[{"href":"https:\/\/pb.edu.pl\/iros\/wp-json\/wp\/v2\/pages\/21803","targetHints":{"allow":["GET"]}}],"collection":[{"href":"https:\/\/pb.edu.pl\/iros\/wp-json\/wp\/v2\/pages"}],"about":[{"href":"https:\/\/pb.edu.pl\/iros\/wp-json\/wp\/v2\/types\/page"}],"author":[{"embeddable":true,"href":"https:\/\/pb.edu.pl\/iros\/wp-json\/wp\/v2\/users\/2"}],"replies":[{"embeddable":true,"href":"https:\/\/pb.edu.pl\/iros\/wp-json\/wp\/v2\/comments?post=21803"}],"version-history":[{"count":0,"href":"https:\/\/pb.edu.pl\/iros\/wp-json\/wp\/v2\/pages\/21803\/revisions"}],"up":[{"embeddable":true,"href":"https:\/\/pb.edu.pl\/iros\/wp-json\/wp\/v2\/pages\/21784"}],"wp:attachment":[{"href":"https:\/\/pb.edu.pl\/iros\/wp-json\/wp\/v2\/media?parent=21803"}],"curies":[{"name":"wp","href":"https:\/\/api.w.org\/{rel}","templated":true}]}}