{"id":21801,"date":"2024-11-19T20:50:09","date_gmt":"2024-11-19T19:50:09","guid":{"rendered":"https:\/\/pb.edu.pl\/iros\/?page_id=21801"},"modified":"2026-02-27T10:29:58","modified_gmt":"2026-02-27T09:29:58","slug":"zadania","status":"publish","type":"page","link":"https:\/\/pb.edu.pl\/iros\/projekty-nawa\/wsparcie-uniwersytetow-europejskich\/zadania\/","title":{"rendered":"Rekrutacja"},"content":{"rendered":"<p style=\"text-align: center\"><span style=\"font-size: 14pt\"><strong>Open Recruitment for Project Participation<\/strong><\/span><\/p>\n<div class=\"panel-group\" id=\"custom-collapse-0\">\n<div class=\"panel panel-default\">\n\t\t\t\t<div class=\"panel-heading\">\n\t\t\t\t\t<div class=\"panel-title\">\n\t\t\t\t\t\t<a class=\"collapsed h4\" data-toggle=\"collapse\" data-parent=\"#custom-collapse-0\" href=\"#custom-collapse-0-0\">1. Summer School at Bia\u0142ystok University of Technology<\/a>\n\t\t\t\t\t<\/div>\n\t\t\t\t<\/div>\n\t\t\t\t<div id=\"custom-collapse-0-0\" class=\"panel-collapse collapse\">\n\t\t\t\t\t<div class=\"panel-body\">\n<p><strong>2026 &#8211; OPEN<br \/>\nActivity Type:<\/strong>&nbsp;Summer School 2026 &#8211; <em>Effective Solutions for Sustainable Buildings in Cities<\/em><br \/>\n<strong>Dates:<\/strong>&nbsp;02.07 \u2013 11.07.2026 (on-site classes)<br \/>\n<strong>On-site location:<\/strong>&nbsp;Poland, Bia\u0142ystok University of Technology<br \/>\n<strong>Call for applications:&nbsp;<\/strong><a class=\"pdf\" href=\"https:\/\/pb.edu.pl\/iros\/wp-content\/uploads\/sites\/24\/2026\/02\/Call-for-Summer-School-2026-Effective-Solutions-for-Sustainable-Buildings-in-Cities-1.pdf\" target=\"_blank\" rel=\"noopener\" data-id=\"29643\">Call for Summer School 2026 &#8211; Effective Solutions for Sustainable Buildings in Cities-1 (PDF, 278 KB, otworzy si\u0119 w nowej karcie)<\/a><\/p>\n<p><strong>Application link for the Summer School:<\/strong>&nbsp; <a href=\"https:\/\/forms.office.com\/Pages\/ResponsePage.aspx?id=jfpgeCGkpUCDJwcSAm6Q5KgdvsKZnC5GtZtT__IJGnBUMldUUVJPVlQ4V0RJRUE0MTlRMkJXUFJFOC4u\">APPLICATION FORM FOR THE SUMMER SCHOOL 2026 &#8211; Effective solutions&nbsp;for Sustainable \u2013 Wype\u0142nij formularz<\/a><\/p>\n<p><strong>Participants selected for the project will receive:<\/strong><br \/>\n\u2022 A&nbsp;<strong>scholarship<\/strong>&nbsp;to cover travel expenses to Poland<br \/>\n\u2022 A&nbsp;<strong>lump sum<\/strong>&nbsp;for living and accommodation costs in Poland<br \/>\n\u2022 A&nbsp;<strong>residency scholarship<\/strong><\/p>\n<hr>\n<p><strong>2025 &#8211; CLOSED<br \/>\nActivity Type:<\/strong> Summer School<br \/>\n<strong>Dates:<\/strong> 30.06 \u2013 09.07.2025 (on-site classes) i 14.07 \u2013 18.07.2025 (online classes)<br \/>\n<strong>On-site location:<\/strong> Poland, Bia\u0142ystok University of Technology<br \/>\n<strong>Call for applications: <a class=\"pdf\" title=\"Call for Applications\" href=\"https:\/\/pb.edu.pl\/iros\/wp-content\/uploads\/sites\/24\/2025\/12\/Call-for-Applications-1-2.pdf\" target=\"_blank\" rel=\"noopener\" data-id=\"28407\">Call for Applications (PDF, 238 KB, otworzy si\u0119 w nowej karcie)<\/a><\/strong><br \/>\n<strong>Application link for the Summer School:<\/strong> APPLICATION CLOSED<br \/>\nNOTE: in <em>Funding Source<\/em> choose &#8222;European Universities Support Programme funds (applies to partners from the Across European University)&#8221;.<br \/>\nIf you are a teacher, in the form in field <em>Year of study<\/em> please put &#8222;teacher&#8221;.<\/p>\n<p><strong>Participants selected for the project will receive:<\/strong><br \/>\n\u2022 A <strong>scholarship<\/strong> to cover travel expenses to Poland<br \/>\n\u2022 A <strong>lump sum<\/strong> for living and accommodation costs in Poland<br \/>\n\u2022 A <strong>residency scholarship<\/strong><\/p>\n<\/div>\n\t\t\t\t<\/div>\n\t\t\t<\/div>\n<div class=\"panel panel-default\">\n\t\t\t\t<div class=\"panel-heading\">\n\t\t\t\t\t<div class=\"panel-title\">\n\t\t\t\t\t\t<a class=\"collapsed h4\" data-toggle=\"collapse\" data-parent=\"#custom-collapse-0\" href=\"#custom-collapse-0-1\">2. Internships for Employees\/PhD Students of Bia\u0142ystok University of Technology at Across Partner Universities<\/a>\n\t\t\t\t\t<\/div>\n\t\t\t\t<\/div>\n\t\t\t\t<div id=\"custom-collapse-0-1\" class=\"panel-collapse collapse\">\n\t\t\t\t\t<div class=\"panel-body\">\n<p><strong>Activity Type:<\/strong>&nbsp;Internships for Employees\/ Phd Students of Bia\u0142ystok University of Technology<\/p>\n<p><strong>Date of activity<\/strong>: an individually agreed date between the scholarship holder and the host university, but no later than 31 July 2026<\/p>\n<p><strong>On-site location:<\/strong>&nbsp; a partner university individually agreed upon from among the following:<\/p>\n<ul>\n<li>Chemnitz University of Technology, Germany<\/li>\n<li>University of Perpignan, France<\/li>\n<li>University of Girona, Spain<\/li>\n<li>University of Udine, Italy<\/li>\n<li>University of Ruse, Bulgaria<\/li>\n<li>University of Craiova, Romania<\/li>\n<li>University of Nova Gorica, Slovenia<\/li>\n<li>University of Banja Luka, Bosnia and Herzegovina<\/li>\n<\/ul>\n<p><strong>Call for applications:<\/strong>&nbsp;<\/p>\n<p><a class=\"pdf\" title=\"\" href=\"https:\/\/pb.edu.pl\/iros\/wp-content\/uploads\/sites\/24\/2026\/01\/Ogloszenie-o-naborze-na-staze-w-uczelni-ACROSS.pdf\" target=\"_blank\" rel=\"noopener\" data-id=\"26923\">Og\u0142oszenie o naborze na sta\u017ce w uczelni ACROSS (PDF, 650 KB, otworzy si\u0119 w nowej karcie)<\/a><\/p>\n<p><a class=\"docx\" title=\"pobierz plik\" href=\"https:\/\/pb.edu.pl\/iros\/wp-content\/uploads\/sites\/24\/2025\/09\/Zal-1-CONFIRMATION-OF-ACCEPTANCE.docx\" data-id=\"26925\">Za\u0142. 1 CONFIRMATION OF ACCEPTANCE (DOCX, 117 KB)<\/a><\/p>\n<p><a class=\"pdf\" href=\"https:\/\/pb.edu.pl\/iros\/wp-content\/uploads\/sites\/24\/2025\/09\/Informacja-Administratora-RODO.pdf\" target=\"_blank\" rel=\"noopener\" data-id=\"26927\">Informacja Administratora RODO (PDF, 135 KB, otworzy si\u0119 w nowej karcie)<\/a><\/p>\n<p><strong>Application link:<\/strong> <a href=\"https:\/\/forms.office.com\/Pages\/ResponsePage.aspx?id=jfpgeCGkpUCDJwcSAm6Q5KgdvsKZnC5GtZtT__IJGnBUMzgyUUNWMlNXMENIT1JET1lYOFNENzlJOC4u\">Link to recruitment form<\/a><\/p>\n<p><strong>Participants selected for the project will receive:<\/strong><br \/>\n\u2022 A&nbsp;<strong>scholarship<\/strong>&nbsp;to cover travel expenses (<strong>1500 PLN<\/strong> \u2013 Germany, Bosnia and Herzegovina, Romania, Slovenia; <strong>2000 PLN<\/strong> \u2013 France, Bulgaria, Italy;<strong> 3000 PLN<\/strong> \u2013 Spain)<br \/>\n\u2022 A&nbsp;<strong>lump sum<\/strong>&nbsp;for living and accommodation costs (<strong>300 PLN\/ per 1 day<\/strong> &#8211; Bosnia and Herzegovina, Romania, Bulgaria; <strong>400 PLN\/ per 1 day<\/strong> \u2013 Germany, Slovenia, France, Italy, Spain)<\/p>\n<\/div>\n\t\t\t\t<\/div>\n\t\t\t<\/div>\n<div class=\"panel panel-default\">\n\t\t\t\t<div class=\"panel-heading\">\n\t\t\t\t\t<div class=\"panel-title\">\n\t\t\t\t\t\t<a class=\"collapsed h4\" data-toggle=\"collapse\" data-parent=\"#custom-collapse-0\" href=\"#custom-collapse-0-2\">3. Internships for Employees\/PhD Students of Across Partner Universities at Bia\u0142ystok University of Technology<\/a>\n\t\t\t\t\t<\/div>\n\t\t\t\t<\/div>\n\t\t\t\t<div id=\"custom-collapse-0-2\" class=\"panel-collapse collapse\">\n\t\t\t\t\t<div class=\"panel-body\">\n<p><strong>Activity Type:<\/strong>&nbsp;Internships for Employees\/ Phd Students of Across Partner Universities at Bialystok University of Technology<\/p>\n<p>&nbsp;<\/p>\n<p><strong>Date of activity:<\/strong> a date to be individually agreed upon between the scholarship holder and the internship supervisor from Bialystok University of Technology, but no later than 31 July 2026.<\/p>\n<p><strong>On-site location:<\/strong> Bia\u0142ystok University of Technology, 45A, Wiejska Street, 15-351 Bialystok, Poland<\/p>\n<p>Faculty of Civil Engineering and Environmental Sciences &#8211; 45 E Wiejska, 15-351 Bialystok<\/p>\n<p>Faculty of Electrical Engineering &#8211; 45 D Wiejska Street, 15-351 Bialystok<\/p>\n<p>Faculty of Mechanical Engineering &#8211; 45 C Wiejska, 15-351 Bialystok<\/p>\n<p>Faculty of Computer Science &#8211; 45 A Wiejska, 15-351 Bialystok<\/p>\n<p>Faculty of Architecture \u2013 11 Oskara Sosnowskiego Street, 15-893 Bia\u0142ystok<\/p>\n<p>Faculty of Engineering Management &#8211; 2 Ojca Tarasiuka Street, 16-001 Kleosin<\/p>\n<p>&nbsp;<\/p>\n<p><strong>Call for applications: <a class=\"pdf\" href=\"https:\/\/pb.edu.pl\/iros\/wp-content\/uploads\/sites\/24\/2025\/12\/Call-for-Applications-1-2.pdf\" target=\"_blank\" rel=\"noopener\" data-id=\"28407\">Call for Applications (PDF, 238 KB, otworzy si\u0119 w nowej karcie)<\/a><\/strong><\/p>\n<p><strong>Project Participation Regulations:<\/strong><\/p>\n<p><a href=\"https:\/\/pb.edu.pl\/iros\/projekty-nawa\/wsparcie-uniwersytetow-europejskich\/dokumenty\/\">https:\/\/pb.edu.pl\/iros\/projekty-nawa\/wsparcie-uniwersytetow-europejskich\/dokumenty\/<\/a><\/p>\n<p><strong>Application link:<\/strong>&nbsp;<a href=\"https:\/\/forms.office.com\/Pages\/ResponsePage.aspx?id=jfpgeCGkpUCDJwcSAm6Q5KgdvsKZnC5GtZtT__IJGnBUODY0N1RISTJOWEtLMVRGRTczT08zSFdCRy4u\">Internship Application Form \u2013 Wype\u0142nij formularz<\/a><\/p>\n<p>&nbsp;<\/p>\n<p><strong>Participants selected for the project will receive:<\/strong><br \/>\n1. A&nbsp;scholarship&nbsp;to cover travel expenses (round trip):<\/p>\n<ul>\n<li><strong>1500 PLN<\/strong>&nbsp;\u2013 Interns from Germany, Bosnia and Herzegovina, Romania and Slovenia;&nbsp;<\/li>\n<li><strong>2000 PLN<\/strong>&nbsp;\u2013 Interns from France, Bulgaria, Italy;<\/li>\n<li><strong>3000 PLN<\/strong> \u2013 Interns from Spain<\/li>\n<\/ul>\n<ol start=\"2\">\n<li>A&nbsp;<strong>lump sum <\/strong>for living and accommodation costs&nbsp; <strong>&#8211; 300 PLN per day spent in Poland<\/strong><\/li>\n<\/ol>\n<\/div>\n\t\t\t\t<\/div>\n\t\t\t<\/div>\n<div class=\"panel panel-default\">\n\t\t\t\t<div class=\"panel-heading\">\n\t\t\t\t\t<div class=\"panel-title\">\n\t\t\t\t\t\t<a class=\"collapsed h4\" data-toggle=\"collapse\" data-parent=\"#custom-collapse-0\" href=\"#custom-collapse-0-3\">4. Study Visits for Students and Employees of Bia\u0142ystok University of Technology at Across Partner Universities<\/a>\n\t\t\t\t\t<\/div>\n\t\t\t\t<\/div>\n\t\t\t\t<div id=\"custom-collapse-0-3\" class=\"panel-collapse collapse\">\n\t\t\t\t\t<div class=\"panel-body\">\n<p><strong>Activity Type:<\/strong>&nbsp;Study Visits for Students and Employees of Bia\u0142ystok University of Technology<\/p>\n<p><strong>Date of activity<\/strong>: an individually agreed date between the academic teacher (acting as the study visit supervisor) and the host university, but no later than 30 June 2026<\/p>\n<p><strong>On-site location:<\/strong>&nbsp; a partner university individually agreed upon from among the following:<\/p>\n<ul>\n<li>Chemnitz University of Technology, Germany<\/li>\n<li>University of Perpignan, France<\/li>\n<li>University of Girona, Spain<\/li>\n<li>University of Udine, Italy<\/li>\n<li>University of Ruse, Bulgaria<\/li>\n<li>University of Craiova, Romania<\/li>\n<li>University of Nova Gorica, Slovenia<\/li>\n<li>University of Banja Luka, Bosnia and Herzegovina<\/li>\n<\/ul>\n<p>&nbsp;<\/p>\n<p><strong>Call for applications:<\/strong><\/p>\n<p><a class=\"pdf\" href=\"https:\/\/pb.edu.pl\/iros\/wp-content\/uploads\/sites\/24\/2025\/09\/Ogloszenie-o-naborze-na-grupowe-wizyty-studyjne-.pdf\" target=\"_blank\" rel=\"noopener\" data-id=\"26932\">Og\u0142oszenie o naborze na grupowe wizyty studyjne (PDF, 286 KB, otworzy si\u0119 w nowej karcie)<\/a><\/p>\n<p><a class=\"docx\" title=\"pobierz plik\" href=\"https:\/\/pb.edu.pl\/iros\/wp-content\/uploads\/sites\/24\/2025\/09\/Zal-1-CONFIRMATION-OF-ACCEPTANCE-2.docx\" data-id=\"26934\">Za\u0142. 1 CONFIRMATION OF ACCEPTANCE (DOCX, 118 KB)<\/a><\/p>\n<p><a class=\"pdf\" href=\"https:\/\/pb.edu.pl\/iros\/wp-content\/uploads\/sites\/24\/2025\/09\/Informacja-Administratora-RODO-1.pdf\" target=\"_blank\" rel=\"noopener\" data-id=\"26930\">Informacja Administratora RODO (PDF, 135 KB, otworzy si\u0119 w nowej karcie)<\/a><\/p>\n<p><strong>Application link:<\/strong>&nbsp;<\/p>\n<p><a href=\"https:\/\/forms.office.com\/Pages\/ResponsePage.aspx?id=jfpgeCGkpUCDJwcSAm6Q5KgdvsKZnC5GtZtT__IJGnBUQjlaQkNNM1o3VEhZVks5TUlORjI3SkgxOS4u\">Link to recruitment form<\/a><\/p>\n<p>&nbsp;<\/p>\n<p><strong>Participants selected for the project will receive:<\/strong><\/p>\n<p>A&nbsp;scholarship&nbsp;to cover travel expenses (<strong>1500 PLN<\/strong> \u2013 Germany, Bosnia and Herzegovina, Romania, Slovenia; <strong>2000 PLN<\/strong> \u2013 France, Bulgaria, Italy; 3000 PLN \u2013 Spain)<br \/>\nA&nbsp;lump sum&nbsp;for living and accommodation costs (<strong>300 PLN\/ per 1 day<\/strong> &#8211; Bosnia and Herzegovina, Romania, Bulgaria; <strong>400 PLN\/ per 1 day<\/strong> \u2013 Germany, Slovenia, France, Italy, Spain)<\/p>\n<p>A&nbsp;residency scholarship (<strong>75 PLN\/ per 1 day<\/strong> \u2013 students, <strong>250 PLN\/ per 1 day<\/strong> \u2013 teachers)<\/p>\n<\/div>\n\t\t\t\t<\/div>\n\t\t\t<\/div>\n<\/div>\n&nbsp;<\/p>\n<div class=\"row\">\n<div class=\"col-sm-6\">\n<p><strong>Zaproszenie do udzia\u0142u w projekcie \u201eWsparcie Uniwersytet\u00f3w Europejskich\u201d \u2013 nab\u00f3r 2024<\/strong><\/p>\n<p>Politechnika Bia\u0142ostocka zaprasza:<\/p>\n<ul>\n<li>pracownik\u00f3w uczelni, w tym przedstawicieli kadry akademickiej, naukowo-badawczej oraz pracownik\u00f3w nieb\u0119d\u0105cych nauczycielami akademickimi (je\u017celi ich udzia\u0142 w projekcie jest uzasadniony),<\/li>\n<li>student\u00f3w i doktorant\u00f3w Politechniki Bia\u0142ostockiej oraz uczelni partnerskich Uniwersytetu Europejskiego \u201eAcross\u201d,<\/li>\n<li>wszystkich partner\u00f3w zagranicznych \u201eAcross\u201d<\/li>\n<\/ul>\n<p>do udzia\u0142u w projekcie <strong>\u201eWsparcie Uniwersytet\u00f3w Europejskich\u201d<\/strong> w ramach naboru 2024.<\/p>\n<p><strong>Regulamin udzia\u0142u w projekcie<\/strong><\/p>\n<p>Regulamin dotycz\u0105cy zasad organizacji, rekrutacji, udzia\u0142u oraz wyp\u0142at stypendi\u00f3w i innych form wsparcia finansowego w ramach Programu NAWA znajdziesz tutaj: <a href=\"https:\/\/pb.edu.pl\/iros\/projekty-nawa\/wsparcie-uniwersytetow-europejskich\/dokumenty\/\"><strong>link<\/strong><\/a>.<\/p>\n<p>Akceptacja zapis\u00f3w regulaminu jest warunkiem przyst\u0105pienia do rekrutacji, kt\u00f3ra b\u0119dzie og\u0142aszana z odpowiednim wyprzedzeniem, aby zapewni\u0107 wszystkim zainteresowanym mo\u017cliwo\u015b\u0107 udzia\u0142u.<\/p>\n<p><strong>Rejestracja do systemu NAWA<\/strong><\/p>\n<p>W przypadku zakwalifikowania si\u0119 do udzia\u0142u w projekcie (otrzymania wsparcia), konieczne b\u0119dzie zarejestrowanie si\u0119 w systemie NAWA.<br \/>\n<strong>Instrukcja u\u017cytkownika projektu<\/strong> znajduje si\u0119 tutaj: <a href=\"https:\/\/pb.edu.pl\/iros\/projekty-nawa\/wsparcie-uniwersytetow-europejskich\/dokumenty\/\"><strong>link<\/strong><\/a>.<\/p>\n<p><strong>Kontakt z Biurem Obs\u0142ugi Projektu<\/strong><\/p>\n<p>Wszelkie pytania dotycz\u0105ce projektu oraz procesu rekrutacji prosimy kierowa\u0107 do <strong>Biura Obs\u0142ugi Projektu<\/strong> \u2013 <a href=\"mailto:izabela.karpinska@pb.edu.pl\">izabela.karpinska@pb.edu.pl<\/a><\/p>\n<p>Nasz zesp\u00f3\u0142 ch\u0119tnie udzieli szczeg\u00f3\u0142owych informacji i pomo\u017ce w razie w\u0105tpliwo\u015bci.<\/p>\n<p>Serdecznie zapraszamy do udzia\u0142u w projekcie i \u017cyczymy powodzenia!<\/p>\n<p><strong>Rekrutacyjne Zalecenia Doradcy ds. polityk horyzontalnych: <\/strong><a href=\"https:\/\/pb.edu.pl\/iros\/projekty-nawa\/wsparcie-uniwersytetow-europejskich\/dokumenty\/\">link<\/a><strong><br \/>\n<\/strong><\/p>\n<\/div>\n<p><strong>Invitation to Participate in the &#8222;Support for European Universities&#8221; Project \u2013 Recruitment 2024<\/strong><\/p>\n<p>Bialystok University of Technology invites:<\/p>\n<ul>\n<li>university staff, including members of academic, research, and non-academic staff (provided their participation in the project is justified),<\/li>\n<li>students and doctoral candidates from Bialystok University of Technology and partner universities of the European University &#8222;Across&#8221;,<\/li>\n<li>all foreign partners of the &#8222;Across&#8221; project<\/li>\n<\/ul>\n<p>to participate in the <strong>&#8222;Support for European Universities&#8221;<\/strong> project as part of the 2024 recruitment.<\/p>\n<p><strong>Project Participation Regulations<\/strong><\/p>\n<p>Regulations for organization, recruitment, participation and payment of scholarships and othe forms of financial support under the NAWA Programme can be found here: <a href=\"https:\/\/pb.edu.pl\/iros\/projekty-nawa\/wsparcie-uniwersytetow-europejskich\/dokumenty\/\"><strong>link<\/strong><\/a>.<\/p>\n<p>&nbsp;<\/p>\n<p>Acceptance of the regulations is a prerequisite for participating in the recruitment process, which will be announced in advance to ensure everyone has the opportunity to apply.<\/p>\n<p><strong>Registration in the NAWA System<\/strong><\/p>\n<p>If you are selected to participate in the project (and receive support), registration in the NAWA system will be required.<br \/>\nThe <strong>Project User Manual<\/strong> can be found here: <a href=\"https:\/\/pb.edu.pl\/iros\/projekty-nawa\/wsparcie-uniwersytetow-europejskich\/dokumenty\/\"><strong>link<\/strong><\/a>.<\/p>\n<p><strong>Contact the Project Support Office<\/strong><\/p>\n<p>For any questions regarding the project or the recruitment process, please contact the <strong>Project Support Office<\/strong> &#8211; <a href=\"mailto:izabela.karpinska@pb.edu.pl\">izabela.karpinska@pb.edu.pl<\/a><\/p>\n<p>Our team is available to provide detailed information and assist you with any concerns.<\/p>\n<p>We warmly invite you to participate in the project and wish you the best of luck!<\/p>\n<\/div>\n<p>&nbsp;<\/p>\n<p>&nbsp;<\/p>\n","protected":false},"excerpt":{"rendered":"<p>Open Recruitment for Project Participation &nbsp; Zaproszenie do udzia\u0142u w projekcie \u201eWsparcie Uniwersytet\u00f3w Europejskich\u201d \u2013<\/p>\n","protected":false},"author":2,"featured_media":0,"parent":21784,"menu_order":4,"comment_status":"closed","ping_status":"closed","template":"","meta":{"_acf_changed":false,"ngg_post_thumbnail":0,"footnotes":""},"class_list":["post-21801","page","type-page","status-publish","hentry"],"acf":[],"_links":{"self":[{"href":"https:\/\/pb.edu.pl\/iros\/wp-json\/wp\/v2\/pages\/21801","targetHints":{"allow":["GET"]}}],"collection":[{"href":"https:\/\/pb.edu.pl\/iros\/wp-json\/wp\/v2\/pages"}],"about":[{"href":"https:\/\/pb.edu.pl\/iros\/wp-json\/wp\/v2\/types\/page"}],"author":[{"embeddable":true,"href":"https:\/\/pb.edu.pl\/iros\/wp-json\/wp\/v2\/users\/2"}],"replies":[{"embeddable":true,"href":"https:\/\/pb.edu.pl\/iros\/wp-json\/wp\/v2\/comments?post=21801"}],"version-history":[{"count":2,"href":"https:\/\/pb.edu.pl\/iros\/wp-json\/wp\/v2\/pages\/21801\/revisions"}],"predecessor-version":[{"id":29645,"href":"https:\/\/pb.edu.pl\/iros\/wp-json\/wp\/v2\/pages\/21801\/revisions\/29645"}],"up":[{"embeddable":true,"href":"https:\/\/pb.edu.pl\/iros\/wp-json\/wp\/v2\/pages\/21784"}],"wp:attachment":[{"href":"https:\/\/pb.edu.pl\/iros\/wp-json\/wp\/v2\/media?parent=21801"}],"curies":[{"name":"wp","href":"https:\/\/api.w.org\/{rel}","templated":true}]}}