{"id":2065,"date":"2020-05-07T10:01:21","date_gmt":"2020-05-07T08:01:21","guid":{"rendered":"https:\/\/pb.edu.pl\/bwm\/?page_id=2065"},"modified":"2020-07-31T10:16:39","modified_gmt":"2020-07-31T08:16:39","slug":"aktualnosci","status":"publish","type":"page","link":"https:\/\/pb.edu.pl\/iros\/projekty-nawa\/projekty-zakonczone\/promocja-zagraniczna\/aktualnosci\/","title":{"rendered":"Aktualno\u015bci"},"content":{"rendered":"\t\t<div class=\"box news-box \">\n\t\t<div class=\"row\">\n\t\t\t\n\t\t\t\n\t\t\t\t\n\t\t\t\t\t\t\t\t\t\t<div class=\"col-sm-3\">\n\t\t\t\t\t\t\t\n<article class=\"format-standard\">\n    <span class=\"date text-right\"><i class=\"fal fa-calendar-alt\"><\/i> 12-04-2021<\/span>\n    <a href=\"https:\/\/pb.edu.pl\/iros\/2021\/04\/12\/promocja-oferty-studiow-pelnoplatnych-dla-studentow-zagranicznych-z-turcji-i-indii\/\">\n      <div class=\"article-image\">\n        <img loading=\"lazy\" decoding=\"async\" width=\"451\" height=\"300\" src=\"https:\/\/pb.edu.pl\/iros\/wp-content\/uploads\/sites\/24\/2020\/05\/promocja-zagraniczna-foto.jpg\" class=\"attachment-medium-image-16x10 size-medium-image-16x10 wp-post-image\" alt=\"\" srcset=\"https:\/\/pb.edu.pl\/iros\/wp-content\/uploads\/sites\/24\/2020\/05\/promocja-zagraniczna-foto.jpg 640w, https:\/\/pb.edu.pl\/iros\/wp-content\/uploads\/sites\/24\/2020\/05\/promocja-zagraniczna-foto-300x200.jpg 300w, https:\/\/pb.edu.pl\/iros\/wp-content\/uploads\/sites\/24\/2020\/05\/promocja-zagraniczna-foto-480x320.jpg 480w\" sizes=\"auto, (max-width: 451px) 100vw, 451px\" \/>      <\/div>\n      <h3>Promocja oferty studi\u00f3w pe\u0142nop\u0142atnych dla student\u00f3w zagranicznych z Turcji i Indii<\/h3>\n      W\u0142a\u015bnie zako\u0144czy\u0142 si\u0119 projekt Promocja oferty studi\u00f3w pe\u0142nop\u0142atnych dla student\u00f3w zagranicznych    <\/a>\n<\/article>\t\t\t\t\t\t<\/div>\n\t\t\t\t\t\t\t\t\t\t\t<div class=\"col-sm-3\">\n\t\t\t\t\t\t\t\n<article class=\"format-standard\">\n    <span class=\"date text-right\"><i class=\"fal fa-calendar-alt\"><\/i> 15-02-2021<\/span>\n    <a href=\"https:\/\/pb.edu.pl\/iros\/2021\/02\/15\/pierwszy-webinar-ieft-talks-prowadzony-przez-pb\/\">\n      <div class=\"article-image\">\n        <img loading=\"lazy\" decoding=\"async\" width=\"451\" height=\"300\" src=\"https:\/\/pb.edu.pl\/iros\/wp-content\/uploads\/sites\/24\/2021\/02\/ieft-logo.png\" class=\"attachment-medium-image-16x10 size-medium-image-16x10 wp-post-image\" alt=\"\" srcset=\"https:\/\/pb.edu.pl\/iros\/wp-content\/uploads\/sites\/24\/2021\/02\/ieft-logo.png 640w, https:\/\/pb.edu.pl\/iros\/wp-content\/uploads\/sites\/24\/2021\/02\/ieft-logo-300x200.png 300w, https:\/\/pb.edu.pl\/iros\/wp-content\/uploads\/sites\/24\/2021\/02\/ieft-logo-480x320.png 480w\" sizes=\"auto, (max-width: 451px) 100vw, 451px\" \/>      <\/div>\n      <h3>Pierwszy webinar &#8222;IEFT Talks&#8221; prowadzony przez PB<\/h3>\n      Dn. 16.02.2021 r. Politechnika Bia\u0142ostocka przeprowadzi pierwszy z trzech webinar\u00f3w z    <\/a>\n<\/article>\t\t\t\t\t\t<\/div>\n\t\t\t\t\t\t\t\t\t\t\t<div class=\"col-sm-3\">\n\t\t\t\t\t\t\t\n<article class=\"format-standard\">\n    <span class=\"date text-right\"><i class=\"fal fa-calendar-alt\"><\/i> 11-01-2021<\/span>\n    <a href=\"https:\/\/pb.edu.pl\/iros\/2021\/01\/11\/kampanie-reklamowe-w-ramach-projektu-promocja-zagraniczna\/\">\n      <div class=\"article-image\">\n        <img loading=\"lazy\" decoding=\"async\" width=\"300\" height=\"300\" src=\"https:\/\/pb.edu.pl\/iros\/wp-content\/uploads\/sites\/24\/2021\/01\/2b-done.png\" class=\"attachment-medium-image-16x10 size-medium-image-16x10 wp-post-image\" alt=\"\" srcset=\"https:\/\/pb.edu.pl\/iros\/wp-content\/uploads\/sites\/24\/2021\/01\/2b-done.png 1080w, https:\/\/pb.edu.pl\/iros\/wp-content\/uploads\/sites\/24\/2021\/01\/2b-done-300x300.png 300w, https:\/\/pb.edu.pl\/iros\/wp-content\/uploads\/sites\/24\/2021\/01\/2b-done-1024x1024.png 1024w, https:\/\/pb.edu.pl\/iros\/wp-content\/uploads\/sites\/24\/2021\/01\/2b-done-150x150.png 150w, https:\/\/pb.edu.pl\/iros\/wp-content\/uploads\/sites\/24\/2021\/01\/2b-done-768x768.png 768w\" sizes=\"auto, (max-width: 300px) 100vw, 300px\" \/>      <\/div>\n      <h3>Kampanie reklamowe w ramach projektu Promocja Zagraniczna<\/h3>\n      W ramach projektu Promocja Zagraniczna Politechnika Bia\u0142ostocka prowadzi w mediach spo\u0142eczno\u015bciowych    <\/a>\n<\/article>\t\t\t\t\t\t<\/div>\n\t\t\t\t\t\t\t\t\t\t\t<div class=\"col-sm-3\">\n\t\t\t\t\t\t\t\n<article class=\"format-standard\">\n    <span class=\"date text-right\"><i class=\"fal fa-calendar-alt\"><\/i> 06-04-2020<\/span>\n    <a href=\"https:\/\/pb.edu.pl\/iros\/2020\/04\/06\/materialy-promujace-uczelnie\/\">\n      <div class=\"article-image\">\n        <img loading=\"lazy\" decoding=\"async\" width=\"451\" height=\"300\" src=\"https:\/\/pb.edu.pl\/iros\/wp-content\/uploads\/sites\/24\/2021\/04\/promocja-zagraniczna-ulotka.png\" class=\"attachment-medium-image-16x10 size-medium-image-16x10 wp-post-image\" alt=\"\" srcset=\"https:\/\/pb.edu.pl\/iros\/wp-content\/uploads\/sites\/24\/2021\/04\/promocja-zagraniczna-ulotka.png 640w, https:\/\/pb.edu.pl\/iros\/wp-content\/uploads\/sites\/24\/2021\/04\/promocja-zagraniczna-ulotka-300x200.png 300w, https:\/\/pb.edu.pl\/iros\/wp-content\/uploads\/sites\/24\/2021\/04\/promocja-zagraniczna-ulotka-480x320.png 480w\" sizes=\"auto, (max-width: 451px) 100vw, 451px\" \/>      <\/div>\n      <h3>Materia\u0142y promuj\u0105ce Uczelni\u0119<\/h3>\n      W ramach projektu Promocja zagraniczna, Biuro ds. Wsp\u00f3\u0142pracy Mi\u0119dzynarodowej wydrukowa\u0142o szereg    <\/a>\n<\/article>\t\t\t\t\t\t<\/div>\n\t\t\t\t\t\t\t\t\t\t\t<div class=\"col-sm-3\">\n\t\t\t\t\t\t\t\n<article class=\"format-standard\">\n    <span class=\"date text-right\"><i class=\"fal fa-calendar-alt\"><\/i> 25-11-2019<\/span>\n    <a href=\"https:\/\/pb.edu.pl\/iros\/2019\/11\/25\/udzial-w-net-global-conference-warsaw\/\">\n      <div class=\"article-image\">\n        <img loading=\"lazy\" decoding=\"async\" width=\"450\" height=\"300\" src=\"https:\/\/pb.edu.pl\/iros\/wp-content\/uploads\/sites\/24\/2020\/05\/conference.jpg\" class=\"attachment-medium-image-16x10 size-medium-image-16x10 wp-post-image\" alt=\"\" srcset=\"https:\/\/pb.edu.pl\/iros\/wp-content\/uploads\/sites\/24\/2020\/05\/conference.jpg 1050w, https:\/\/pb.edu.pl\/iros\/wp-content\/uploads\/sites\/24\/2020\/05\/conference-300x200.jpg 300w, https:\/\/pb.edu.pl\/iros\/wp-content\/uploads\/sites\/24\/2020\/05\/conference-1024x683.jpg 1024w, https:\/\/pb.edu.pl\/iros\/wp-content\/uploads\/sites\/24\/2020\/05\/conference-768x512.jpg 768w, https:\/\/pb.edu.pl\/iros\/wp-content\/uploads\/sites\/24\/2020\/05\/conference-480x320.jpg 480w\" sizes=\"auto, (max-width: 450px) 100vw, 450px\" \/>      <\/div>\n      <h3>Udzia\u0142 w NET Global Conference Warsaw<\/h3>\n      28 pa\u017adziernika 2019 przedstawiciel Biura ds. Wsp\u00f3\u0142pracy Mi\u0119dzynarodowej wzi\u0105\u0142 udzia\u0142 w    <\/a>\n<\/article>\t\t\t\t\t\t<\/div>\n\t\t\t\t\t\n\t\t\t\t\n\t\t\t\t\t<\/div>\n\t\t\t\t\t<\/div>\n\n","protected":false},"excerpt":{"rendered":"","protected":false},"author":48,"featured_media":0,"parent":2058,"menu_order":0,"comment_status":"closed","ping_status":"closed","template":"","meta":{"_acf_changed":false,"ngg_post_thumbnail":0,"footnotes":""},"class_list":["post-2065","page","type-page","status-publish","hentry"],"acf":[],"_links":{"self":[{"href":"https:\/\/pb.edu.pl\/iros\/wp-json\/wp\/v2\/pages\/2065","targetHints":{"allow":["GET"]}}],"collection":[{"href":"https:\/\/pb.edu.pl\/iros\/wp-json\/wp\/v2\/pages"}],"about":[{"href":"https:\/\/pb.edu.pl\/iros\/wp-json\/wp\/v2\/types\/page"}],"author":[{"embeddable":true,"href":"https:\/\/pb.edu.pl\/iros\/wp-json\/wp\/v2\/users\/48"}],"replies":[{"embeddable":true,"href":"https:\/\/pb.edu.pl\/iros\/wp-json\/wp\/v2\/comments?post=2065"}],"version-history":[{"count":0,"href":"https:\/\/pb.edu.pl\/iros\/wp-json\/wp\/v2\/pages\/2065\/revisions"}],"up":[{"embeddable":true,"href":"https:\/\/pb.edu.pl\/iros\/wp-json\/wp\/v2\/pages\/2058"}],"wp:attachment":[{"href":"https:\/\/pb.edu.pl\/iros\/wp-json\/wp\/v2\/media?parent=2065"}],"curies":[{"name":"wp","href":"https:\/\/api.w.org\/{rel}","templated":true}]}}