{"id":187,"date":"2018-11-12T20:42:39","date_gmt":"2018-11-12T19:42:39","guid":{"rendered":"https:\/\/pb.edu.pl\/bwm\/?page_id=187"},"modified":"2026-03-04T13:42:38","modified_gmt":"2026-03-04T12:42:38","slug":"przyjazdy-gosci","status":"publish","type":"page","link":"https:\/\/pb.edu.pl\/iros\/umowy-o-wspolpracy\/przyjazdy-gosci\/","title":{"rendered":"Przyjazdy go\u015bci"},"content":{"rendered":"<div class=\"row\">\n<div class=\"col-sm-8\">\n<h2>Procedury zwi\u0105zane z przyj\u0119ciem go\u015bci zagranicznych w PB<\/h2>\n<ol>\n<li>Pracownik jednostki przyjmuj\u0105cej go\u015bcia zwraca si\u0119 z wnioskiem do Dziekana o wyra\u017cenie zgody na finansowanie pobytu go\u015bcia na Wydziale.<\/li>\n<li>Wniosek musi zawiera\u0107 dok\u0142adne informacje dotycz\u0105ce go\u015bcia, terminu pobytu, sposobu finansowania (formularz do pobrania).<\/li>\n<li>Je\u017celi pobyt go\u015bcia w PB finansowany b\u0119dzie z funduszy statutowych, konieczna jest dodatkowo zgoda w\u0142a\u015bciwego kierownika danej pracy oraz akceptacja Dzia\u0142u Nauki.<\/li>\n<li>Prawid\u0142owo wype\u0142niony wniosek z informacj\u0105 o wskazanym miejscu zakwaterowania oraz wymaganymi podpisami nale\u017cy z\u0142o\u017cy\u0107 w Dziale Mobilno\u015bci i Obs\u0142ugi Um\u00f3w Mi\u0119dzynarodowych min. na 2 tyg. przed przyjazdem go\u015bcia celem jego realizacji.<\/li>\n<li>Na podstawie z\u0142o\u017conych wniosk\u00f3w (formularze do pobrania), Dzia\u0142 Mobilno\u015bci i Obs\u0142ugi Um\u00f3w Mi\u0119dzynarodowych przygotowuje wyp\u0142at\u0119 \u015bwiadcze\u0144 dla go\u015bcia oraz rezerwuje noclegi.<\/li>\n<\/ol>\n<h2>Formularze<\/h2>\n<p><a class=\"doc\" href=\"https:\/\/pb.edu.pl\/iros\/wp-content\/uploads\/sites\/24\/2018\/11\/wniosek-na-przyjazd-cudzoziemca.doc\" data-id=\"272\">Wniosek o przyjazd cudzoziemca (34 KB)<\/a><\/p>\n<p><a class=\"docx\" href=\"https:\/\/pb.edu.pl\/iros\/wp-content\/uploads\/sites\/24\/2018\/11\/wniosek-na-wyp\u0142at\u0119-diet.docx\" data-id=\"273\">Wniosek na wyp\u0142at\u0119 diet (17 KB)<\/a><\/p>\n<\/div>\n<div class=\"col-sm-4 text-center\">\n<div class=\"well well-sm lead text-center boxy-prawe\">\n<h2>Kontakt<\/h2>\n<h3>Przyjazdy go\u015bci<\/h3>\n<h3 style=\"margin-top: 5px\">pok. C28<\/h3>\n<p>mgr Magdalena Kad\u0142ubowska<br \/>\n<i class=\"fa fa-phone\" aria-hidden=\"true\"><\/i> (85) 746 90 43<\/p>\n<i class=\"fa fa-envelope-o\" aria-hidden=\"true\"><\/i> m.kadlubowska [at] pb.edu.pl\n<\/div>\n<\/div>\n<\/div>\n","protected":false},"excerpt":{"rendered":"<p>Procedury zwi\u0105zane z przyj\u0119ciem go\u015bci zagranicznych w PB Pracownik jednostki przyjmuj\u0105cej go\u015bcia zwraca si\u0119 z<\/p>\n","protected":false},"author":2,"featured_media":0,"parent":35,"menu_order":2,"comment_status":"closed","ping_status":"closed","template":"","meta":{"_acf_changed":false,"ngg_post_thumbnail":0,"footnotes":""},"class_list":["post-187","page","type-page","status-publish","hentry"],"acf":[],"_links":{"self":[{"href":"https:\/\/pb.edu.pl\/iros\/wp-json\/wp\/v2\/pages\/187","targetHints":{"allow":["GET"]}}],"collection":[{"href":"https:\/\/pb.edu.pl\/iros\/wp-json\/wp\/v2\/pages"}],"about":[{"href":"https:\/\/pb.edu.pl\/iros\/wp-json\/wp\/v2\/types\/page"}],"author":[{"embeddable":true,"href":"https:\/\/pb.edu.pl\/iros\/wp-json\/wp\/v2\/users\/2"}],"replies":[{"embeddable":true,"href":"https:\/\/pb.edu.pl\/iros\/wp-json\/wp\/v2\/comments?post=187"}],"version-history":[{"count":1,"href":"https:\/\/pb.edu.pl\/iros\/wp-json\/wp\/v2\/pages\/187\/revisions"}],"predecessor-version":[{"id":29683,"href":"https:\/\/pb.edu.pl\/iros\/wp-json\/wp\/v2\/pages\/187\/revisions\/29683"}],"up":[{"embeddable":true,"href":"https:\/\/pb.edu.pl\/iros\/wp-json\/wp\/v2\/pages\/35"}],"wp:attachment":[{"href":"https:\/\/pb.edu.pl\/iros\/wp-json\/wp\/v2\/media?parent=187"}],"curies":[{"name":"wp","href":"https:\/\/api.w.org\/{rel}","templated":true}]}}