{"id":17647,"date":"2024-03-06T21:31:38","date_gmt":"2024-03-06T20:31:38","guid":{"rendered":"https:\/\/pb.edu.pl\/iros\/?page_id=17647"},"modified":"2024-03-29T21:25:19","modified_gmt":"2024-03-29T20:25:19","slug":"konferencje-miedzynarodowe","status":"publish","type":"page","link":"https:\/\/pb.edu.pl\/iros\/konferencje-miedzynarodowe\/","title":{"rendered":"Konferencje"},"content":{"rendered":"\t\t<div class=\"box news-box \">\n\t\t<div class=\"row\">\n\t\t\t\n\t\t\t\n\t\t\t\t\n\t\t\t\t\t\t\t\t\t\t<div class=\"col-sm-3\">\n\t\t\t\t\t\t\t\n<article class=\"format-standard\">\n    <span class=\"date text-right\"><i class=\"fal fa-calendar-alt\"><\/i> 02-07-2025<\/span>\n    <a href=\"https:\/\/pb.edu.pl\/iros\/2025\/07\/02\/11-edycja-konferencji-amcs-zgromadzi-ekspertow-z-calego-swiata\/\">\n      <div class=\"article-image\">\n        <img loading=\"lazy\" decoding=\"async\" width=\"480\" height=\"300\" src=\"https:\/\/pb.edu.pl\/iros\/wp-content\/uploads\/sites\/24\/2025\/07\/AMCS-480x300.jpg\" class=\"attachment-medium-image-16x10 size-medium-image-16x10 wp-post-image\" alt=\"\" \/>      <\/div>\n      <h3>11. edycja Konferencji AMCS zgromadzi ekspert\u00f3w z ca\u0142ego \u015bwiata!<\/h3>\n      Zapraszamy 3\u20135 grudnia 2025 - rejestracja ju\u017c otwarta!    <\/a>\n<\/article>\t\t\t\t\t\t<\/div>\n\t\t\t\t\t\t\t\t\t\t\t<div class=\"col-sm-3\">\n\t\t\t\t\t\t\t\n<article class=\"format-standard\">\n    <span class=\"date text-right\"><i class=\"fal fa-calendar-alt\"><\/i> 24-03-2025<\/span>\n    <a href=\"https:\/\/pb.edu.pl\/iros\/2025\/03\/24\/miedzynarodowa-studencka-konferencja-naukowa-forum-pomyslow\/\">\n      <div class=\"article-image\">\n        <img loading=\"lazy\" decoding=\"async\" width=\"480\" height=\"300\" src=\"https:\/\/pb.edu.pl\/iros\/wp-content\/uploads\/sites\/24\/2025\/03\/REKRUTACJA-UZUPELNIAJACA-7-480x300.png\" class=\"attachment-medium-image-16x10 size-medium-image-16x10 wp-post-image\" alt=\"\" \/>      <\/div>\n      <h3>Mi\u0119dzynarodowa Studencka Konferencja Naukowa &#8211; Forum Pomys\u0142\u00f3w<\/h3>\n      8 maja 2025, Kowno, Litwa.    <\/a>\n<\/article>\t\t\t\t\t\t<\/div>\n\t\t\t\t\t\t\t\t\t\t\t<div class=\"col-sm-3\">\n\t\t\t\t\t\t\t\n<article class=\"format-standard\">\n    <span class=\"date text-right\"><i class=\"fal fa-calendar-alt\"><\/i> 19-03-2025<\/span>\n    <a href=\"https:\/\/pb.edu.pl\/iros\/2025\/03\/19\/2nd-international-young-researchers-conference-ideas-research-training\/\">\n      <div class=\"article-image\">\n        <img loading=\"lazy\" decoding=\"async\" width=\"480\" height=\"300\" src=\"https:\/\/pb.edu.pl\/iros\/wp-content\/uploads\/sites\/24\/2025\/03\/REKRUTACJA-UZUPELNIAJACA-3-480x300.png\" class=\"attachment-medium-image-16x10 size-medium-image-16x10 wp-post-image\" alt=\"\" \/>      <\/div>\n      <h3>2nd International Young Researchers Conference: Ideas, Research, Training<\/h3>\n      24-26 June this year in Bialystok    <\/a>\n<\/article>\t\t\t\t\t\t<\/div>\n\t\t\t\t\t\t\t\t\t\t\t<div class=\"col-sm-3\">\n\t\t\t\t\t\t\t\n<article class=\"format-standard\">\n    <span class=\"date text-right\"><i class=\"fal fa-calendar-alt\"><\/i> 03-03-2025<\/span>\n    <a href=\"https:\/\/pb.edu.pl\/iros\/2025\/03\/03\/miedzynarodowa-konferencja-amcm-2025-w-politechnice-bialostockiej\/\">\n      <div class=\"article-image\">\n        <img loading=\"lazy\" decoding=\"async\" width=\"480\" height=\"300\" src=\"https:\/\/pb.edu.pl\/iros\/wp-content\/uploads\/sites\/24\/2025\/03\/2025-02-konferencja-AMCM2025-2160x1350px-PL-2048x1280-1-480x300.jpg\" class=\"attachment-medium-image-16x10 size-medium-image-16x10 wp-post-image\" alt=\"\" srcset=\"https:\/\/pb.edu.pl\/iros\/wp-content\/uploads\/sites\/24\/2025\/03\/2025-02-konferencja-AMCM2025-2160x1350px-PL-2048x1280-1-480x300.jpg 480w, https:\/\/pb.edu.pl\/iros\/wp-content\/uploads\/sites\/24\/2025\/03\/2025-02-konferencja-AMCM2025-2160x1350px-PL-2048x1280-1-300x188.jpg 300w, https:\/\/pb.edu.pl\/iros\/wp-content\/uploads\/sites\/24\/2025\/03\/2025-02-konferencja-AMCM2025-2160x1350px-PL-2048x1280-1-1024x640.jpg 1024w, https:\/\/pb.edu.pl\/iros\/wp-content\/uploads\/sites\/24\/2025\/03\/2025-02-konferencja-AMCM2025-2160x1350px-PL-2048x1280-1-768x480.jpg 768w, https:\/\/pb.edu.pl\/iros\/wp-content\/uploads\/sites\/24\/2025\/03\/2025-02-konferencja-AMCM2025-2160x1350px-PL-2048x1280-1-1536x960.jpg 1536w, https:\/\/pb.edu.pl\/iros\/wp-content\/uploads\/sites\/24\/2025\/03\/2025-02-konferencja-AMCM2025-2160x1350px-PL-2048x1280-1.jpg 2048w\" sizes=\"auto, (max-width: 480px) 100vw, 480px\" \/>      <\/div>\n      <h3>Mi\u0119dzynarodowa Konferencja AMCM 2025 w Politechnice Bia\u0142ostockiej<\/h3>\n      Termin zg\u0142aszania abstrakt\u00f3w 30.06.2025    <\/a>\n<\/article>\t\t\t\t\t\t<\/div>\n\t\t\t\t\t\t\t\t\t\t\t<div class=\"col-sm-3\">\n\t\t\t\t\t\t\t\n<article class=\"format-standard\">\n    <span class=\"date text-right\"><i class=\"fal fa-calendar-alt\"><\/i> 26-07-2024<\/span>\n    <a href=\"https:\/\/pb.edu.pl\/iros\/2024\/07\/26\/konferencja-cisim-2024\/\">\n      <div class=\"article-image\">\n        <img loading=\"lazy\" decoding=\"async\" width=\"480\" height=\"300\" src=\"https:\/\/pb.edu.pl\/iros\/wp-content\/uploads\/sites\/24\/2024\/07\/CISIM-konferencja-2024-WIPB-www-480x300.jpg\" class=\"attachment-medium-image-16x10 size-medium-image-16x10 wp-post-image\" alt=\"\" srcset=\"https:\/\/pb.edu.pl\/iros\/wp-content\/uploads\/sites\/24\/2024\/07\/CISIM-konferencja-2024-WIPB-www-480x300.jpg 480w, https:\/\/pb.edu.pl\/iros\/wp-content\/uploads\/sites\/24\/2024\/07\/CISIM-konferencja-2024-WIPB-www-300x188.jpg 300w, https:\/\/pb.edu.pl\/iros\/wp-content\/uploads\/sites\/24\/2024\/07\/CISIM-konferencja-2024-WIPB-www-1024x640.jpg 1024w, https:\/\/pb.edu.pl\/iros\/wp-content\/uploads\/sites\/24\/2024\/07\/CISIM-konferencja-2024-WIPB-www-768x480.jpg 768w, https:\/\/pb.edu.pl\/iros\/wp-content\/uploads\/sites\/24\/2024\/07\/CISIM-konferencja-2024-WIPB-www-1536x960.jpg 1536w, https:\/\/pb.edu.pl\/iros\/wp-content\/uploads\/sites\/24\/2024\/07\/CISIM-konferencja-2024-WIPB-www.jpg 1600w\" sizes=\"auto, (max-width: 480px) 100vw, 480px\" \/>      <\/div>\n      <h3>Konferencja CISIM 2024<\/h3>\n      Odb\u0119dzie si\u0119 w dniach 27-29 wrze\u015bnia na Wydziale Informatyki.    <\/a>\n<\/article>\t\t\t\t\t\t<\/div>\n\t\t\t\t\t\t\t\t\t\t\t<div class=\"col-sm-3\">\n\t\t\t\t\t\t\t\n<article class=\"format-standard\">\n    <span class=\"date text-right\"><i class=\"fal fa-calendar-alt\"><\/i> 24-07-2024<\/span>\n    <a href=\"https:\/\/pb.edu.pl\/iros\/2024\/07\/24\/i-miedzynarodowa-konferencja-mlodych-naukowcow-pomysly-badania-szkolenia\/\">\n      <div class=\"article-image\">\n        <img loading=\"lazy\" decoding=\"async\" width=\"480\" height=\"300\" src=\"https:\/\/pb.edu.pl\/iros\/wp-content\/uploads\/sites\/24\/2024\/07\/2024-07-16-ideas-research-training-www-480x300.jpg\" class=\"attachment-medium-image-16x10 size-medium-image-16x10 wp-post-image\" alt=\"\" srcset=\"https:\/\/pb.edu.pl\/iros\/wp-content\/uploads\/sites\/24\/2024\/07\/2024-07-16-ideas-research-training-www-480x300.jpg 480w, https:\/\/pb.edu.pl\/iros\/wp-content\/uploads\/sites\/24\/2024\/07\/2024-07-16-ideas-research-training-www-300x188.jpg 300w, https:\/\/pb.edu.pl\/iros\/wp-content\/uploads\/sites\/24\/2024\/07\/2024-07-16-ideas-research-training-www-1024x640.jpg 1024w, https:\/\/pb.edu.pl\/iros\/wp-content\/uploads\/sites\/24\/2024\/07\/2024-07-16-ideas-research-training-www-768x480.jpg 768w, https:\/\/pb.edu.pl\/iros\/wp-content\/uploads\/sites\/24\/2024\/07\/2024-07-16-ideas-research-training-www.jpg 1080w\" sizes=\"auto, (max-width: 480px) 100vw, 480px\" \/>      <\/div>\n      <h3>I Mi\u0119dzynarodowa Konferencja M\u0142odych Naukowc\u00f3w: Pomys\u0142y, Badania, Szkolenia<\/h3>\n      Zg\u0142o\u015b sw\u00f3j udzia\u0142! Zapisz si\u0119!    <\/a>\n<\/article>\t\t\t\t\t\t<\/div>\n\t\t\t\t\t\t\t\t\t\t\t<div class=\"col-sm-3\">\n\t\t\t\t\t\t\t\n<article class=\"format-standard\">\n    <span class=\"date text-right\"><i class=\"fal fa-calendar-alt\"><\/i> 25-04-2024<\/span>\n    <a href=\"https:\/\/pb.edu.pl\/iros\/2024\/04\/25\/iii-interdyscyplinarna-studencka-konferencja-naukowa-statystyka-na-co-dzien\/\">\n      <div class=\"article-image\">\n        <img loading=\"lazy\" decoding=\"async\" width=\"477\" height=\"300\" src=\"https:\/\/pb.edu.pl\/iros\/wp-content\/uploads\/sites\/24\/2024\/04\/ISKN-477x320-1-477x300.png\" class=\"attachment-medium-image-16x10 size-medium-image-16x10 wp-post-image\" alt=\"\" \/>      <\/div>\n      <h3>III Interdyscyplinarna Studencka Konferencja Naukowa \u201eStatystyka na co dzie\u0144\u201d<\/h3>\n      10 maja 2024 roku na Wydziale In\u017cynierii Zarz\u0105dzania PB    <\/a>\n<\/article>\t\t\t\t\t\t<\/div>\n\t\t\t\t\t\t\t\t\t\t\t<div class=\"col-sm-3\">\n\t\t\t\t\t\t\t\n<article class=\"format-standard\">\n    <span class=\"date text-right\"><i class=\"fal fa-calendar-alt\"><\/i> 12-03-2024<\/span>\n    <a href=\"https:\/\/pb.edu.pl\/iros\/2024\/03\/12\/8-edycja-miedzynarodowej-konferencji-eufire-2024\/\">\n      <div class=\"article-image\">\n        <img loading=\"lazy\" decoding=\"async\" width=\"480\" height=\"300\" src=\"https:\/\/pb.edu.pl\/iros\/wp-content\/uploads\/sites\/24\/2024\/03\/8.-edycja-Miedzynarodowej-Konferencji-EUFIRE-2024-480x300.png\" class=\"attachment-medium-image-16x10 size-medium-image-16x10 wp-post-image\" alt=\"\" \/>      <\/div>\n      <h3>8. edycja Mi\u0119dzynarodowej Konferencji EUFIRE 2024<\/h3>\n      Zapraszamy do udzia\u0142u!    <\/a>\n<\/article>\t\t\t\t\t\t<\/div>\n\t\t\t\t\t\t\t\t\t\t\t<div class=\"col-sm-3\">\n\t\t\t\t\t\t\t\n<article class=\"format-standard\">\n    <span class=\"date text-right\"><i class=\"fal fa-calendar-alt\"><\/i> 12-02-2024<\/span>\n    <a href=\"https:\/\/pb.edu.pl\/iros\/2024\/02\/12\/xvii-konferencja-studenci-zagraniczni-w-polsce-2024\/\">\n      <div class=\"article-image\">\n        <img loading=\"lazy\" decoding=\"async\" width=\"480\" height=\"300\" src=\"https:\/\/pb.edu.pl\/iros\/wp-content\/uploads\/sites\/24\/2024\/02\/Projekt-bez-nazwy-80-480x300.png\" class=\"attachment-medium-image-16x10 size-medium-image-16x10 wp-post-image\" alt=\"\" \/>      <\/div>\n      <h3>XVII Konferencja Studenci zagraniczni w Polsce 2024<\/h3>\n      Uczestniczyli\u015bmy w wydarzeniu organizowanym w ramach Study in Poland.    <\/a>\n<\/article>\t\t\t\t\t\t<\/div>\n\t\t\t\t\t\n\t\t\t\t\n\t\t\t\t\t<\/div>\n\t\t\t\t\t<\/div>\n\n","protected":false},"excerpt":{"rendered":"","protected":false},"author":2,"featured_media":0,"parent":0,"menu_order":0,"comment_status":"closed","ping_status":"closed","template":"","meta":{"_acf_changed":false,"ngg_post_thumbnail":0,"footnotes":""},"class_list":["post-17647","page","type-page","status-publish","hentry"],"acf":[],"_links":{"self":[{"href":"https:\/\/pb.edu.pl\/iros\/wp-json\/wp\/v2\/pages\/17647","targetHints":{"allow":["GET"]}}],"collection":[{"href":"https:\/\/pb.edu.pl\/iros\/wp-json\/wp\/v2\/pages"}],"about":[{"href":"https:\/\/pb.edu.pl\/iros\/wp-json\/wp\/v2\/types\/page"}],"author":[{"embeddable":true,"href":"https:\/\/pb.edu.pl\/iros\/wp-json\/wp\/v2\/users\/2"}],"replies":[{"embeddable":true,"href":"https:\/\/pb.edu.pl\/iros\/wp-json\/wp\/v2\/comments?post=17647"}],"version-history":[{"count":0,"href":"https:\/\/pb.edu.pl\/iros\/wp-json\/wp\/v2\/pages\/17647\/revisions"}],"wp:attachment":[{"href":"https:\/\/pb.edu.pl\/iros\/wp-json\/wp\/v2\/media?parent=17647"}],"curies":[{"name":"wp","href":"https:\/\/api.w.org\/{rel}","templated":true}]}}