{"id":1374,"date":"2019-09-14T23:48:22","date_gmt":"2019-09-14T21:48:22","guid":{"rendered":"https:\/\/pb.edu.pl\/bwm\/?page_id=1374"},"modified":"2025-10-27T10:41:30","modified_gmt":"2025-10-27T09:41:30","slug":"kontakt","status":"publish","type":"page","link":"https:\/\/pb.edu.pl\/iros\/program-erasmus\/wyjazdy-studentow-program-ka107\/kontakt\/","title":{"rendered":"Kontakt"},"content":{"rendered":"<h3>Dzia\u0142 Mobilno\u015bci i Obs\u0142ugi Um\u00f3w Mi\u0119dzynarodowych<\/h3>\n<p>ul. Wiejska 45A, 15-351 Bia\u0142ystok<br \/>\n<i class=\"fa fa-fax\" aria-hidden=\"true\"><\/i> +48 85 746 9044<\/p>\n<p>Godziny otwarcia: poniedzia\u0142ek &#8211; czwartek 9.00 &#8211; 14.00<br \/>\n&nbsp;<\/p>\n<p><strong>mgr Julita Jurgiel \u2013 pok\u00f3j nr 3C<\/strong><br \/>\n<i class=\"fa fa-phone\" aria-hidden=\"true\"><\/i> + 48 85 746 90 44<br \/>\n<i class=\"fa fa-envelope-o\" aria-hidden=\"true\"><\/i> <a href=\"#\" rel=\"nofollow\"  onclick=\"this.href='mailto:' + 'erasmus.studenci' + '@' + 'pb.edu.pl'\">erasmus.studenci [at] pb.edu.pl<\/a> \u2013 wyjazdy student\u00f3w PB na studia<\/p>\n","protected":false},"excerpt":{"rendered":"<p>Dzia\u0142 Mobilno\u015bci i Obs\u0142ugi Um\u00f3w Mi\u0119dzynarodowych ul. Wiejska 45A, 15-351 Bia\u0142ystok +48 85 746 9044<\/p>\n","protected":false},"author":2,"featured_media":0,"parent":475,"menu_order":5,"comment_status":"closed","ping_status":"closed","template":"","meta":{"_acf_changed":false,"ngg_post_thumbnail":0,"footnotes":""},"class_list":["post-1374","page","type-page","status-publish","hentry"],"acf":[],"_links":{"self":[{"href":"https:\/\/pb.edu.pl\/iros\/wp-json\/wp\/v2\/pages\/1374","targetHints":{"allow":["GET"]}}],"collection":[{"href":"https:\/\/pb.edu.pl\/iros\/wp-json\/wp\/v2\/pages"}],"about":[{"href":"https:\/\/pb.edu.pl\/iros\/wp-json\/wp\/v2\/types\/page"}],"author":[{"embeddable":true,"href":"https:\/\/pb.edu.pl\/iros\/wp-json\/wp\/v2\/users\/2"}],"replies":[{"embeddable":true,"href":"https:\/\/pb.edu.pl\/iros\/wp-json\/wp\/v2\/comments?post=1374"}],"version-history":[{"count":0,"href":"https:\/\/pb.edu.pl\/iros\/wp-json\/wp\/v2\/pages\/1374\/revisions"}],"up":[{"embeddable":true,"href":"https:\/\/pb.edu.pl\/iros\/wp-json\/wp\/v2\/pages\/475"}],"wp:attachment":[{"href":"https:\/\/pb.edu.pl\/iros\/wp-json\/wp\/v2\/media?parent=1374"}],"curies":[{"name":"wp","href":"https:\/\/api.w.org\/{rel}","templated":true}]}}