{"id":1359,"date":"2019-09-14T23:09:07","date_gmt":"2019-09-14T21:09:07","guid":{"rendered":"https:\/\/pb.edu.pl\/bwm\/?page_id=1359"},"modified":"2020-10-13T15:27:15","modified_gmt":"2020-10-13T13:27:15","slug":"o-programie-erasmus","status":"publish","type":"page","link":"https:\/\/pb.edu.pl\/iros\/program-erasmus\/wyjazdy-studentow-program-ka107\/o-programie-erasmus\/","title":{"rendered":"O programie ERASMUS+"},"content":{"rendered":"<p>W ramach programu Erasmus+ mobilno\u015bci z krajami partnerskimi, od roku akademickiego 2016-2017 studenci PB mog\u0105 wyjecha\u0107 na studia do takich kraj\u00f3w jak: Serbia, Bia\u0142oru\u015b i Rosja.<\/p>\n<p>Politechnika Bia\u0142ostocka otrzyma\u0142a dofinansowanie na mobilno\u015bci z 31 krajami poza unijnymi. W poprzednim roku akademickim go\u015bcili\u015bmy 37 student\u00f3w oraz 37 nauczycieli z kraj\u00f3w partnerskich. Od roku akademickiego 2016-2017 tak\u017ce Polscy studenci maj\u0105 szans\u0119 na studia na jednej z uczelni partnerskich.<\/p>\n<h2>Dlaczego warto wzi\u0105\u0107 udzia\u0142 w programie Erasmus+?<\/h2>\n<p>Badanie efekt\u00f3w programu Erasmus przeprowadzone prze Komisj\u0119 Europejsk\u0105 potwierdza, \u017ce unijny program wymiany student\u00f3w zwi\u0119ksza mo\u017cliwo\u015bci zatrudnienia i mobilno\u015b\u0107 zawodow\u0105.<br \/>\n&nbsp;<\/p>\n<p><img loading=\"lazy\" decoding=\"async\" class=\"aligncenter wp-image-571\" src=\"https:\/\/pb.edu.pl\/iros\/wp-content\/uploads\/sites\/24\/2018\/11\/zatrudnienie.jpg\" alt=\"\" width=\"600\" height=\"457\" srcset=\"https:\/\/pb.edu.pl\/iros\/wp-content\/uploads\/sites\/24\/2018\/11\/zatrudnienie.jpg 2126w, https:\/\/pb.edu.pl\/iros\/wp-content\/uploads\/sites\/24\/2018\/11\/zatrudnienie-300x228.jpg 300w, https:\/\/pb.edu.pl\/iros\/wp-content\/uploads\/sites\/24\/2018\/11\/zatrudnienie-768x585.jpg 768w, https:\/\/pb.edu.pl\/iros\/wp-content\/uploads\/sites\/24\/2018\/11\/zatrudnienie-1024x780.jpg 1024w\" sizes=\"auto, (max-width: 600px) 100vw, 600px\" \/><\/p>\n<p><img loading=\"lazy\" decoding=\"async\" class=\"aligncenter wp-image-568\" src=\"https:\/\/pb.edu.pl\/iros\/wp-content\/uploads\/sites\/24\/2018\/11\/kariera.jpg\" alt=\"Grafika przedstawiaj\u0105ca dane statystyczne na temat umiej\u0119tno\u015bci poszukiwanych przez pracodawc\u00f3w.\" width=\"600\" height=\"600\" srcset=\"https:\/\/pb.edu.pl\/iros\/wp-content\/uploads\/sites\/24\/2018\/11\/kariera.jpg 2126w, https:\/\/pb.edu.pl\/iros\/wp-content\/uploads\/sites\/24\/2018\/11\/kariera-150x150.jpg 150w, https:\/\/pb.edu.pl\/iros\/wp-content\/uploads\/sites\/24\/2018\/11\/kariera-300x300.jpg 300w, https:\/\/pb.edu.pl\/iros\/wp-content\/uploads\/sites\/24\/2018\/11\/kariera-768x768.jpg 768w, https:\/\/pb.edu.pl\/iros\/wp-content\/uploads\/sites\/24\/2018\/11\/kariera-1024x1024.jpg 1024w\" sizes=\"auto, (max-width: 600px) 100vw, 600px\" \/><\/p>\n<p><img loading=\"lazy\" decoding=\"async\" class=\"aligncenter wp-image-569\" src=\"https:\/\/pb.edu.pl\/iros\/wp-content\/uploads\/sites\/24\/2018\/11\/praktyka.jpg\" alt=\"\" width=\"600\" height=\"267\" srcset=\"https:\/\/pb.edu.pl\/iros\/wp-content\/uploads\/sites\/24\/2018\/11\/praktyka.jpg 2126w, https:\/\/pb.edu.pl\/iros\/wp-content\/uploads\/sites\/24\/2018\/11\/praktyka-300x133.jpg 300w, https:\/\/pb.edu.pl\/iros\/wp-content\/uploads\/sites\/24\/2018\/11\/praktyka-768x341.jpg 768w, https:\/\/pb.edu.pl\/iros\/wp-content\/uploads\/sites\/24\/2018\/11\/praktyka-1024x455.jpg 1024w\" sizes=\"auto, (max-width: 600px) 100vw, 600px\" \/><\/p>\n<p><img loading=\"lazy\" decoding=\"async\" class=\"aligncenter wp-image-570\" src=\"https:\/\/pb.edu.pl\/iros\/wp-content\/uploads\/sites\/24\/2018\/11\/studenci.jpg\" alt=\"\" width=\"600\" height=\"386\" srcset=\"https:\/\/pb.edu.pl\/iros\/wp-content\/uploads\/sites\/24\/2018\/11\/studenci.jpg 2481w, https:\/\/pb.edu.pl\/iros\/wp-content\/uploads\/sites\/24\/2018\/11\/studenci-300x193.jpg 300w, https:\/\/pb.edu.pl\/iros\/wp-content\/uploads\/sites\/24\/2018\/11\/studenci-768x494.jpg 768w, https:\/\/pb.edu.pl\/iros\/wp-content\/uploads\/sites\/24\/2018\/11\/studenci-1024x658.jpg 1024w\" sizes=\"auto, (max-width: 600px) 100vw, 600px\" \/><br \/>\n&nbsp;<\/p>\n<p><a class=\"pdf\" title=\"otworzy si\u0119 w nowej karcie\" href=\"https:\/\/pb.edu.pl\/iros\/wp-content\/uploads\/sites\/24\/2018\/11\/inspiracje.pdf\" rel=\"noopener\" data-id=\"565\">Absolwenci Erasmusa &#8211; inspiruj\u0105ce kariery (PDF, wersja dost\u0119pna cyfrowo, 3 MB)<\/a><br \/>\n&nbsp;<\/p>\n<p><strong>Erasmus<\/strong>+&nbsp; jest nowym edukacyjnym programem na lata 2014-2021, zast\u0119puj\u0105cym kilka istniej\u0105cych dotychczas program\u00f3w Unii Europejskiej obejmuj\u0105cych wszystkie sektory edukacji. Mi\u0119dzy innymi wspiera mi\u0119dzynarodow\u0105 wsp\u00f3\u0142prac\u0119 szk\u00f3\u0142 wy\u017cszych, umo\u017cliwia wyjazdy student\u00f3w za granic\u0119 na cz\u0119\u015b\u0107 studi\u00f3w i praktyk\u0119, promuje mobilno\u015b\u0107 pracownik\u00f3w uczelni, stwarza uczelniom liczne mo\u017cliwo\u015bci udzia\u0142u w projektach wraz z partnerami zagranicznymi.<\/p>\n<p>Politechnika Bia\u0142ostocka uczestniczy w programie SOCRATES\/ERASMUS od roku akademickiego 1998\/99. W latach 2007-2013 Erasmus by\u0142 cz\u0119\u015bci\u0105 programu &#8222;Uczenie si\u0119 przez ca\u0142e \u017cycie&#8221; (LLP &#8211; The Lifelong Learning Programme).<\/p>\n<p><strong>Biuro ds. Wsp\u00f3\u0142pracy Mi\u0119dzynarodowej<\/strong>&nbsp;zajmuje si\u0119 przygotowywaniem um\u00f3w bilateralnych, ustaleniami dotycz\u0105cymi ich realizacji oraz monitorowaniem i koordynowaniem mi\u0119dzynarodowej wymiany dydaktycznej student\u00f3w i pracownik\u00f3w Uczelni.<\/p>\n<p>Z mo\u017cliwo\u015bci wyjazdu w ramach studi\u00f3w za granic\u0119 za po\u015brednictwem naszego Biura w ci\u0105gu ostatnich lat korzystaj\u0105 setki student\u00f3w, a tak\u017ce nauczyciele akademiccy. Na okresowe studia w naszej Uczelni przyje\u017cd\u017ca rokrocznie spora liczba student\u00f3w obcokrajowc\u00f3w oraz wyk\u0142adowc\u00f3w.<\/p>\n<p>Co roku nasze Biuro organizuje dni informacyjne Erasmus+ Days dla student\u00f3w w porze rekrutacji,&nbsp; kursy j\u0119zykowe dla student\u00f3w, spotkania dla student\u00f3w obcokrajowc\u00f3w przyje\u017cd\u017caj\u0105cych w ramach programu oraz wydaje publikacje promuj\u0105ce program.<\/p>\n<p>Studenci powracaj\u0105cy ze stypendium \u015bmia\u0142o twierdz\u0105, \u017ce wymiana studencka to niesamowita przygoda i okazja do poznania ciekawych miejsc, ludzi, ich kultury oraz podstaw nowego j\u0119zyka obcego. Zagraniczne studia daj\u0105 mo\u017cliwo\u015b\u0107 odkrycia w\u0142asnych mo\u017cliwo\u015bci i pokonania s\u0142abo\u015bci. Student zyskuje do\u015bwiadczenie, niemo\u017cliwe do zdobycia w inny spos\u00f3b.<\/p>\n","protected":false},"excerpt":{"rendered":"<p>W ramach programu Erasmus+ mobilno\u015bci z krajami partnerskimi, od roku akademickiego 2016-2017 studenci PB mog\u0105<\/p>\n","protected":false},"author":2,"featured_media":0,"parent":475,"menu_order":1,"comment_status":"closed","ping_status":"closed","template":"","meta":{"_acf_changed":false,"ngg_post_thumbnail":0,"footnotes":""},"class_list":["post-1359","page","type-page","status-publish","hentry"],"acf":[],"_links":{"self":[{"href":"https:\/\/pb.edu.pl\/iros\/wp-json\/wp\/v2\/pages\/1359","targetHints":{"allow":["GET"]}}],"collection":[{"href":"https:\/\/pb.edu.pl\/iros\/wp-json\/wp\/v2\/pages"}],"about":[{"href":"https:\/\/pb.edu.pl\/iros\/wp-json\/wp\/v2\/types\/page"}],"author":[{"embeddable":true,"href":"https:\/\/pb.edu.pl\/iros\/wp-json\/wp\/v2\/users\/2"}],"replies":[{"embeddable":true,"href":"https:\/\/pb.edu.pl\/iros\/wp-json\/wp\/v2\/comments?post=1359"}],"version-history":[{"count":0,"href":"https:\/\/pb.edu.pl\/iros\/wp-json\/wp\/v2\/pages\/1359\/revisions"}],"up":[{"embeddable":true,"href":"https:\/\/pb.edu.pl\/iros\/wp-json\/wp\/v2\/pages\/475"}],"wp:attachment":[{"href":"https:\/\/pb.edu.pl\/iros\/wp-json\/wp\/v2\/media?parent=1359"}],"curies":[{"name":"wp","href":"https:\/\/api.w.org\/{rel}","templated":true}]}}