{"id":1265,"date":"2019-09-12T22:57:13","date_gmt":"2019-09-12T20:57:13","guid":{"rendered":"https:\/\/pb.edu.pl\/bwm\/?page_id=1265"},"modified":"2022-11-25T17:07:45","modified_gmt":"2022-11-25T16:07:45","slug":"kontakt","status":"publish","type":"page","link":"https:\/\/pb.edu.pl\/iros\/projekty-nawa\/prom-2019\/kontakt\/","title":{"rendered":"Kontakt"},"content":{"rendered":"<h3>Koordynator Uczelniany Projektu<\/h3>\n<p>mgr Anna Ulitko-\u0141awicka<br \/>\n<i class=\"fal fa-phone\"><\/i> 85 746 7028<br \/>\n <i class=\"fal fa-envelope\"><\/i> <a href=\"#\" rel=\"nofollow\"  onclick=\"this.href='mailto:' + 'a.lawicka' + '@' + 'pb.edu.pl'\">a.lawicka [at] pb.edu.pl<\/a>\n<h3>Specjalista ds. administracji i ewaluacji<\/h3>\n<p>Marta Orpik<br \/>\n<i class=\"fal fa-phone\"><\/i> 85 746 7010<br \/>\n <i class=\"fal fa-envelope\"><\/i> <a href=\"#\" rel=\"nofollow\"  onclick=\"this.href='mailto:' + 'm.orpik' + '@' + 'pb.edu.pl'\">m.orpik [at] pb.edu.pl<\/a>\n<h3>Specjalista ds. ksi\u0119gowo\u015bci<\/h3>\n<p>mgr Izabela Wiszenko<br \/>\n <i class=\"fal fa-envelope\"><\/i> <a href=\"#\" rel=\"nofollow\"  onclick=\"this.href='mailto:' + 'i.wiszenko' + '@' + 'pb.edu.pl'\">i.wiszenko [at] pb.edu.pl<\/a>\n&nbsp;<br \/>\n&nbsp;<\/p>\n<h2>Wydzia\u0142owi koordynatorzy projektu<\/h2>\n<div class=\"panel-group\" id=\"custom-collapse-0\">\n<div class=\"panel panel-default\">\n\t\t\t\t<div class=\"panel-heading\">\n\t\t\t\t\t<div class=\"panel-title\">\n\t\t\t\t\t\t<a class=\"collapsed h4\" data-toggle=\"collapse\" data-parent=\"#custom-collapse-0\" href=\"#custom-collapse-0-0\">Wydzia\u0142 Architektury<\/a>\n\t\t\t\t\t<\/div>\n\t\t\t\t<\/div>\n\t\t\t\t<div id=\"custom-collapse-0-0\" class=\"panel-collapse collapse\">\n\t\t\t\t\t<div class=\"panel-body\">\n<strong>dr arch. Adam Jakimowicz<\/strong><\/p>\n<p><i class=\"fal fa-phone\"><\/i> 85 746 9921<br \/>\n <i class=\"fal fa-envelope\"><\/i> <a href=\"#\" rel=\"nofollow\"  onclick=\"this.href='mailto:' + 'wa.prodziekan.promocja' + '@' + 'pb.edu.pl'\">wa.prodziekan.promocja [at] pb.edu.pl<\/a>\n<\/div>\n\t\t\t\t<\/div>\n\t\t\t<\/div>\n<div class=\"panel panel-default\">\n\t\t\t\t<div class=\"panel-heading\">\n\t\t\t\t\t<div class=\"panel-title\">\n\t\t\t\t\t\t<a class=\"collapsed h4\" data-toggle=\"collapse\" data-parent=\"#custom-collapse-0\" href=\"#custom-collapse-0-1\">Wydzia\u0142 In\u017cynierii Zarz\u0105dzania<\/a>\n\t\t\t\t\t<\/div>\n\t\t\t\t<\/div>\n\t\t\t\t<div id=\"custom-collapse-0-1\" class=\"panel-collapse collapse\">\n\t\t\t\t\t<div class=\"panel-body\">\n<strong>mgr Yauheniya Barkun<\/strong><\/p>\n<p> <i class=\"fal fa-envelope\"><\/i> <a href=\"#\" rel=\"nofollow\"  onclick=\"this.href='mailto:' + 'y.barkun' + '@' + 'pb.edu.pl'\">y.barkun [at] pb.edu.pl<\/a>\n<\/div>\n\t\t\t\t<\/div>\n\t\t\t<\/div>\n<div class=\"panel panel-default\">\n\t\t\t\t<div class=\"panel-heading\">\n\t\t\t\t\t<div class=\"panel-title\">\n\t\t\t\t\t\t<a class=\"collapsed h4\" data-toggle=\"collapse\" data-parent=\"#custom-collapse-0\" href=\"#custom-collapse-0-2\">Wydzia\u0142 Mechaniczny<\/a>\n\t\t\t\t\t<\/div>\n\t\t\t\t<\/div>\n\t\t\t\t<div id=\"custom-collapse-0-2\" class=\"panel-collapse collapse\">\n\t\t\t\t\t<div class=\"panel-body\">\n<strong>prof. Micha\u0142 Kuciej<\/strong><\/p>\n<p><i class=\"fal fa-phone\"><\/i> 571 443 029<br \/>\n <i class=\"fal fa-envelope\"><\/i> <a href=\"#\" rel=\"nofollow\"  onclick=\"this.href='mailto:' + 'm.kuciej' + '@' + 'pb.edu.pl'\">m.kuciej [at] pb.edu.pl<\/a>\n<\/div>\n\t\t\t\t<\/div>\n\t\t\t<\/div>\n<div class=\"panel panel-default\">\n\t\t\t\t<div class=\"panel-heading\">\n\t\t\t\t\t<div class=\"panel-title\">\n\t\t\t\t\t\t<a class=\"collapsed h4\" data-toggle=\"collapse\" data-parent=\"#custom-collapse-0\" href=\"#custom-collapse-0-3\">Wydzia\u0142 Budownictwa i Nauk o \u015arodowisku<\/a>\n\t\t\t\t\t<\/div>\n\t\t\t\t<\/div>\n\t\t\t\t<div id=\"custom-collapse-0-3\" class=\"panel-collapse collapse\">\n\t\t\t\t\t<div class=\"panel-body\">\n<strong>dr hab. Agata Jab\u0142o\u0144ska-Trypu\u0107<\/strong><\/p>\n<p> <i class=\"fal fa-envelope\"><\/i> <a href=\"#\" rel=\"nofollow\"  onclick=\"this.href='mailto:' + 'a.jablonska' + '@' + 'pb.edu.pl'\">a.jablonska [at] pb.edu.pl<\/a>\n<p>&nbsp;<\/p>\n<p><strong>Instytut Nauk Le\u015bnych &#8211; dr Ewa Zapora<\/strong><\/p>\n<p> <i class=\"fal fa-envelope\"><\/i> <a href=\"#\" rel=\"nofollow\"  onclick=\"this.href='mailto:' + 'e.zapora' + '@' + 'pb.edu.pl'\">e.zapora [at] pb.edu.pl<\/a>\n<\/div>\n\t\t\t\t<\/div>\n\t\t\t<\/div>\n<div class=\"panel panel-default\">\n\t\t\t\t<div class=\"panel-heading\">\n\t\t\t\t\t<div class=\"panel-title\">\n\t\t\t\t\t\t<a class=\"collapsed h4\" data-toggle=\"collapse\" data-parent=\"#custom-collapse-0\" href=\"#custom-collapse-0-4\">Wydzia\u0142 Informatyki<\/a>\n\t\t\t\t\t<\/div>\n\t\t\t\t<\/div>\n\t\t\t\t<div id=\"custom-collapse-0-4\" class=\"panel-collapse collapse\">\n\t\t\t\t\t<div class=\"panel-body\">\n<strong>prof. Piotr Ho\u0144ko<\/strong><\/p>\n<p><i class=\"fal fa-phone\"><\/i> 85 746 90 59<br \/>\n <i class=\"fal fa-envelope\"><\/i> <a href=\"#\" rel=\"nofollow\"  onclick=\"this.href='mailto:' + 'p.honko' + '@' + 'pb.edu.pl'\">p.honko [at] pb.edu.pl<\/a>\n<\/div>\n\t\t\t\t<\/div>\n\t\t\t<\/div>\n<\/div>\n","protected":false},"excerpt":{"rendered":"<p>Koordynator Uczelniany Projektu mgr Anna Ulitko-\u0141awicka 85 746 7028 Specjalista ds. administracji i ewaluacji Marta<\/p>\n","protected":false},"author":2,"featured_media":0,"parent":1251,"menu_order":6,"comment_status":"closed","ping_status":"closed","template":"","meta":{"_acf_changed":false,"ngg_post_thumbnail":0,"footnotes":""},"class_list":["post-1265","page","type-page","status-publish","hentry"],"acf":[],"_links":{"self":[{"href":"https:\/\/pb.edu.pl\/iros\/wp-json\/wp\/v2\/pages\/1265","targetHints":{"allow":["GET"]}}],"collection":[{"href":"https:\/\/pb.edu.pl\/iros\/wp-json\/wp\/v2\/pages"}],"about":[{"href":"https:\/\/pb.edu.pl\/iros\/wp-json\/wp\/v2\/types\/page"}],"author":[{"embeddable":true,"href":"https:\/\/pb.edu.pl\/iros\/wp-json\/wp\/v2\/users\/2"}],"replies":[{"embeddable":true,"href":"https:\/\/pb.edu.pl\/iros\/wp-json\/wp\/v2\/comments?post=1265"}],"version-history":[{"count":0,"href":"https:\/\/pb.edu.pl\/iros\/wp-json\/wp\/v2\/pages\/1265\/revisions"}],"up":[{"embeddable":true,"href":"https:\/\/pb.edu.pl\/iros\/wp-json\/wp\/v2\/pages\/1251"}],"wp:attachment":[{"href":"https:\/\/pb.edu.pl\/iros\/wp-json\/wp\/v2\/media?parent=1265"}],"curies":[{"name":"wp","href":"https:\/\/api.w.org\/{rel}","templated":true}]}}

<h3>Koordynator Uczelniany Projektu</h3>
<p>mgr Anna Ulitko-Ławicka<br />
<i class="fal fa-phone"></i> 85 746 7028<br />
 <i class="fal fa-envelope"></i> <a href="#" rel="nofollow"  onclick="this.href='mailto:' + 'a.lawicka' + '@' + 'pb.edu.pl'">a.lawicka [at] pb.edu.pl</a>
<h3>Specjalista ds. administracji i ewaluacji</h3>
<p>Marta Orpik<br />
<i class="fal fa-phone"></i> 85 746 7010<br />
 <i class="fal fa-envelope"></i> <a href="#" rel="nofollow"  onclick="this.href='mailto:' + 'm.orpik' + '@' + 'pb.edu.pl'">m.orpik [at] pb.edu.pl</a>
<h3>Specjalista ds. księgowości</h3>
<p>mgr Izabela Wiszenko<br />
 <i class="fal fa-envelope"></i> <a href="#" rel="nofollow"  onclick="this.href='mailto:' + 'i.wiszenko' + '@' + 'pb.edu.pl'">i.wiszenko [at] pb.edu.pl</a>
&nbsp;<br />
&nbsp;</p>
<h2>Wydziałowi koordynatorzy projektu</h2>
<div class="panel-group" id="custom-collapse-0">
<div class="panel panel-default">
				<div class="panel-heading">
					<div class="panel-title">
						<a class="collapsed h4" data-toggle="collapse" data-parent="#custom-collapse-0" href="#custom-collapse-0-0">Wydział Architektury</a>
					</div>
				</div>
				<div id="custom-collapse-0-0" class="panel-collapse collapse">
					<div class="panel-body">
<strong>dr arch. Adam Jakimowicz</strong></p>
<p><i class="fal fa-phone"></i> 85 746 9921<br />
 <i class="fal fa-envelope"></i> <a href="#" rel="nofollow"  onclick="this.href='mailto:' + 'wa.prodziekan.promocja' + '@' + 'pb.edu.pl'">wa.prodziekan.promocja [at] pb.edu.pl</a>
</div>
				</div>
			</div>
<div class="panel panel-default">
				<div class="panel-heading">
					<div class="panel-title">
						<a class="collapsed h4" data-toggle="collapse" data-parent="#custom-collapse-0" href="#custom-collapse-0-1">Wydział Inżynierii Zarządzania</a>
					</div>
				</div>
				<div id="custom-collapse-0-1" class="panel-collapse collapse">
					<div class="panel-body">
<strong>mgr Yauheniya Barkun</strong></p>
<p> <i class="fal fa-envelope"></i> <a href="#" rel="nofollow"  onclick="this.href='mailto:' + 'y.barkun' + '@' + 'pb.edu.pl'">y.barkun [at] pb.edu.pl</a>
</div>
				</div>
			</div>
<div class="panel panel-default">
				<div class="panel-heading">
					<div class="panel-title">
						<a class="collapsed h4" data-toggle="collapse" data-parent="#custom-collapse-0" href="#custom-collapse-0-2">Wydział Mechaniczny</a>
					</div>
				</div>
				<div id="custom-collapse-0-2" class="panel-collapse collapse">
					<div class="panel-body">
<strong>prof. Michał Kuciej</strong></p>
<p><i class="fal fa-phone"></i> 571 443 029<br />
 <i class="fal fa-envelope"></i> <a href="#" rel="nofollow"  onclick="this.href='mailto:' + 'm.kuciej' + '@' + 'pb.edu.pl'">m.kuciej [at] pb.edu.pl</a>
</div>
				</div>
			</div>
<div class="panel panel-default">
				<div class="panel-heading">
					<div class="panel-title">
						<a class="collapsed h4" data-toggle="collapse" data-parent="#custom-collapse-0" href="#custom-collapse-0-3">Wydział Budownictwa i Nauk o Środowisku</a>
					</div>
				</div>
				<div id="custom-collapse-0-3" class="panel-collapse collapse">
					<div class="panel-body">
<strong>dr hab. Agata Jabłońska-Trypuć</strong></p>
<p> <i class="fal fa-envelope"></i> <a href="#" rel="nofollow"  onclick="this.href='mailto:' + 'a.jablonska' + '@' + 'pb.edu.pl'">a.jablonska [at] pb.edu.pl</a>
<p>&nbsp;</p>
<p><strong>Instytut Nauk Leśnych &#8211; dr Ewa Zapora</strong></p>
<p> <i class="fal fa-envelope"></i> <a href="#" rel="nofollow"  onclick="this.href='mailto:' + 'e.zapora' + '@' + 'pb.edu.pl'">e.zapora [at] pb.edu.pl</a>
</div>
				</div>
			</div>
<div class="panel panel-default">
				<div class="panel-heading">
					<div class="panel-title">
						<a class="collapsed h4" data-toggle="collapse" data-parent="#custom-collapse-0" href="#custom-collapse-0-4">Wydział Informatyki</a>
					</div>
				</div>
				<div id="custom-collapse-0-4" class="panel-collapse collapse">
					<div class="panel-body">
<strong>prof. Piotr Hońko</strong></p>
<p><i class="fal fa-phone"></i> 85 746 90 59<br />
 <i class="fal fa-envelope"></i> <a href="#" rel="nofollow"  onclick="this.href='mailto:' + 'p.honko' + '@' + 'pb.edu.pl'">p.honko [at] pb.edu.pl</a>
</div>
				</div>
			</div>
</div>

<p>Koordynator Uczelniany Projektu mgr Anna Ulitko-Ławicka 85 746 7028 Specjalista ds. administracji i ewaluacji Marta</p>
