{"id":299,"date":"2019-05-07T22:34:55","date_gmt":"2019-05-07T20:34:55","guid":{"rendered":"https:\/\/pb.edu.pl\/iro\/?page_id=299"},"modified":"2023-05-09T10:57:43","modified_gmt":"2023-05-09T08:57:43","slug":"how-to-get-to-bialystok","status":"publish","type":"page","link":"https:\/\/pb.edu.pl\/iro\/how-to-get-to-bialystok\/","title":{"rendered":"How to get to Bialystok"},"content":{"rendered":"<div class=\"row\">\n<div class=\"col-sm-8\">\n<p>The airports closest to Bialystok are in Warsaw: Warsaw Ok\u0119cie (Chopin Airport) or Warsaw Modlin.&nbsp;<\/p>\n<p><img loading=\"lazy\" decoding=\"async\" class=\"alignleft size-full wp-image-652\" src=\"https:\/\/pb.edu.pl\/iro\/wp-content\/uploads\/sites\/32\/2019\/09\/chopin.png\" alt=\"Warsaw Chopin Airport\" width=\"241\" height=\"91\"><\/p>\n<p>&nbsp;<\/p>\n<p><strong>FROM <a title=\"Opens in a new tab\" href=\"https:\/\/www.lotnisko-chopina.pl\/en\/index.html\" target=\"_blank\" rel=\"noopener\">CHOPIN AIRPORT<\/a><\/strong><\/p>\n<p>&nbsp;<\/p>\n<\/div>\n<p>&nbsp;<\/p>\n<div class=\"col-sm-8\">\n<p><strong>BY BUS:<\/strong><\/p>\n<p>There are buses directly from the airport bus terminal to Bia\u0142ystok. You can buy a ticket online (recommended), or from the driver on the bus, as long as there are still seats available.<\/p>\n<p>&nbsp;<\/p>\n<p><a title=\"Opens in a new tab\" href=\"https:\/\/plusbus.pl\/\" target=\"_blank\" rel=\"noopener\">Plus Bus<\/a> (the site is in Polish, but works well with Google Translate)<\/p>\n<p>FROM: Warszawa \u2013 Port Lotniczy Ok\u0119cie<\/p>\n<p>TO: Bia\u0142ystok, Bia\u0142ystok dla wysiadaj\u0105cych Dworzec PKS<\/p>\n<p>&nbsp;<\/p>\n<p><a title=\"Opens in a new tab\" href=\"https:\/\/zakexpress.pl\/en\/\" target=\"_blank\" rel=\"noopener\">\u017bak Express<\/a> (in English)<\/p>\n<p>FROM: Warszawa, Lotnisko Chopina<\/p>\n<p>TO: Bia\u0142ystok, Dworzec Autobusowy<\/p>\n<p>&nbsp;<\/p>\n<p><a title=\"Opens in a new tab\" href=\"https:\/\/omni-bus.pl\/\" target=\"_blank\" rel=\"noopener\">Omni Bus<\/a> (the site is in Polish, but works well with Google Translate)<\/p>\n<p>FROM: Warszawa, Lotnisko Ok\u0119cie<\/p>\n<p>TO: Bia\u0142ystok &#8211; Przy Dworcu PKS<\/p>\n<p>&nbsp;<\/p>\n<p><a title=\"Opens in a new tab\" href=\"https:\/\/global.flixbus.com\/\" target=\"_blank\" rel=\"noopener\">Flixbus<\/a> (in English)<\/p>\n<p>FROM: Warsaw Airport<\/p>\n<p>TO: Bia\u0142ystok<\/p>\n<p>&nbsp;<\/p>\n<p><strong>BY TRAIN:<\/strong><\/p>\n<p>You can also take the train, but the journey requires changes \u2013 you have to change trains at the station in Warsaw (Warszawa Wschodnia, Warszawa Centralna or Warszawa Zachodnia station).<\/p>\n<p>&nbsp;<\/p>\n<p>Here you can check available connections with all the details and buy a ticket:<\/p>\n<p><a title=\"Opens in a new tab\" href=\"https:\/\/portalpasazera.pl\/en\/Wyszukiwarka\/Index\" target=\"_blank\" rel=\"noopener\">Portal Pasa\u017cera<\/a> (in English)<\/p>\n<p>FROM: Warszawa Lotnisko Chopina<\/p>\n<p>TO: Bia\u0142ystok<\/p>\n<hr>\n<p><img loading=\"lazy\" decoding=\"async\" class=\"alignright size-full wp-image-653\" src=\"https:\/\/pb.edu.pl\/iro\/wp-content\/uploads\/sites\/32\/2019\/09\/modlin.png\" alt=\"Warsaw Modlin Airport\" width=\"231\" height=\"100\"><\/p>\n<p>&nbsp;<\/p>\n<p><strong>FROM <a title=\"Opens in a new tab\" href=\"https:\/\/modlinairport.pl\/\" target=\"_blank\" rel=\"noopener\">WARSAW MODLIN AIRPORT<\/a><\/strong><\/p>\n<p>&nbsp;<\/p>\n<p><strong>BY BUS:<\/strong><\/p>\n<p><a title=\"Opens in a new tab\" href=\"https:\/\/zakexpress.pl\/en\/\" target=\"_blank\" rel=\"noopener\">\u017bak Express<\/a> (in English)<\/p>\n<p>FROM: Modlin Port Lotniczy, Nowy Dw\u00f3r Mazowiecki<\/p>\n<p>TO: Bia\u0142ystok, Dworzec Autobusowy<\/p>\n<p>&nbsp;<\/p>\n<p><a title=\"Opens in a new tab\" href=\"https:\/\/global.flixbus.com\/\" target=\"_blank\" rel=\"noopener\">Flixbus<\/a> (in English)<\/p>\n<p>FROM: Modlin Airport<\/p>\n<p>TO: Bia\u0142ystok<\/p>\n<p>&nbsp;<\/p>\n<p><strong>BY TRAIN:<\/strong><\/p>\n<p>Warsaw Modlin Airport and Modlin train station is connected by a shuttle bus. The bus runs every 20 to 30 minutes from 12:02 am to 11:02 pm. Journey is about 10 minutes. You can buy a ticket the Arrivals Hall of the Airport.<\/p>\n<p>From Modlin Train Station take the Koleje Mazowieckie (KML) train directly to &nbsp;Warsaw (Warszawa Wschodnia, Warszawa Centralna or Warszawa Zachodnia station &#8211; approx. 45 minutes), and then change train to Bialystok.<\/p>\n<p>Here you can check available connections with all the details and buy a ticket:<\/p>\n<p><a title=\"Opens in a new tab\" href=\"https:\/\/portalpasazera.pl\/en\/Wyszukiwarka\/Index\" target=\"_blank\" rel=\"noopener\">Portal Pasa\u017cera<\/a> (in English)<\/p>\n<p>FROM: Modlin<\/p>\n<p>TO: Bia\u0142ystok<\/p>\n<\/div>\n<\/div>\n","protected":false},"excerpt":{"rendered":"<p>The airports closest to Bialystok are in Warsaw: Warsaw Ok\u0119cie (Chopin Airport) or Warsaw Modlin.&nbsp;<\/p>\n","protected":false},"author":2,"featured_media":0,"parent":0,"menu_order":29,"comment_status":"closed","ping_status":"closed","template":"","meta":{"_acf_changed":false,"ngg_post_thumbnail":0,"footnotes":""},"class_list":["post-299","page","type-page","status-publish","hentry"],"acf":[],"_links":{"self":[{"href":"https:\/\/pb.edu.pl\/iro\/wp-json\/wp\/v2\/pages\/299","targetHints":{"allow":["GET"]}}],"collection":[{"href":"https:\/\/pb.edu.pl\/iro\/wp-json\/wp\/v2\/pages"}],"about":[{"href":"https:\/\/pb.edu.pl\/iro\/wp-json\/wp\/v2\/types\/page"}],"author":[{"embeddable":true,"href":"https:\/\/pb.edu.pl\/iro\/wp-json\/wp\/v2\/users\/2"}],"replies":[{"embeddable":true,"href":"https:\/\/pb.edu.pl\/iro\/wp-json\/wp\/v2\/comments?post=299"}],"version-history":[{"count":0,"href":"https:\/\/pb.edu.pl\/iro\/wp-json\/wp\/v2\/pages\/299\/revisions"}],"wp:attachment":[{"href":"https:\/\/pb.edu.pl\/iro\/wp-json\/wp\/v2\/media?parent=299"}],"curies":[{"name":"wp","href":"https:\/\/api.w.org\/{rel}","templated":true}]}}