{"id":3622,"date":"2026-04-16T00:01:39","date_gmt":"2026-04-15T22:01:39","guid":{"rendered":"https:\/\/pb.edu.pl\/innobuild2026\/?page_id=3622"},"modified":"2026-04-29T20:31:31","modified_gmt":"2026-04-29T18:31:31","slug":"poster-session-p1","status":"publish","type":"page","link":"https:\/\/pb.edu.pl\/innobuild2026\/about-conference\/conference-program\/poster-session-p1\/","title":{"rendered":"Poster session P1"},"content":{"rendered":"<ol>\n<li><em>Pore-size effects in contaminant adsorption<\/em><br \/>\nCristian Moreno-Pulido, Maria Aguareles, Alba Cabrera-Codony,<br \/>\nUniversity of Girona, Spain<\/li>\n<li><em>National transposition of Directive (EU) 2018\/844: comparative energy evaluation of a public building in Poland and Spain<\/em><br \/>\nRafael Calder\u00f3n Rodr\u00edguez<sup>1<\/sup>, Antonio Rodero Serrano<sup>1<\/sup>, Agata O\u0142tarzewska<sup>2<\/sup>, Dorota Anna Krawczyk<sup>2<\/sup><br \/>\n<sup>1<\/sup>University of Cordoba, Spain; <sup>2 <\/sup>Bialystok University of Technology, Poland<\/li>\n<li><em>Determination of the building heat demand based on the actual heat consumption<\/em><br \/>\nW\u0142adys\u0142aw Szaflik<br \/>\nWest Pomeranian University of Technology in Szczecin, Poland<\/li>\n<li><em>Theoretical analysis of ETICS performance in cold and humid climates based on experimental hygrothermal characterization<\/em><br \/>\nJolanta \u0160adauskien\u0117<sup>1<\/sup>, Dorota Anna Krawczyk<sup>2<\/sup>, Monika Terentjievien\u0117<sup>3<\/sup>, Paris A. Fokaides<sup>1,4<\/sup><br \/>\n<sup>1<\/sup>Kaunas University of Technology, Lithuania<sup>; 2<\/sup>Bialystok University of Technology, Poland; <sup>3<\/sup>Technical University Berlin, Germany; <sup>4<\/sup>Frederick University, Cyprus<\/li>\n<li><em>Urban design \u2013 a case study from Bialystok<\/em><br \/>\nWojciech Matys<br \/>\nBialystok University of Technology, Poland<\/li>\n<li><em>Transformation of green areas in multi\u2011family housing developments in the Kawaleryjskie Estate in Bia\u0142ystok: a case study<\/em><br \/>\nMarta Baum<br \/>\nBialystok University of Technology, Poland<\/li>\n<li><em>UV germicidal irradiation installations \u2013 reliability versus energy efficiency<\/em><br \/>\nUrszula J. B\u0142aszczak, Bartosz Krajewski<br \/>\nBialystok University of Technology, Poland<\/li>\n<li><em>Changes in radiative exchange in gaps in ETICS systems<\/em><br \/>\nArkadiusz Urz\u0119dowski<sup>1<\/sup>, Dorota Anna Krawczyk<sup>2<\/sup>, Andrzej Sachajdak<sup>3<\/sup><br \/>\n<sup>1<\/sup>Lublin University of Technology, Poland; <sup>2<\/sup>Bialystok University of Technology, Poland; <sup>3<\/sup>Silesian University of Technology, Poland<\/li>\n<li><em>Requirements for permissible CO<sub>2<\/sub> concentrations in indoor air in schools \u2013 worldwide examples<\/em><br \/>\nAnna Justyna Werner-Juszczuk<sup>1<\/sup>, Alice Bolzan<sup>2<\/sup><br \/>\n<sup>1<\/sup>Bialystok University of Technology, Poland; <sup>2<\/sup>University of Udine, Italy<\/li>\n<li><em>Sustainability and innovation of modern vertical-axis wind turbine composite blades<\/em><br \/>\nSobhy M. Ghoneam<sup>1<\/sup>, Taha S. Sherif<sup>1,2<\/sup><br \/>\n<sup>1<\/sup>Menoufia University, Egypt; <sup>2<\/sup>Menoufia National University, Egypt<\/li>\n<li><em>Evaluation of the energy and ecological effects of a photovoltaic-thermal system<\/em><br \/>\nAlicja Siuta-Olcha<sup>1<\/sup>, Emilia Modrzy\u0144ska<sup>1<\/sup>, Tomasz Ruszniak<sup>1<\/sup>, Anna Justyna Werner-Juszczuk<sup>2<\/sup><br \/>\n<sup>1<\/sup>Lublin University of Technology, Poland; <sup>2<\/sup>Bialystok University of Technology, Poland<\/li>\n<li><em>Utilization of construction waste as components of lime fertilizers<\/em><br \/>\nObidzi\u0144ski S\u0142awomir<sup>1<\/sup>, Cwalina Pawe\u0142<sup>1<\/sup>, Sienkiewicz Aneta<sup>1<\/sup>, Kowczyk-Sadowy Ma\u0142gorzata<sup>1<\/sup>, Panasiewicz Micha\u0142<sup>2<\/sup><br \/>\n<sup>1<\/sup>Bialystok University of Technology, Poland; <sup>2<\/sup>ROLPOL O\u0142adakowscy Sp\u00f3\u0142ka Jawna, Poland<\/li>\n<li><em>Extensive green roofs and surface runoff reduction: a case study of a multi\u2011family residential complex<\/em><br \/>\nKamil L. Rawski<br \/>\nBialystok University of Technology, Poland<\/li>\n<li><em>Natural materials in the modernization and adaptation of traditional wooden architecture<\/em><br \/>\nJoanna Or\u0142owska-Rogalska<br \/>\nBialystok University of Technology, Poland<\/li>\n<li><em>Comparison of financial support programs for photovoltaic micro\u2011installations in Poland and Romania<\/em><br \/>\nAnna Justyna Werner-Juszczuk<sup>1<\/sup>, Denisa Rusinaru<sup>2<\/sup>, Paul Mihai Mircea<sup>2<\/sup><br \/>\n<sup>1<\/sup>Bialystok University of Technology, Poland; <sup>2<\/sup>University of Craiova, Romania<\/li>\n<li><em>Proof of concept for an innovative ice slurry production method <\/em><br \/>\nManuel Matthes, Levi Walter, Jonathan Rausendorf, Jonathan Laun, Thorsten Urbaneck<br \/>\nChemnitz University of Technology, Germany<\/li>\n<li><em>The climate and urban conditions of the bus shelters with green roofs location<\/em><br \/>\nDorota Gawryluk<br \/>\nBialystok University of Technology, Poland<\/li>\n<li><em>Assessment of primary energy demand for selected heat sources in a reference multi-family residential building across different climate zones of Poland<\/em><br \/>\nAgata O\u0142tarzewska<br \/>\nBialystok University of Technology, Poland<\/li>\n<li><em>An analysis of carbon sequestration potential through a green roof applied to a public library in Romania<\/em><br \/>\nMihai Fofiu<sup>1<\/sup>, Alina-Maria Tenche-Constantinescu<sup>2<\/sup>, Cosmin Alin Popescu<sup>2<\/sup>, Marius Mosoarca<sup>2,3<\/sup>, Dacian Lalescu<sup>2<\/sup><br \/>\n<sup>1<\/sup>Politehnica University Timisoara, Romania;&nbsp; <sup>2<\/sup>The King Michael I University of Life Sciences, Romania; <sup>3<\/sup>Carbon HUB, Romania<\/li>\n<li><em>Building energy audit, thermal comfort, and costs assessment of two school buildings: A case study<\/em><br \/>\nMihai Fofiu<sup>1<\/sup>, Marius Mosoarca<sup>2<\/sup>, Cosmin Alin Popescu<sup>2<\/sup><br \/>\n<sup>1<\/sup>The Polytechnic University of Timisoara, Romania; <sup>2<\/sup>The King Michael I University of Life Sciences, Romania<\/p>\n<li><em>Edible productive urban landscapes as components of sustainable green infrastructure, breathe | Respirar \u2013 Breathe &#038; Feed<\/em><br \/>\nVer\u00f3nica Fabio, Luciano Gomez, Sebastian Mouzo<br \/>\nUniversity of Buenos Aires, Argentina<\/li>\n<li><em>Urban carbon sequestration as a climate-neutrality strategy: Nature-Based Solutions in Timi\u0219oara, Romania<\/em><br \/>\nMarius Mo\u0219oarc\u0103, Cosmin Alin Popescu, Adina Horablaga, Virgil Dacian Lalescu, Narcis B\u0103ghin\u0103, Alina-Maria \u021aenche-Constantinescu<\/p>\n<p>University of Life Sciences \u201cKing Mihai I\u201d from Timi\u0219oara, Romania<\/li>\n<li><em>Analysis of room temperature decrease as a result of an interruption in the heat supply<\/em><br \/>\nLech Licho\u0142ai, Joanna Kraso\u0144, Przemys\u0142aw Mi\u0105sik, Bo\u017cena Babiarz<br \/>\nRzesz\u00f3w University of Technology, Poland<\/li>\n<li><em>The impact of thermal bridge solutions on usable energy in a single-family building<\/em><br \/>\nPrzemys\u0142aw Markiewicz-Zahorski<sup>1<\/sup>, Miros\u0142aw Cisak<sup>2<\/sup>, Ma\u0142gorzata Fedorczak-Cisak<sup>1<\/sup><br \/>\n<sup>1<\/sup>Cracow University of Technology, Poland; <sup>2<\/sup>AGH University of Science and Technology in Krak\u00f3w, Poland<\/li>\n<\/ol>\n","protected":false},"excerpt":{"rendered":"<p>Pore-size effects in contaminant adsorption Cristian Moreno-Pulido, Maria Aguareles, Alba Cabrera-Codony, University of Girona, Spain<\/p>\n","protected":false},"author":2,"featured_media":0,"parent":3119,"menu_order":1,"comment_status":"closed","ping_status":"closed","template":"","meta":{"_acf_changed":false,"ngg_post_thumbnail":0,"footnotes":""},"class_list":["post-3622","page","type-page","status-publish","hentry"],"acf":[],"_links":{"self":[{"href":"https:\/\/pb.edu.pl\/innobuild2026\/wp-json\/wp\/v2\/pages\/3622","targetHints":{"allow":["GET"]}}],"collection":[{"href":"https:\/\/pb.edu.pl\/innobuild2026\/wp-json\/wp\/v2\/pages"}],"about":[{"href":"https:\/\/pb.edu.pl\/innobuild2026\/wp-json\/wp\/v2\/types\/page"}],"author":[{"embeddable":true,"href":"https:\/\/pb.edu.pl\/innobuild2026\/wp-json\/wp\/v2\/users\/2"}],"replies":[{"embeddable":true,"href":"https:\/\/pb.edu.pl\/innobuild2026\/wp-json\/wp\/v2\/comments?post=3622"}],"version-history":[{"count":8,"href":"https:\/\/pb.edu.pl\/innobuild2026\/wp-json\/wp\/v2\/pages\/3622\/revisions"}],"predecessor-version":[{"id":3659,"href":"https:\/\/pb.edu.pl\/innobuild2026\/wp-json\/wp\/v2\/pages\/3622\/revisions\/3659"}],"up":[{"embeddable":true,"href":"https:\/\/pb.edu.pl\/innobuild2026\/wp-json\/wp\/v2\/pages\/3119"}],"wp:attachment":[{"href":"https:\/\/pb.edu.pl\/innobuild2026\/wp-json\/wp\/v2\/media?parent=3622"}],"curies":[{"name":"wp","href":"https:\/\/api.w.org\/{rel}","templated":true}]}}