{"id":2607,"date":"2025-10-08T10:09:41","date_gmt":"2025-10-08T08:09:41","guid":{"rendered":"https:\/\/pb.edu.pl\/inkubator\/?page_id=2607"},"modified":"2025-10-08T20:10:37","modified_gmt":"2025-10-08T18:10:37","slug":"wynajem-sali-szkoleniowej","status":"publish","type":"page","link":"https:\/\/pb.edu.pl\/inkubator\/uslugi\/wynajem-sali-szkoleniowej\/","title":{"rendered":"Wynajem sali szkoleniowej"},"content":{"rendered":"<p>Znajduj\u0105ca si\u0119 w budynku przy ul. Zwierzynieckiej 10, sala szkoleniowa powsta\u0142a z my\u015bl\u0105 o prowadzeniu szkole\u0144 z przedsi\u0119biorczo\u015bci, innowacyjno\u015bci, informatyki i innych dziedzin technicznych. W pe\u0142ni klimatyzowana sala szkoleniowa zajmuje powierzchni\u0119 79 m<sup>2<\/sup>, dzi\u0119ki czemu jest jedn\u0105 z wi\u0119kszych tego typu sal w Bia\u0142ymstoku. Mobilne ustawienie sto\u0142\u00f3w, zorganizowanie przestrzeni w dowolnym uk\u0142adzie oraz rozk\u0142ad pomieszczenia pozwala na swobodn\u0105 aran\u017cacj\u0119 pomieszczenia. Sala pomie\u015bci do 40 os\u00f3b w uk\u0142adzie teatralnym.<\/p>\n<p>Ze wzgl\u0119du na du\u017c\u0105 liczb\u0119 gniazd elektrycznych sala idealnie sprawdza si\u0119 podczas wynajm\u00f3w wymagaj\u0105cych korzystania z komputer\u00f3w.<\/p>\n<p>Sala wyposa\u017cona jest w projektor multimedialny, tablic\u0119 interaktywn\u0105, dodatkowe monitory, tablice sucho\u015bcieralne. Wszystkie te elementy u\u0142atwi\u0105 prowadzenie zaj\u0119\u0107, szkole\u0144 i warsztat\u00f3w. Dodatkowym atutem Sali jest dost\u0119p do ponad 200 bezp\u0142atnych miejsc parkingowych w bezpo\u015brednim s\u0105siedztwie obiektu. Bior\u0105c pod uwag\u0119 dost\u0119pno\u015b\u0107 budynku przez ca\u0142\u0105 dob\u0119, 7 dni w tygodniu, sal\u0119 szkoleniow\u0105 mo\u017cna wynaj\u0105\u0107 r\u00f3wnie\u017c w godzinach wieczornych oraz weekendy. Pomieszczenie doskonale sprawdza si\u0119 jako sala do prowadzenia kurs\u00f3w i zaj\u0119\u0107 z programowania, informatyki, grafiki oraz innych, podobnych zaj\u0119\u0107.<\/p>\n<p>W celu wyceny prosimy o bezpo\u015bredni <a href=\"https:\/\/pb.edu.pl\/inkubator\/kontakt\/\">kontakt<\/a>.<\/p>\n<div class=\"row\">\n<div class=\"col-sm-6\"><a href=\"https:\/\/pb.edu.pl\/inkubator\/wp-content\/uploads\/sites\/158\/2025\/10\/wyposazenie-sal-1.jpg\"><img loading=\"lazy\" decoding=\"async\" src=\"https:\/\/pb.edu.pl\/inkubator\/wp-content\/uploads\/sites\/158\/2025\/10\/wyposazenie-sal-1.jpg\" alt=\"sala wyk\u0142adowa\" width=\"945\" height=\"611\" class=\"alignnone size-full wp-image-2646\" srcset=\"https:\/\/pb.edu.pl\/inkubator\/wp-content\/uploads\/sites\/158\/2025\/10\/wyposazenie-sal-1.jpg 945w, https:\/\/pb.edu.pl\/inkubator\/wp-content\/uploads\/sites\/158\/2025\/10\/wyposazenie-sal-1-300x194.jpg 300w, https:\/\/pb.edu.pl\/inkubator\/wp-content\/uploads\/sites\/158\/2025\/10\/wyposazenie-sal-1-768x497.jpg 768w\" sizes=\"auto, (max-width: 945px) 100vw, 945px\" \/><\/a><\/div>\n<div class=\"col-sm-6\"><a href=\"https:\/\/pb.edu.pl\/inkubator\/wp-content\/uploads\/sites\/158\/2025\/10\/wyposazenie-sal-2.jpg\"><img loading=\"lazy\" decoding=\"async\" src=\"https:\/\/pb.edu.pl\/inkubator\/wp-content\/uploads\/sites\/158\/2025\/10\/wyposazenie-sal-2.jpg\" alt=\"sala wyk\u0142adowa\" width=\"945\" height=\"611\" class=\"alignnone size-full wp-image-2647\" srcset=\"https:\/\/pb.edu.pl\/inkubator\/wp-content\/uploads\/sites\/158\/2025\/10\/wyposazenie-sal-2.jpg 945w, https:\/\/pb.edu.pl\/inkubator\/wp-content\/uploads\/sites\/158\/2025\/10\/wyposazenie-sal-2-300x194.jpg 300w, https:\/\/pb.edu.pl\/inkubator\/wp-content\/uploads\/sites\/158\/2025\/10\/wyposazenie-sal-2-768x497.jpg 768w\" sizes=\"auto, (max-width: 945px) 100vw, 945px\" \/><\/a><\/div>\n<\/div>\n","protected":false},"excerpt":{"rendered":"<p>Znajduj\u0105ca si\u0119 w budynku przy ul. Zwierzynieckiej 10, sala szkoleniowa powsta\u0142a z my\u015bl\u0105 o prowadzeniu<\/p>\n","protected":false},"author":2,"featured_media":0,"parent":2192,"menu_order":2,"comment_status":"closed","ping_status":"closed","template":"","meta":{"_acf_changed":false,"ngg_post_thumbnail":0,"footnotes":""},"class_list":["post-2607","page","type-page","status-publish","hentry"],"acf":[],"_links":{"self":[{"href":"https:\/\/pb.edu.pl\/inkubator\/wp-json\/wp\/v2\/pages\/2607","targetHints":{"allow":["GET"]}}],"collection":[{"href":"https:\/\/pb.edu.pl\/inkubator\/wp-json\/wp\/v2\/pages"}],"about":[{"href":"https:\/\/pb.edu.pl\/inkubator\/wp-json\/wp\/v2\/types\/page"}],"author":[{"embeddable":true,"href":"https:\/\/pb.edu.pl\/inkubator\/wp-json\/wp\/v2\/users\/2"}],"replies":[{"embeddable":true,"href":"https:\/\/pb.edu.pl\/inkubator\/wp-json\/wp\/v2\/comments?post=2607"}],"version-history":[{"count":0,"href":"https:\/\/pb.edu.pl\/inkubator\/wp-json\/wp\/v2\/pages\/2607\/revisions"}],"up":[{"embeddable":true,"href":"https:\/\/pb.edu.pl\/inkubator\/wp-json\/wp\/v2\/pages\/2192"}],"wp:attachment":[{"href":"https:\/\/pb.edu.pl\/inkubator\/wp-json\/wp\/v2\/media?parent=2607"}],"curies":[{"name":"wp","href":"https:\/\/api.w.org\/{rel}","templated":true}]}}