{"id":30,"date":"2020-05-18T14:50:02","date_gmt":"2020-05-18T12:50:02","guid":{"rendered":"https:\/\/pb.edu.pl\/iie\/?page_id=30"},"modified":"2026-02-16T09:34:53","modified_gmt":"2026-02-16T08:34:53","slug":"rejestracja","status":"publish","type":"page","link":"https:\/\/pb.edu.pl\/iie\/rejestracja\/","title":{"rendered":"Rejestracja"},"content":{"rendered":"<p>W celu rejestracji prosimy o wype\u0142nienie i przes\u0142anie \u201eKarty zg\u0142oszenia uczestnictwa\u201d na adres e-mail: <a href=\"mailto:iie2026@uwb.edu.pl\">iie2026@uwb.edu.pl<\/a> do dnia 15.02.2026 r.<\/p>\n<p><a class=\"docx\" title=\"pobierz plik\" href=\"https:\/\/pb.edu.pl\/iie\/wp-content\/uploads\/sites\/97\/2026\/02\/KARTA-ZGLOSZENIA-UCZESTNICTWA-2026a.docx\" data-id=\"2179\">Karta zg\u0142oszenia uczestnictwa w konferencji naukowej<\/a><\/p>\n<p><a class=\"docx\" title=\"pobierz plik\" href=\"https:\/\/pb.edu.pl\/iie\/wp-content\/uploads\/sites\/97\/2024\/01\/Zalacznik_wzor-streszczenia.docx\" data-id=\"1515\">Za\u0142\u0105cznik &#8211; wz\u00f3r streszczenia (DOCX, 18 KB)<\/a><\/p>\n","protected":false},"excerpt":{"rendered":"<p>W celu rejestracji prosimy o wype\u0142nienie i przes\u0142anie \u201eKarty zg\u0142oszenia uczestnictwa\u201d na adres e-mail: iie2026@uwb.edu.pl<\/p>\n","protected":false},"author":2,"featured_media":0,"parent":0,"menu_order":6,"comment_status":"closed","ping_status":"closed","template":"","meta":{"_acf_changed":false,"ngg_post_thumbnail":0,"footnotes":""},"class_list":["post-30","page","type-page","status-publish","hentry"],"acf":[],"_links":{"self":[{"href":"https:\/\/pb.edu.pl\/iie\/wp-json\/wp\/v2\/pages\/30","targetHints":{"allow":["GET"]}}],"collection":[{"href":"https:\/\/pb.edu.pl\/iie\/wp-json\/wp\/v2\/pages"}],"about":[{"href":"https:\/\/pb.edu.pl\/iie\/wp-json\/wp\/v2\/types\/page"}],"author":[{"embeddable":true,"href":"https:\/\/pb.edu.pl\/iie\/wp-json\/wp\/v2\/users\/2"}],"replies":[{"embeddable":true,"href":"https:\/\/pb.edu.pl\/iie\/wp-json\/wp\/v2\/comments?post=30"}],"version-history":[{"count":2,"href":"https:\/\/pb.edu.pl\/iie\/wp-json\/wp\/v2\/pages\/30\/revisions"}],"predecessor-version":[{"id":2181,"href":"https:\/\/pb.edu.pl\/iie\/wp-json\/wp\/v2\/pages\/30\/revisions\/2181"}],"wp:attachment":[{"href":"https:\/\/pb.edu.pl\/iie\/wp-json\/wp\/v2\/media?parent=30"}],"curies":[{"name":"wp","href":"https:\/\/api.w.org\/{rel}","templated":true}]}}