{"id":2190,"date":"2026-02-26T13:44:07","date_gmt":"2026-02-26T12:44:07","guid":{"rendered":"https:\/\/pb.edu.pl\/iie\/?page_id=2190"},"modified":"2026-02-26T13:50:31","modified_gmt":"2026-02-26T12:50:31","slug":"propozycja-oferty-sponsorskiej","status":"publish","type":"page","link":"https:\/\/pb.edu.pl\/iie\/o-konferencji\/propozycja-oferty-sponsorskiej\/","title":{"rendered":"Propozycja oferty sponsorskiej"},"content":{"rendered":"<p>Serdecznie zapraszamy do wsparcia Konferencji \u201eInnowacje w In\u017cynierii Ekologicznej &#8211; \u015brodowisko, zdrowie cz\u0142owieka i technologie&#8221;, co prze\u0142o\u017cy si\u0119 na promocj\u0119 i wzrost rozpoznawalno\u015bci Pa\u0144stwa firmy w \u015brodowisku naukowc\u00f3w i specjalist\u00f3w z bran\u017cy ekologicznej, \u015brodowiskowej i medycznej.<br \/>\nPrzedstawiamy propozycj\u0119 pakiet\u00f3w sponsorskich, jednocze\u015bnie jeste\u015bmy otwarci na Pa\u0144stwa indywidualne propozycje.&nbsp;<br \/>\nKinga Koziak, e-mail: <a href=\"mailto:kinga.koziak@sd.pb.edu.pl\" target=\"_blank\" rel=\"noopener noreferrer\">kinga.koziak@sd.pb.edu.pl<\/a><\/p>\n<p><a class=\"pdf\" href=\"https:\/\/pb.edu.pl\/iie\/wp-content\/uploads\/sites\/97\/2026\/02\/Oferta-sponsorska-IIE.pdf\" target=\"_blank\" data-id=\"2194\">Oferta sponsorska IIE<span>(PDF, 470 KB, otworzy si\u0119 w nowej karcie)<\/span><\/a><\/p>\n<p><a title=\"pobierz plik\" class=\"docx\" href=\"https:\/\/pb.edu.pl\/iie\/wp-content\/uploads\/sites\/97\/2026\/02\/Oferta-sponsorska-IIE_druk-zamowienia.docx\" data-id=\"2196\">Oferta sponsorska IIE &#8211; druk zam\u00f3wienia <span>(DOCX, 588 KB)<\/span><\/a><\/p>\n","protected":false},"excerpt":{"rendered":"<p>Serdecznie zapraszamy do wsparcia Konferencji \u201eInnowacje w In\u017cynierii Ekologicznej &#8211; \u015brodowisko, zdrowie cz\u0142owieka i technologie&#8221;,<\/p>\n","protected":false},"author":105,"featured_media":0,"parent":1084,"menu_order":0,"comment_status":"closed","ping_status":"closed","template":"","meta":{"_acf_changed":false,"ngg_post_thumbnail":0,"footnotes":""},"class_list":["post-2190","page","type-page","status-publish","hentry"],"acf":[],"_links":{"self":[{"href":"https:\/\/pb.edu.pl\/iie\/wp-json\/wp\/v2\/pages\/2190","targetHints":{"allow":["GET"]}}],"collection":[{"href":"https:\/\/pb.edu.pl\/iie\/wp-json\/wp\/v2\/pages"}],"about":[{"href":"https:\/\/pb.edu.pl\/iie\/wp-json\/wp\/v2\/types\/page"}],"author":[{"embeddable":true,"href":"https:\/\/pb.edu.pl\/iie\/wp-json\/wp\/v2\/users\/105"}],"replies":[{"embeddable":true,"href":"https:\/\/pb.edu.pl\/iie\/wp-json\/wp\/v2\/comments?post=2190"}],"version-history":[{"count":3,"href":"https:\/\/pb.edu.pl\/iie\/wp-json\/wp\/v2\/pages\/2190\/revisions"}],"predecessor-version":[{"id":2198,"href":"https:\/\/pb.edu.pl\/iie\/wp-json\/wp\/v2\/pages\/2190\/revisions\/2198"}],"up":[{"embeddable":true,"href":"https:\/\/pb.edu.pl\/iie\/wp-json\/wp\/v2\/pages\/1084"}],"wp:attachment":[{"href":"https:\/\/pb.edu.pl\/iie\/wp-json\/wp\/v2\/media?parent=2190"}],"curies":[{"name":"wp","href":"https:\/\/api.w.org\/{rel}","templated":true}]}}