{"id":1147,"date":"2022-01-04T23:07:43","date_gmt":"2022-01-04T22:07:43","guid":{"rendered":"https:\/\/pb.edu.pl\/iie\/?page_id=1147"},"modified":"2022-01-04T23:11:53","modified_gmt":"2022-01-04T22:11:53","slug":"informacja-o-przetwarzaniu-danych-osobowych","status":"publish","type":"page","link":"https:\/\/pb.edu.pl\/iie\/rejestracja\/informacja-o-przetwarzaniu-danych-osobowych\/","title":{"rendered":"Informacja o przetwarzaniu danych osobowych"},"content":{"rendered":"<p><strong>Informacja Administratora \u2013 zgodnie z art. 13 ust. 1 i 2 og\u00f3lnego rozporz\u0105dzenia o ochronie danych osobowych nr 2016\/679 z dnia 27 kwietnia 2016 r. (dalej RODO)<\/strong><\/p>\n<ol>\n<li>Administratorem Pani\/Pana danych osobowych jest Politechnika Bia\u0142ostocka, ul. Wiejska 45A, 15-351 Bia\u0142ystok, tel.: 85 746 90 00, <a title=\"otworzy si\u0119 w nowej zak\u0142adce\" href=\"https:\/\/pb.edu.pl\" target=\"_blank\" rel=\"noopener\">pb.edu.pl<\/a> (dalej Uczelnia).<\/li>\n<li>Administrator, zgodnie z art. 37 ust. 1 lit. a RODO, powo\u0142a\u0142 Inspektora Ochrony Danych, z kt\u00f3rym w sprawach zwi\u0105zanych z przetwarzaniem danych osobowych mo\u017ce si\u0119 Pani\/Pan kontaktowa\u0107 za pomoc\u0105 poczty elektronicznej pod adresem: iod@pb.edu.pl.<\/li>\n<li>Pani\/Pana dane osobowe przetwarzane b\u0119d\u0105 w celu:<br \/>\na. rejestracji uczestnictwa,<br \/>\nb. organizacji konferencji przy wykorzystaniu narz\u0119dzia MS Teams,<br \/>\nc. komunikowania si\u0119 z Uczestnikami w sprawach zwi\u0105zanych z konferencj\u0105 i udokumentowania jej przebiegu<br \/>\n&#8211; na podstawie art. 6 ust. 1 lit. e RODO, gdy\u017c jest to niezb\u0119dne do wykonania zadania realizowanego w interesie publicznym w zwi\u0105zku z misj\u0105 systemu szkolnictwa wy\u017cszego i nauki w zakresie kszta\u0142cenia, dzia\u0142alno\u015bci naukowej, kszta\u0142towania postaw obywatelskich,<br \/>\nd. promocyjnym i informacyjnym \u2013 przetwarzanie danych osobowych Uczestnik\u00f3w i Prelegent\u00f3w odbywa si\u0119 na podstawie art. 6 ust. 1 lit. e RODO oraz na podstawie art. 6 ust. 1 lit. a RODO w zakresie publikacji wizerunku.<\/li>\n<li>Odbiorcami Pani\/Pana danych osobowych mog\u0105 by\u0107 podmioty realizuj\u0105ce us\u0142ugi na rzecz Uczelni m.in. dostawcy us\u0142ug internetowych, obs\u0142uga prawna oraz inne podmioty uprawnione na podstawie przepis\u00f3w prawa, u\u017cytkownicy stron internetowych administratora i portali spo\u0142eczno\u015bciowych na kt\u00f3rych administrator posiada konta.<\/li>\n<li>Pani\/Pana dane osobowe b\u0119d\u0105 przechowywane okres niezb\u0119dny do prawid\u0142owej organizacji konferencji a nast\u0119pnie przez okres 6 miesi\u0119cy oraz do czasu cofni\u0119cia udzielonej zgody \u2013 w zakresie danych przetwarzanych na podstawie udzielonej zgody.<\/li>\n<li>Przys\u0142uguje Pani\/Panu prawo dost\u0119pu do tre\u015bci swoich danych, oraz z zastrze\u017ceniem przepis\u00f3w prawa przys\u0142uguje Pani\/Panu prawo do:<br \/>\na) cofni\u0119cia udzielonej zgody, z zastrze\u017ceniem, \u017ce cofni\u0119cie zgody nie b\u0119dzie wp\u0142ywa\u0107 ma zgodno\u015b\u0107 z prawem przetwarzania, kt\u00f3rego dokonano na podstawie Pani\/Pana zgody przed jej wycofaniem;<br \/>\nb) sprostowania danych,<br \/>\nc) usuni\u0119cia danych,<br \/>\nd) ograniczenia przetwarzania danych,<br \/>\ne) wniesienia sprzeciwu wobec przetwarzania danych osobowych.<\/li>\n<li>Gdy uzna Pani\/Pan, \u017ce przetwarzanie danych osobowych narusza powszechnie obowi\u0105zuj\u0105ce przepisy w tym zakresie przys\u0142uguje Pani\/Panu prawo do wniesienia skargi do organu nadzorczego. W Polsce jest to Prezes Urz\u0119du Ochrony Danych Osobowych.<\/li>\n<li>Podanie danych osobowych jest dobrowolne, lecz niezb\u0119dne w celu rejestracji i udzia\u0142u w konferencji. Konsekwencj\u0105 niepodania danych osobowych b\u0119dzie brak mo\u017cliwo\u015bci uczestniczenia w ww. konferencji.<\/li>\n<li>Pani\/Pana dane osobowe nie b\u0119d\u0105 wykorzystywane do zautomatyzowanego podejmowania decyzji ani profilowania, o kt\u00f3rym mowa w art. 22 rozporz\u0105dzenia.<\/li>\n<\/ol>\n","protected":false},"excerpt":{"rendered":"<p>Informacja Administratora \u2013 zgodnie z art. 13 ust. 1 i 2 og\u00f3lnego rozporz\u0105dzenia o ochronie<\/p>\n","protected":false},"author":2,"featured_media":0,"parent":30,"menu_order":2,"comment_status":"closed","ping_status":"closed","template":"","meta":{"_acf_changed":false,"ngg_post_thumbnail":0,"footnotes":""},"class_list":["post-1147","page","type-page","status-publish","hentry"],"acf":[],"_links":{"self":[{"href":"https:\/\/pb.edu.pl\/iie\/wp-json\/wp\/v2\/pages\/1147","targetHints":{"allow":["GET"]}}],"collection":[{"href":"https:\/\/pb.edu.pl\/iie\/wp-json\/wp\/v2\/pages"}],"about":[{"href":"https:\/\/pb.edu.pl\/iie\/wp-json\/wp\/v2\/types\/page"}],"author":[{"embeddable":true,"href":"https:\/\/pb.edu.pl\/iie\/wp-json\/wp\/v2\/users\/2"}],"replies":[{"embeddable":true,"href":"https:\/\/pb.edu.pl\/iie\/wp-json\/wp\/v2\/comments?post=1147"}],"version-history":[{"count":0,"href":"https:\/\/pb.edu.pl\/iie\/wp-json\/wp\/v2\/pages\/1147\/revisions"}],"up":[{"embeddable":true,"href":"https:\/\/pb.edu.pl\/iie\/wp-json\/wp\/v2\/pages\/30"}],"wp:attachment":[{"href":"https:\/\/pb.edu.pl\/iie\/wp-json\/wp\/v2\/media?parent=1147"}],"curies":[{"name":"wp","href":"https:\/\/api.w.org\/{rel}","templated":true}]}}