{"id":1731,"date":"2023-09-12T23:02:02","date_gmt":"2023-09-12T21:02:02","guid":{"rendered":"https:\/\/pb.edu.pl\/hub-dydaktyki\/?page_id=1731"},"modified":"2023-09-22T18:48:55","modified_gmt":"2023-09-22T16:48:55","slug":"wm","status":"publish","type":"page","link":"https:\/\/pb.edu.pl\/hub-dydaktyki\/przedmioty-ogolnouczelniane\/przedmioty-z-dziedziny-nauk-humanistycznych-i-spolecznych-hes\/wm\/","title":{"rendered":"Wydzia\u0142 Mechaniczny"},"content":{"rendered":"<div class=\"h2\">Studia pierwszego stopnia<\/div>\n<div class=\"h3\">Lista przedmiot\u00f3w HES<\/div>\n<p><a class=\"pdf\" href=\"https:\/\/pb.edu.pl\/hub-dydaktyki\/wp-content\/uploads\/sites\/96\/2023\/09\/Lista-przedmiotow-HES-_-WM_studia-pierwszego-stopnia_stac.pdf\" target=\"_blank\" data-id=\"1800\" rel=\"noopener\">Studia stacjonarne <span>(PDF, 88 KB, otworzy si\u0119 w nowej karcie)<\/span><\/a><\/p>\n<p><a class=\"pdf\" href=\"https:\/\/pb.edu.pl\/hub-dydaktyki\/wp-content\/uploads\/sites\/96\/2023\/09\/Lista-przedmiotow-HES-_-WM_studia-pierwszego-stopnia_nstac.pdf\" target=\"_blank\" data-id=\"1801\" rel=\"noopener\">Studia niestacjonarne <span>(PDF, 72 KB, otworzy si\u0119 w nowej karcie)<\/span><\/a><\/p>\n<div class=\"h3\">Efekty uczenia si\u0119<\/div>\n<p><a class=\"pdf\" href=\"https:\/\/pb.edu.pl\/hub-dydaktyki\/wp-content\/uploads\/sites\/96\/2023\/09\/Efekty-uczenia-sie-przypisane-do-HES-studia-pierwszego-stopnia.pdf\" target=\"_blank\" rel=\"noopener\" data-id=\"1738\">Efekty uczenia si\u0119 przypisane do zaj\u0119\u0107 z dziedziny nauk humanistycznych i dziedziny nauk spo\u0142ecznych (HES) (PDF, 139 KB, otworzy si\u0119 w nowej karcie)<\/a><\/p>\n<div class=\"h3\">Karty przedmiot\u00f3w<\/div>\n<p><a href=\"https:\/\/box.biaman.pl\/d\/3e777294dfc34dcaa119\/\">Studia stacjonarne<\/a><\/p>\n<p><strong>Studia niestacjonarne:<\/strong><br \/>\n<a href=\"https:\/\/box.biaman.pl\/d\/d99240aabc784672825a\/\">Realizacja przedmiot\u00f3w HES w semestrach 1, 2, 4, 6<\/a><br \/>\n<a href=\"https:\/\/box.biaman.pl\/d\/d8949061b8ab45c98d6f\/\">Realizacja przedmiot\u00f3w HES w semestrach 1, 3, 5, 7<\/a><\/p>\n<hr>\n<div class=\"h2\">Studia drugiego stopnia<\/div>\n<div class=\"h3\">Lista przedmiot\u00f3w HES<\/div>\n<p><a class=\"pdf\" href=\"https:\/\/pb.edu.pl\/hub-dydaktyki\/wp-content\/uploads\/sites\/96\/2023\/09\/lista-przedmiotow-HES-WM_-drugi-stopien_stac.pdf\" target=\"_blank\" data-id=\"1802\" rel=\"noopener\">Studia stacjonarne <span>(PDF, 80 KB, otworzy si\u0119 w nowej karcie)<\/span><\/a><br \/>\n<a class=\"pdf\" href=\"https:\/\/pb.edu.pl\/hub-dydaktyki\/wp-content\/uploads\/sites\/96\/2023\/09\/lista-przedmiotow-HES-WM_-drugi-stopien_nstac.pdf\" target=\"_blank\" data-id=\"1804\" rel=\"noopener\"> Studia niestacjonarne <span>(PDF, 65 KB, otworzy si\u0119 w nowej karcie)<\/span><\/a><\/p>\n<div class=\"h3\">Efekty uczenia si\u0119<\/div>\n<p><a class=\"pdf\" href=\"https:\/\/pb.edu.pl\/hub-dydaktyki\/wp-content\/uploads\/sites\/96\/2023\/09\/Efekty-uczenia-sie-przypisane-do-HES-studia-drugiego-stopnia.pdf\" target=\"_blank\" rel=\"noopener\" data-id=\"1743\">Efekty uczenia si\u0119 przypisane do zaj\u0119\u0107 z dziedziny nauk humanistycznych<br \/>\ni dziedziny nauk spo\u0142ecznych (HES) (PDF, 110 KB, otworzy si\u0119 w nowej karcie)<\/a><\/p>\n<div class=\"h3\">Karty przedmiot\u00f3w<\/div>\n<p><a href=\"https:\/\/box.biaman.pl\/d\/a5f3a834c0e845219d71\/\">Studia stacjonarne<\/a><\/p>\n<p><a href=\"https:\/\/box.biaman.pl\/d\/85ef8586d8f7407784a4\/\">Studia niestacjonarne<\/a><\/p>\n","protected":false},"excerpt":{"rendered":"<p>Studia pierwszego stopnia Lista przedmiot\u00f3w HES Studia stacjonarne (PDF, 88 KB, otworzy si\u0119 w nowej<\/p>\n","protected":false},"author":2,"featured_media":0,"parent":1493,"menu_order":6,"comment_status":"closed","ping_status":"closed","template":"","meta":{"_acf_changed":false,"ngg_post_thumbnail":0,"footnotes":""},"class_list":["post-1731","page","type-page","status-publish","hentry"],"acf":[],"_links":{"self":[{"href":"https:\/\/pb.edu.pl\/hub-dydaktyki\/wp-json\/wp\/v2\/pages\/1731","targetHints":{"allow":["GET"]}}],"collection":[{"href":"https:\/\/pb.edu.pl\/hub-dydaktyki\/wp-json\/wp\/v2\/pages"}],"about":[{"href":"https:\/\/pb.edu.pl\/hub-dydaktyki\/wp-json\/wp\/v2\/types\/page"}],"author":[{"embeddable":true,"href":"https:\/\/pb.edu.pl\/hub-dydaktyki\/wp-json\/wp\/v2\/users\/2"}],"replies":[{"embeddable":true,"href":"https:\/\/pb.edu.pl\/hub-dydaktyki\/wp-json\/wp\/v2\/comments?post=1731"}],"version-history":[{"count":0,"href":"https:\/\/pb.edu.pl\/hub-dydaktyki\/wp-json\/wp\/v2\/pages\/1731\/revisions"}],"up":[{"embeddable":true,"href":"https:\/\/pb.edu.pl\/hub-dydaktyki\/wp-json\/wp\/v2\/pages\/1493"}],"wp:attachment":[{"href":"https:\/\/pb.edu.pl\/hub-dydaktyki\/wp-json\/wp\/v2\/media?parent=1731"}],"curies":[{"name":"wp","href":"https:\/\/api.w.org\/{rel}","templated":true}]}}