{"id":1496,"date":"2023-02-16T12:45:56","date_gmt":"2023-02-16T11:45:56","guid":{"rendered":"https:\/\/pb.edu.pl\/hub-dydaktyki\/?page_id=1496"},"modified":"2026-02-04T12:01:41","modified_gmt":"2026-02-04T11:01:41","slug":"lektoraty-obieralne-a1","status":"publish","type":"page","link":"https:\/\/pb.edu.pl\/hub-dydaktyki\/przedmioty-ogolnouczelniane\/lektoraty-obieralne-a1\/","title":{"rendered":"Lektoraty obieralne (A1)"},"content":{"rendered":"<div class=\"h2\">Studia pierwszego stopnia<\/div>\n<div class=\"h3\">Efekty uczenia si\u0119<\/div>\n<p><a class=\"pdf\" href=\"https:\/\/pb.edu.pl\/hub-dydaktyki\/wp-content\/uploads\/sites\/96\/2023\/09\/Efekty-uczenia-sie-okreslone-dla-lektoratow-obieralnych-A1.pdf\" target=\"_blank\" data-id=\"1699\" rel=\"noopener\">Efekty uczenia si\u0119 okre\u015blone dla lektorat\u00f3w obieralnych (A1) <span>(PDF, 92 KB, otworzy si\u0119 w nowej karcie)<\/span><\/a><\/p>\n<div class=\"h3\">Karty przedmiot\u00f3w &#8211; studia stacjonarne<\/div>\n<p><a  class=\"pdf\" href=\"https:\/\/pb.edu.pl\/hub-dydaktyki\/wp-content\/uploads\/sites\/96\/2026\/02\/jezyk-hiszpanski_studia-pierwszego-stopnia.pdf\" target=\"_blank\" data-id=\"1887\" >j\u0119zyk hiszpa\u0144ski <span>(PDF, 194 KB, otworzy si\u0119 w nowej karcie)<\/span><\/a><\/p>\n<p><a class=\"pdf\" href=\"https:\/\/pb.edu.pl\/hub-dydaktyki\/wp-content\/uploads\/sites\/96\/2023\/09\/jezyk-niemiecki-studia-pierwszego-stopnia.pdf\" target=\"_blank\" data-id=\"1703\" rel=\"noopener\">j\u0119zyk niemiecki <span>(PDF, 280 KB, otworzy si\u0119 w nowej karcie)<\/span><\/a><\/p>\n<p><a class=\"pdf\" href=\"https:\/\/pb.edu.pl\/hub-dydaktyki\/wp-content\/uploads\/sites\/96\/2023\/09\/jezyk-rosyjski-studia-pierwszego-stopnia.pdf\" target=\"_blank\" data-id=\"1704\" rel=\"noopener\">j\u0119zyk rosyjski <span>(PDF, 276 KB, otworzy si\u0119 w nowej karcie)<\/span><\/a><\/p>\n<p><a class=\"pdf\" href=\"https:\/\/pb.edu.pl\/hub-dydaktyki\/wp-content\/uploads\/sites\/96\/2023\/09\/jezyk-ukrainski-studia-pierwszego-stopnia.pdf\" target=\"_blank\" data-id=\"1705\" rel=\"noopener\">j\u0119zyk ukrai\u0144ski <span>(PDF, 290 KB, otworzy si\u0119 w nowej karcie)<\/span><\/a><\/p>\n<div class=\"h2\">Studia drugiego stopnia<\/div>\n<div class=\"h3\">Efekty uczenia si\u0119<\/div>\n<p><a class=\"pdf\" href=\"https:\/\/pb.edu.pl\/hub-dydaktyki\/wp-content\/uploads\/sites\/96\/2023\/09\/Efekty-uczenia-sie-okreslone-dla-lektoratow-obieralnych-A1-2-st.pdf\" target=\"_blank\" data-id=\"1707\" rel=\"noopener\">Efekty uczenia si\u0119 okre\u015blone dla lektorat\u00f3w obieralnych (A1) <span>(PDF, 92 KB, otworzy si\u0119 w nowej karcie)<\/span><\/a><\/p>\n<div class=\"h3\">Karty przedmiot\u00f3w &#8211; studia stacjonarne<\/div>\n<p><a  class=\"pdf\" href=\"https:\/\/pb.edu.pl\/hub-dydaktyki\/wp-content\/uploads\/sites\/96\/2026\/02\/jezyk-hiszpanski_studia-drugiego-stopnia.pdf\" target=\"_blank\" data-id=\"1888\" >j\u0119zyk hiszpa\u0144ski <span>(PDF, 124 KB, otworzy si\u0119 w nowej karcie)<\/span><\/a><\/p>\n<p><a class=\"pdf\" href=\"https:\/\/pb.edu.pl\/hub-dydaktyki\/wp-content\/uploads\/sites\/96\/2023\/09\/jezyk-niemiecki_L2w1s.102.pdf\" target=\"_blank\" data-id=\"1710\" rel=\"noopener\">j\u0119zyk niemiecki <span>(PDF, 58 KB, otworzy si\u0119 w nowej karcie)<\/span><\/a><\/p>\n<p><a class=\"pdf\" href=\"https:\/\/pb.edu.pl\/hub-dydaktyki\/wp-content\/uploads\/sites\/96\/2023\/09\/jezyk-rosyjski_L2w1s.103.pdf\" target=\"_blank\" data-id=\"1711\" rel=\"noopener\">j\u0119zyk rosyjski <span>(PDF, 56 KB, otworzy si\u0119 w nowej karcie)<\/span><\/a><\/p>\n<p><a class=\"pdf\" href=\"https:\/\/pb.edu.pl\/hub-dydaktyki\/wp-content\/uploads\/sites\/96\/2023\/09\/jezyk-ukrainski_L2w1s.104.pdf\" target=\"_blank\" data-id=\"1712\" rel=\"noopener\">j\u0119zyk ukrai\u0144ski <span>(PDF, 59 KB, otworzy si\u0119 w nowej karcie)<\/span><\/a><\/p>\n","protected":false},"excerpt":{"rendered":"<p>Studia pierwszego stopnia Efekty uczenia si\u0119 Efekty uczenia si\u0119 okre\u015blone dla lektorat\u00f3w obieralnych (A1) (PDF,<\/p>\n","protected":false},"author":2,"featured_media":0,"parent":1483,"menu_order":2,"comment_status":"closed","ping_status":"closed","template":"","meta":{"_acf_changed":false,"ngg_post_thumbnail":0,"footnotes":""},"class_list":["post-1496","page","type-page","status-publish","hentry"],"acf":[],"_links":{"self":[{"href":"https:\/\/pb.edu.pl\/hub-dydaktyki\/wp-json\/wp\/v2\/pages\/1496","targetHints":{"allow":["GET"]}}],"collection":[{"href":"https:\/\/pb.edu.pl\/hub-dydaktyki\/wp-json\/wp\/v2\/pages"}],"about":[{"href":"https:\/\/pb.edu.pl\/hub-dydaktyki\/wp-json\/wp\/v2\/types\/page"}],"author":[{"embeddable":true,"href":"https:\/\/pb.edu.pl\/hub-dydaktyki\/wp-json\/wp\/v2\/users\/2"}],"replies":[{"embeddable":true,"href":"https:\/\/pb.edu.pl\/hub-dydaktyki\/wp-json\/wp\/v2\/comments?post=1496"}],"version-history":[{"count":2,"href":"https:\/\/pb.edu.pl\/hub-dydaktyki\/wp-json\/wp\/v2\/pages\/1496\/revisions"}],"predecessor-version":[{"id":1889,"href":"https:\/\/pb.edu.pl\/hub-dydaktyki\/wp-json\/wp\/v2\/pages\/1496\/revisions\/1889"}],"up":[{"embeddable":true,"href":"https:\/\/pb.edu.pl\/hub-dydaktyki\/wp-json\/wp\/v2\/pages\/1483"}],"wp:attachment":[{"href":"https:\/\/pb.edu.pl\/hub-dydaktyki\/wp-json\/wp\/v2\/media?parent=1496"}],"curies":[{"name":"wp","href":"https:\/\/api.w.org\/{rel}","templated":true}]}}