{"id":84,"date":"2022-03-02T09:19:07","date_gmt":"2022-03-02T08:19:07","guid":{"rendered":"https:\/\/pb.edu.pl\/gep\/?page_id=84"},"modified":"2022-03-04T21:17:53","modified_gmt":"2022-03-04T20:17:53","slug":"dyskryminacja","status":"publish","type":"page","link":"https:\/\/pb.edu.pl\/gep\/dyskryminacja\/","title":{"rendered":"Czym jest dyskryminacja?"},"content":{"rendered":"<p><strong>Dyskryminacja jest to zjawisko polegaj\u0105ce na zachowaniu, w wyniku kt\u00f3rego dana osoba zostaje potraktowana w spos\u00f3b odmienny (niekorzystny, krzywdz\u0105cy), ni\u017c inni w por\u00f3wnywalnej sytuacji.<\/strong><\/p>\n<p><a href=\"https:\/\/www.sejm.gov.pl\/prawo\/konst\/polski\/kon1.htm\" title=\"otworzy si\u0119 w nowej karcie\" target=\"_blank\" rel=\"noopener\">Konstytucja RP<\/a> w art. 32 stanowi, \u017ce wszyscy s\u0105 wobec prawa r\u00f3wni i wszyscy maj\u0105 prawo do r\u00f3wnego traktowania przez w\u0142adze publiczne (ust. 1). Nikt nie mo\u017ce by\u0107 dyskryminowany w \u017cyciu politycznym, spo\u0142ecznym lub gospodarczym z jakiejkolwiek przyczyny (ust. 2). Nale\u017cy tak\u017ce uwzgl\u0119dni\u0107, \u017ce ustawodawca w spos\u00f3b szczeg\u00f3lny odni\u00f3s\u0142 si\u0119 do kwestii r\u00f3wnouprawnienia p\u0142ci, stanowi\u0105c w art. 33 Konstytucji, \u017ce kobieta i m\u0119\u017cczyzna w Rzeczypospolitej Polskiej maj\u0105 r\u00f3wne prawa w \u017cyciu rodzinnym, politycznym, spo\u0142ecznym i gospodarczym.<\/p>\n<p><strong>Dyskryminacja<\/strong> jest form\u0105 nieuzasadnionej i nieobiektywnej, opartej na stereotypach marginalizacji przedstawicieli pewnych grup spo\u0142ecznych ze wzgl\u0119du na takie cechy, jak:<\/p>\n<ul>\n<li>p\u0142e\u0107,<\/li>\n<li>wiek,<\/li>\n<li>niepe\u0142nosprawno\u015b\u0107,<\/li>\n<li>orientacja i to\u017csamo\u015b\u0107 seksualna,<\/li>\n<li>kolor sk\u00f3ry,<\/li>\n<li>narodowo\u015b\u0107 lub pochodzenie etniczne,<\/li>\n<li>religia, wyznanie lub \u015bwiatopogl\u0105d.<\/li>\n<\/ul>\n<p>Zachowania dyskryminacyjne zdarzaj\u0105 si\u0119 w r\u00f3\u017cnych obszarach naszego \u017cycia, jak cho\u0107by w edukacji lub w pracy. Ka\u017cdy z nas za\u015b mo\u017ce sta\u0107 si\u0119 ich ofiar\u0105 lub \u015bwiadkiem, a nawet nie\u015bwiadomym sprawc\u0105. Dzieje si\u0119 tak dlatego, \u017ce dyskryminacja przyjmuje r\u00f3\u017cne formy, od \u017cart\u00f3w i drobnych gest\u00f3w, przez bezrefleksyjnie lub intencjonalnie wypowiadane przekonania czy powielane rytua\u0142y i zwyczaje, a\u017c po zachowania jaskrawie niesprawiedliwe.<\/p>\n<p>Dyskryminacj\u0105 nie jest odmienne traktowanie, je\u017celi jego przyczyna wi\u0105\u017ce si\u0119 z rzeczywistym wymaganiem zawodowym.<\/p>\n<p>Dyskryminacj\u0105 nie jest r\u00f3wnie\u017c odmienne traktowanie os\u00f3b maj\u0105ce na celu wyr\u00f3wnanie szans.<br \/>\n&nbsp;<\/p>\n<div class=\"h3\">Dyskryminacja a stereotypy i uprzedzenia<\/div>\n<p>Dyskryminacja wynika z poprzedzaj\u0105cych j\u0105 negatywnych przekona\u0144 (nadmiernie uog\u00f3lnionych s\u0105d\u00f3w, stereotyp\u00f3w) na temat jakiej\u015b grupy os\u00f3b oraz z pojawiaj\u0105cych si\u0119 w ich konsekwencji uprzedze\u0144, czyli nastawienia, negatywnych emocji odczuwanych do stereotypizowanych os\u00f3b.<\/p>\n<p><img loading=\"lazy\" decoding=\"async\" src=\"https:\/\/pb.edu.pl\/gep\/wp-content\/uploads\/sites\/82\/2022\/03\/foto-dyskryminacja.jpg\" alt=\"Stereotyp (s\u0105d), Uprzedzenie (stosunek emocjonalny), Dyskryminacja (zachowanie)\" width=\"800\" height=\"123\" class=\"alignnone size-full wp-image-133\" srcset=\"https:\/\/pb.edu.pl\/gep\/wp-content\/uploads\/sites\/82\/2022\/03\/foto-dyskryminacja.jpg 800w, https:\/\/pb.edu.pl\/gep\/wp-content\/uploads\/sites\/82\/2022\/03\/foto-dyskryminacja-300x46.jpg 300w, https:\/\/pb.edu.pl\/gep\/wp-content\/uploads\/sites\/82\/2022\/03\/foto-dyskryminacja-768x118.jpg 768w\" sizes=\"auto, (max-width: 800px) 100vw, 800px\" \/><\/p>\n<p>Stereotyp jest zbiorem s\u0105d\u00f3w na temat cz\u0142onk\u00f3w jakiej\u015b grupy (np. stereotyp kobieco\u015bci zawiera przekonania, \u017ce kobiety s\u0105 uleg\u0142e, bierne i opieku\u0144cze), uprzedzenie to stosunek emocjonalny, nastawienie (np. niech\u0119\u0107 do kobiet), a dyskryminacja to zachowanie (np. pomijanie kobiet przy awansie).<br \/>\n&nbsp;<br \/>\n&nbsp;<\/p>\n","protected":false},"excerpt":{"rendered":"<p>Dyskryminacja jest to zjawisko polegaj\u0105ce na zachowaniu, w wyniku kt\u00f3rego dana osoba zostaje potraktowana w<\/p>\n","protected":false},"author":2,"featured_media":0,"parent":0,"menu_order":2,"comment_status":"closed","ping_status":"closed","template":"","meta":{"_acf_changed":false,"ngg_post_thumbnail":0,"footnotes":""},"class_list":["post-84","page","type-page","status-publish","hentry"],"acf":[],"_links":{"self":[{"href":"https:\/\/pb.edu.pl\/gep\/wp-json\/wp\/v2\/pages\/84","targetHints":{"allow":["GET"]}}],"collection":[{"href":"https:\/\/pb.edu.pl\/gep\/wp-json\/wp\/v2\/pages"}],"about":[{"href":"https:\/\/pb.edu.pl\/gep\/wp-json\/wp\/v2\/types\/page"}],"author":[{"embeddable":true,"href":"https:\/\/pb.edu.pl\/gep\/wp-json\/wp\/v2\/users\/2"}],"replies":[{"embeddable":true,"href":"https:\/\/pb.edu.pl\/gep\/wp-json\/wp\/v2\/comments?post=84"}],"version-history":[{"count":0,"href":"https:\/\/pb.edu.pl\/gep\/wp-json\/wp\/v2\/pages\/84\/revisions"}],"wp:attachment":[{"href":"https:\/\/pb.edu.pl\/gep\/wp-json\/wp\/v2\/media?parent=84"}],"curies":[{"name":"wp","href":"https:\/\/api.w.org\/{rel}","templated":true}]}}