{"id":17,"date":"2018-07-11T10:29:26","date_gmt":"2018-07-11T08:29:26","guid":{"rendered":"https:\/\/pb.edu.pl\/fundacja\/?page_id=17"},"modified":"2026-01-12T23:00:20","modified_gmt":"2026-01-12T22:00:20","slug":"projekty","status":"publish","type":"page","link":"https:\/\/pb.edu.pl\/fundacja\/projekty\/","title":{"rendered":"Projekty"},"content":{"rendered":"<h4><strong>Najwa\u017cniejsze projekty 2025<\/strong><\/h4>\n<ol>\n<li><a href=\"https:\/\/pb.edu.pl\/fundacja\/projekty\/rozwoj-kompetencji-czlonkow-oraz-przyszlych-czlonkow-sekcji-analogow-lazikow-marsjanskich-w-kole-naukowym-robotykow\/\">Rozw\u00f3j kompetencji cz\u0142onk\u00f3w oraz przysz\u0142ych cz\u0142onk\u00f3w sekcji analog\u00f3w \u0142azik\u00f3w marsja\u0144skich w Kole Naukowym Robotyk\u00f3w<\/a><\/li>\n<li><a href=\"https:\/\/pb.edu.pl\/fundacja\/projekty\/inzynieria-bez-granic-poznaj-autonomiczne-roboty-mobilne\/\">In\u017cynieria bez granic \u2013 poznaj autonomiczne roboty mobilne<\/a><\/li>\n<\/ol>\n<h4><strong>Najwa\u017cniejsze projekty 2022<\/strong><\/h4>\n<ol>\n<li><a href=\"https:\/\/pb.edu.pl\/fundacja\/dla-ukrainy\/\">Kurs j\u0119zyka polskiego dla obywateli Ukrainy realizowany we wsp\u00f3\u0142pracy z Politechnik\u0105 Bia\u0142ostock\u0105 oraz Fundacj\u0105 DIALOG.<\/a><\/li>\n<li><a href=\"https:\/\/pb.edu.pl\/fundacja\/2022\/04\/28\/dk-2022\/\">Dni Kampusu Politechniki Bia\u0142ostockiej.<\/a><\/li>\n<li><a href=\"https:\/\/pb.edu.pl\/fundacja\/2022\/04\/28\/km-2022\/\">Koncertowa Maj\u00f3wka.<\/a><\/li>\n<li><a href=\"https:\/\/pb.edu.pl\/fundacja\/2022\/11\/15\/konwent-przewodniczacych-sspb-2022\/\">Konwent Przewodnicz\u0105cych SSPB<\/a>.<\/li>\n<\/ol>\n<h4><strong>Najwa\u017cniejsze projekty 2021<\/strong><\/h4>\n<ol>\n<li><a title=\"otworzy si\u0119 w nowej karcie\" href=\"https:\/\/pb.edu.pl\/fundacja\/2021\/07\/01\/zjazd-fut-bialystok-2021\/\">Zjazd Forum Uczelni Technicznych Bia\u0142ystok 2021<\/a>.<\/li>\n<li><a href=\"https:\/\/pb.edu.pl\/fundacja\/2021\/07\/13\/cykl-wydarzen-studenckich\/\"><span class=\"d2edcug0 hpfvmrgz qv66sw1b c1et5uql lr9zc1uh a8c37x1j keod5gw0 nxhoafnm aigsh9s9 d3f4x2em fe6kdd0r mau55g9w c8b282yb iv3no6db jq4qci2q a3bd9o3v knj5qynh oo9gr5id hzawbc8m\" dir=\"auto\">Cykl wydarze\u0144 studenckich &#8211; semestr letni 2021<\/span>.<\/a><\/li>\n<li>Zaj\u0119cia edukacyjne na uczelniach dla uczni\u00f3w z suwalskich szk\u00f3\u0142 zawodowych w ramach projektu &#8222;Suwalskie centra kompetencji zawodowej &#8211; kompleksowy model modernizacji systemu kszta\u0142cenia zawodowego na terenie Miasta Suwa\u0142ki&#8221;.<\/li>\n<li>Dzie\u0144 logistyki na Wydziale In\u017cynierii Zarz\u0105dzania.<\/li>\n<li>Jubileusz 20-lecia Fundacji na rzecz rozwoju Politechniki Bia\u0142ostockiej:<\/li>\n<\/ol>\n<p>&nbsp; &nbsp; &nbsp; &nbsp; &nbsp;&#8211; <a href=\"https:\/\/pb.edu.pl\/fundacja\/projekty\/jubileusz\/\">ZAPROSZENIE<\/a><\/p>\n<p>&nbsp; &nbsp; &nbsp; &nbsp; &nbsp;&#8211; <a href=\"https:\/\/pb.edu.pl\/fundacja\/relacja-z-20-lecia-fundacji\/\">RELACJA Z UROCZYSTO\u015aCI<\/a><\/p>\n<h4><strong>Wybrane projekty realizowane w latach wcze\u015bniejszych<\/strong><\/h4>\n<ol>\n<li>Program dostosowania kwalifikacji pracownik\u00f3w restrukturyzowanych przedsi\u0119biorstw do standard\u00f3w firm stosuj\u0105cych nowoczesne systemy produkcji w wojew\u00f3dztwie podlaskim.<\/li>\n<li>Podniesienie kompetencji kadry informatycznej podlaskich przedsi\u0119biorstw.<\/li>\n<li>Podniesienie kompetencji kadry in\u017cynieryjno-technicznej podlaskich przedsi\u0119biorstw.<\/li>\n<li>Transfer wiedzy do przedsi\u0119biorstw poprzez szkolenia pracownik\u00f3w.<\/li>\n<li>Transfer wiedzy do przedsi\u0119biorstw.<\/li>\n<\/ol>\n","protected":false},"excerpt":{"rendered":"<p>Najwa\u017cniejsze projekty 2025 Rozw\u00f3j kompetencji cz\u0142onk\u00f3w oraz przysz\u0142ych cz\u0142onk\u00f3w sekcji analog\u00f3w \u0142azik\u00f3w marsja\u0144skich w Kole<\/p>\n","protected":false},"author":152,"featured_media":0,"parent":0,"menu_order":2,"comment_status":"closed","ping_status":"closed","template":"","meta":{"_acf_changed":false,"ngg_post_thumbnail":0,"footnotes":""},"class_list":["post-17","page","type-page","status-publish","hentry"],"acf":[],"_links":{"self":[{"href":"https:\/\/pb.edu.pl\/fundacja\/wp-json\/wp\/v2\/pages\/17","targetHints":{"allow":["GET"]}}],"collection":[{"href":"https:\/\/pb.edu.pl\/fundacja\/wp-json\/wp\/v2\/pages"}],"about":[{"href":"https:\/\/pb.edu.pl\/fundacja\/wp-json\/wp\/v2\/types\/page"}],"author":[{"embeddable":true,"href":"https:\/\/pb.edu.pl\/fundacja\/wp-json\/wp\/v2\/users\/152"}],"replies":[{"embeddable":true,"href":"https:\/\/pb.edu.pl\/fundacja\/wp-json\/wp\/v2\/comments?post=17"}],"version-history":[{"count":0,"href":"https:\/\/pb.edu.pl\/fundacja\/wp-json\/wp\/v2\/pages\/17\/revisions"}],"wp:attachment":[{"href":"https:\/\/pb.edu.pl\/fundacja\/wp-json\/wp\/v2\/media?parent=17"}],"curies":[{"name":"wp","href":"https:\/\/api.w.org\/{rel}","templated":true}]}}