{"id":272,"date":"2020-05-20T22:41:10","date_gmt":"2020-05-20T20:41:10","guid":{"rendered":"https:\/\/pb.edu.pl\/fnbs\/?page_id=272"},"modified":"2024-10-21T10:19:20","modified_gmt":"2024-10-21T08:19:20","slug":"informacja-o-przetwarzaniu-danych-osobowych","status":"publish","type":"page","link":"https:\/\/pb.edu.pl\/fnbs\/rejestracja\/informacja-o-przetwarzaniu-danych-osobowych\/","title":{"rendered":"Informacja o przetwarzaniu danych osobowych"},"content":{"rendered":"<p><strong>Informacja Administratora \u2013 zgodnie z art. 13 ust. 1 i 2 og\u00f3lnego rozporz\u0105dzenia o ochronie danych osobowych nr 2016\/679 z dnia 27 kwietnia 2016 r. (dalej RODO)<\/strong><\/p>\n<ol>\n<li>Administratorem Pani\/Pana danych osobowych jest Politechnika Bia\u0142ostocka, ul. Wiejska 45A, 15-351 Bia\u0142ystok, tel.: 85&nbsp;746 90 00, <a href=\"https:\/\/pb.edu.pl\">pb.edu.pl<\/a> (dalej Uczelnia).<\/li>\n<li>Administrator, zgodnie z art. 37 ust. 1 lit. a RODO, powo\u0142a\u0142 Inspektora Ochrony Danych, z&nbsp;kt\u00f3rym w sprawach zwi\u0105zanych z przetwarzaniem danych osobowych mo\u017ce si\u0119 Pani\/Pan kontaktowa\u0107 za pomoc\u0105 poczty elektronicznej pod&nbsp;adresem: <i class=\"fal fa-envelope\"><\/i> <a href=\"#\" rel=\"nofollow\"  onclick=\"this.href='mailto:' + 'iod' + '@' + 'pb.edu.pl'\">iod [at] pb.edu.pl<\/a>.<\/li>\n<li>Pani\/Pana dane osobowe przetwarzane b\u0119d\u0105 w celu:\n<ol type=\"a\">\n<li>rejestracji i organizacji Forum Nauka-Biznes-Spo\u0142ecze\u0144stwo,<\/li>\n<li>komunikowania si\u0119 z Uczestnikami w sprawach zwi\u0105zanych z Forum Nauka-Biznes-Spo\u0142ecze\u0144stwo i udokumentowania jego przebiegu poprzez przetwarzanie wizerunku uczestnik\u00f3w<br \/>\n&#8211; &nbsp;na podstawie zgody \u2013 art. 6 ust. 1 lit. a RODO i art. 6 ust. 1 lit. e RODO, gdy\u017c jest to niezb\u0119dne do wykonania zadania realizowanego w interesie publicznym w zwi\u0105zku z misj\u0105 systemu szkolnictwa wy\u017cszego i nauki w zakresie kszta\u0142cenia, dzia\u0142alno\u015bci naukowej, kszta\u0142towania postaw obywatelskich.<\/li>\n<\/ol>\n<\/li>\n<li>Odbiorcami Pani\/Pana danych osobowych mog\u0105 by\u0107 podmioty realizuj\u0105ce us\u0142ugi na rzecz Uczelni m.in. dostawcy us\u0142ug informatycznych, obs\u0142uga prawna oraz inne podmioty uprawnione na podstawie przepis\u00f3w prawa.<\/li>\n<li>Pani\/Pana dane osobowe b\u0119d\u0105 przechowywane okres niezb\u0119dny do prawid\u0142owej organizacji wydarzenia a nast\u0119pnie przez okres wynikaj\u0105cy z przepis\u00f3w prawa dotycz\u0105cy archiwizacji lub do czasu cofni\u0119cia udzielonej zgody \u2013 w zakresie danych osobowych przetwarzanych na podstawie zgody.<\/li>\n<li>Przys\u0142uguje Pani\/Panu prawo dost\u0119pu do tre\u015bci swoich danych, oraz&nbsp;z zastrze\u017ceniem przepis\u00f3w prawa przys\u0142uguje Pani\/Panu prawo do:\n<ol type=\"a\">\n<li>cofni\u0119cia udzielonej zgody, z zastrze\u017ceniem, \u017ce cofni\u0119cie zgody nie b\u0119dzie wp\u0142ywa\u0107 ma zgodno\u015b\u0107 z prawem przetwarzania, kt\u00f3rego dokonano na podstawie Pani\/Pana zgody przed jej wycofaniem;<\/li>\n<li>sprostowania danych,<\/li>\n<li>usuni\u0119cia danych,<\/li>\n<li>ograniczenia przetwarzania danych,<\/li>\n<li>wniesienia sprzeciwu wobec przetwarzania danych osobowych,<\/li>\n<\/ol>\n<\/li>\n<li>Gdy uzna Pani\/Pan, \u017ce przetwarzanie danych osobowych narusza powszechnie obowi\u0105zuj\u0105ce przepisy w tym zakresie przys\u0142uguje Pani\/Panu prawo do wniesienia skargi do organu nadzorczego. W Polsce jest to Prezes Urz\u0119du Ochrony Danych Osobowych.<\/li>\n<li>Podanie danych osobowych jest dobrowolne, lecz niezb\u0119dne w celu udzia\u0142u w wydarzeniu. Konsekwencj\u0105 niepodania danych osobowych b\u0119dzie brak mo\u017cliwo\u015bci uczestniczenia w Forum Nauka-Biznes-Spo\u0142ecze\u0144stwo.<\/li>\n<li>Pani\/Pana dane osobowe nie b\u0119d\u0105 wykorzystywane do zautomatyzowanego podejmowania decyzji ani profilowania, o kt\u00f3rym mowa w art. 22 rozporz\u0105dzenia.<\/li>\n<\/ol>\n","protected":false},"excerpt":{"rendered":"<p>Informacja Administratora \u2013 zgodnie z art. 13 ust. 1 i 2 og\u00f3lnego rozporz\u0105dzenia o ochronie<\/p>\n","protected":false},"author":2,"featured_media":0,"parent":30,"menu_order":1,"comment_status":"closed","ping_status":"closed","template":"","meta":{"_acf_changed":false,"ngg_post_thumbnail":0,"footnotes":""},"class_list":["post-272","page","type-page","status-publish","hentry"],"acf":[],"_links":{"self":[{"href":"https:\/\/pb.edu.pl\/fnbs\/wp-json\/wp\/v2\/pages\/272","targetHints":{"allow":["GET"]}}],"collection":[{"href":"https:\/\/pb.edu.pl\/fnbs\/wp-json\/wp\/v2\/pages"}],"about":[{"href":"https:\/\/pb.edu.pl\/fnbs\/wp-json\/wp\/v2\/types\/page"}],"author":[{"embeddable":true,"href":"https:\/\/pb.edu.pl\/fnbs\/wp-json\/wp\/v2\/users\/2"}],"replies":[{"embeddable":true,"href":"https:\/\/pb.edu.pl\/fnbs\/wp-json\/wp\/v2\/comments?post=272"}],"version-history":[{"count":0,"href":"https:\/\/pb.edu.pl\/fnbs\/wp-json\/wp\/v2\/pages\/272\/revisions"}],"up":[{"embeddable":true,"href":"https:\/\/pb.edu.pl\/fnbs\/wp-json\/wp\/v2\/pages\/30"}],"wp:attachment":[{"href":"https:\/\/pb.edu.pl\/fnbs\/wp-json\/wp\/v2\/media?parent=272"}],"curies":[{"name":"wp","href":"https:\/\/api.w.org\/{rel}","templated":true}]}}