{"id":23,"date":"2019-09-25T00:05:45","date_gmt":"2019-09-24T22:05:45","guid":{"rendered":"https:\/\/pb.edu.pl\/euraxess0\/?page_id=23"},"modified":"2026-02-09T17:49:06","modified_gmt":"2026-02-09T16:49:06","slug":"kontakt","status":"publish","type":"page","link":"https:\/\/pb.edu.pl\/euraxess\/kontakt\/","title":{"rendered":"Kontakt"},"content":{"rendered":"<div class=\"h3\">Politechnika Bia\u0142ostocka:<\/div>\n<p><strong>Dy\u017cury pracownik\u00f3w:<\/strong><br \/>\nponiedzia\u0142ek &#8211; pi\u0105tek w godzinach 10.00 &#8211; 14.00<br \/>\nul. Wiejska 45A, pok\u00f3j 29C<\/p>\n<p><strong>Kierownik projektu<\/strong><br \/>\nmgr in\u017c Agata Dzieko\u0144ska &#8211; obs\u0142uga merytoryczna punktu Sie\u0107 NAWA EURAXESS Politechnika Bia\u0142ostocka<br \/>\n<i class=\"fal fa-phone\"><\/i> 85 746 9661<br \/>\n <i class=\"fal fa-envelope\"><\/i> <a href=\"#\" rel=\"nofollow\"  onclick=\"this.href='mailto:' + 'a.dziekonska' + '@' + 'pb.edu.pl'\">a.dziekonska [at] pb.edu.pl<\/a>\n<p><strong>Koordynator administracyjny<\/strong><br \/>\nmgr Izabela Karpi\u0144ska &#8211; obs\u0142uga merytoryczna punktu Sie\u0107 NAWA EURAXESS Politechnika Bia\u0142ostocka<br \/>\n<i class=\"fal fa-phone\"><\/i> 85 746 7010<br \/>\n  <i class=\"fal fa-envelope\"><\/i> <a href=\"#\" rel=\"nofollow\"  onclick=\"this.href='mailto:' + 'izabela.karpinska' + '@' + 'pb.edu.pl'\">izabela.karpinska [at] pb.edu.pl<\/a>\n<p><strong>Koordynator administracyjny<\/strong><br \/>\nmgr Marta Orpik<br \/>\n<i class=\"fal fa-phone\"><\/i> 85 746 7010<br \/>\n  <i class=\"fal fa-envelope\"><\/i> <a href=\"#\" rel=\"nofollow\"  onclick=\"this.href='mailto:' + 'm.orpik' + '@' + 'pb.edu.pl'\">m.orpik [at] pb.edu.pl<\/a>\n<div class=\"h3\">Uniwersytet Medyczny w Bia\u0142ymstoku<\/div>\n<p><strong>Dy\u017cury pracownik\u00f3w:<\/strong><br \/>\nponiedzia\u0142ek &#8211; pi\u0105tek w godzinach 11.00 &#8211; 15.00<br \/>\nul. Jana Kili\u0144skiego 1, Prawe Skrzyd\u0142o Pa\u0142acu Branickich, pok\u00f3j 213<\/p>\n<p><strong>Koordynator administracyjny<\/strong><br \/>\nmgr Mateusz Szyc<br \/>\n<i class=\"fal fa-phone\"><\/i> 85 686 52 38<br \/>\n  <i class=\"fal fa-envelope\"><\/i> <a href=\"#\" rel=\"nofollow\"  onclick=\"this.href='mailto:' + 'mateusz.szyc' + '@' + 'umb.edu.pl'\">mateusz.szyc [at] umb.edu.pl<\/a>\n<div class=\"h3\">Uniwersytet w Bia\u0142ymstoku<\/div>\n<p><strong>Dy\u017cury pracownik\u00f3w:<\/strong><br \/>\nponiedzia\u0142ek &#8211; czwartek w godzinach 10.00 &#8211; 14.00<br \/>\npi\u0105tek w godzinach od 10.00 do 13.00<br \/>\nRektorat Uniwersytetu w Bia\u0142ymstoku ul. \u015awierkowa 20B, pok\u00f3j 11<\/p>\n<p><strong>Koordynator administracyjny<\/strong><br \/>\nmgr Anna Sylwia Maj<br \/>\n<i class=\"fal fa-phone\"><\/i> 85 745 70 21<br \/>\n  <i class=\"fal fa-envelope\"><\/i> <a href=\"#\" rel=\"nofollow\"  onclick=\"this.href='mailto:' + 'a.maj' + '@' + 'uwb.edu.pl'\">a.maj [at] uwb.edu.pl<\/a>\n<p><strong>\u200bKoordynator administracyjny<\/strong><br \/>\nmgr Piotr Bia\u0142as<br \/>\n<i class=\"fal fa-phone\"><\/i> 85 745 70 19<br \/>\n  <i class=\"fal fa-envelope\"><\/i> <a href=\"#\" rel=\"nofollow\"  onclick=\"this.href='mailto:' + 'p.bialas' + '@' + 'uwb.edu.pl'\">p.bialas [at] uwb.edu.pl<\/a>\n","protected":false},"excerpt":{"rendered":"<p>Politechnika Bia\u0142ostocka: Dy\u017cury pracownik\u00f3w: poniedzia\u0142ek &#8211; pi\u0105tek w godzinach 10.00 &#8211; 14.00 ul. Wiejska 45A,<\/p>\n","protected":false},"author":2,"featured_media":0,"parent":0,"menu_order":6,"comment_status":"closed","ping_status":"closed","template":"","meta":{"_acf_changed":false,"ngg_post_thumbnail":0,"footnotes":""},"class_list":["post-23","page","type-page","status-publish","hentry"],"acf":[],"_links":{"self":[{"href":"https:\/\/pb.edu.pl\/euraxess\/wp-json\/wp\/v2\/pages\/23","targetHints":{"allow":["GET"]}}],"collection":[{"href":"https:\/\/pb.edu.pl\/euraxess\/wp-json\/wp\/v2\/pages"}],"about":[{"href":"https:\/\/pb.edu.pl\/euraxess\/wp-json\/wp\/v2\/types\/page"}],"author":[{"embeddable":true,"href":"https:\/\/pb.edu.pl\/euraxess\/wp-json\/wp\/v2\/users\/2"}],"replies":[{"embeddable":true,"href":"https:\/\/pb.edu.pl\/euraxess\/wp-json\/wp\/v2\/comments?post=23"}],"version-history":[{"count":6,"href":"https:\/\/pb.edu.pl\/euraxess\/wp-json\/wp\/v2\/pages\/23\/revisions"}],"predecessor-version":[{"id":1206,"href":"https:\/\/pb.edu.pl\/euraxess\/wp-json\/wp\/v2\/pages\/23\/revisions\/1206"}],"wp:attachment":[{"href":"https:\/\/pb.edu.pl\/euraxess\/wp-json\/wp\/v2\/media?parent=23"}],"curies":[{"name":"wp","href":"https:\/\/api.w.org\/{rel}","templated":true}]}}