{"id":29,"date":"2020-09-09T20:18:42","date_gmt":"2020-09-09T18:18:42","guid":{"rendered":"https:\/\/pb.edu.pl\/eduroam\/?page_id=29"},"modified":"2020-09-09T21:34:27","modified_gmt":"2020-09-09T19:34:27","slug":"regulamin","status":"publish","type":"page","link":"https:\/\/pb.edu.pl\/eduroam\/regulamin\/","title":{"rendered":"Regulamin"},"content":{"rendered":"<h2>Preambu\u0142a<\/h2>\n<p>eduroam jest zadaniem realizowanym przez Konsorcjum PIONIER w ramach umowy Lidera Konsorcjum z Ministrem Nauki i Szkolnictwa Wy\u017cszego, umowy nr POIG.02.03.00-00- 028\/08-00 o dofinansowanie projektu pn. Platforma Obs\u0142ugi Nauki PLATON \u2013 Etap I: Kontener us\u0142ug wsp\u00f3lnych realizowanego w ramach Programu Operacyjnego Innowacyjna Gospodarka 2007-2013 (Priorytet 2 Infrastruktura sfery B + R, Dzia\u0142anie 2.3 Inwestycje zwi\u0105zane z rozwojem infrastruktury informatycznej nauki, Poddzia\u0142anie 2.3.1 Projekty w zakresie rozwoju infrastruktury informatycznej nauki oraz 2.3.3 Projekty w zakresie rozwoju zaawansowanych aplikacji i us\u0142ug teleinformatycznych).<\/p>\n<h3>Wyci\u0105g \u2013 Obowi\u0105zki u\u017cytkownik\u00f3w eduroam<\/h3>\n<p><strong>\u00a7 10 Obowi\u0105zki U\u017cytkownik\u00f3w<\/strong><\/p>\n<ol>\n<li>U\u017cytkownik jest odpowiedzialny za wszelkie dzia\u0142ania sieciowe dokonane po&nbsp;uwierzytelnieniu przy pomocy jego danych uwierzytelniaj\u0105cych. W przypadku podejrzenia, \u017ce dane uwierzytelniaj\u0105ce mog\u0142y si\u0119 dosta\u0107 w r\u0119ce os\u00f3b trzecich, U\u017cytkownik jest zobowi\u0105zany do niezw\u0142ocznego zawiadomienia o tym fakcie administratora w swojej instytucji macierzystej, w przypadku niewykonania powy\u017cszego obowi\u0105zku U\u017cytkownik ponosi pe\u0142n\u0105 odpowiedzialno\u015b\u0107 za szkody wywo\u0142ane dzia\u0142aniem lub zaniechaniem os\u00f3b trzecich korzystaj\u0105cych z jego danych uwierzytelniaj\u0105cych. Dane kontaktowe administratora s\u0105 podawane w odpowiednim serwisie internetowym instytucji macierzystej;<\/li>\n<li>U\u017cytkownik powinien do\u0142o\u017cy\u0107 stara\u0144, aby przed wys\u0142aniem danych uwierzytelniaj\u0105cych upewni\u0107 si\u0119, \u017ce korzysta z autentycznego zasobu eduroam (zgodnie z zaleceniami swojej instytucji macierzystej);<\/li>\n<li>U\u017cytkownik powinien by\u0107 \u015bwiadomy, \u017ce fakt go\u015bcinnego korzystania z sieci jest odnotowywany w logach systemowych zar\u00f3wno instytucji udost\u0119pniaj\u0105cej zasoby, jak i jego macierzystej instytucji uwierzytelniaj\u0105cej;<\/li>\n<li>U\u017cytkownik musi dzia\u0142a\u0107 zgodnie z lokalnym prawem i regulaminem sieci komputerowej, z kt\u00f3rej korzysta;<\/li>\n<li>U\u017cytkownik eduroam mo\u017ce korzysta\u0107 z go\u015bcinnego dost\u0119pu wy\u0142\u0105cznie na sw\u00f3j w\u0142asny u\u017cytek.<\/li>\n<\/ol>\n<p>Pe\u0142n\u0105 tre\u015b\u0107 regulaminu us\u0142ugi eduroam w Polsce znajdziecie Pa\u0144stwo pod adresem: <a title=\"Otworzy si\u0119 w nowej karcie\" href=\"http:\/\/www.eduroam.pl\/regulamin\/\" target=\"_blank\" rel=\"noopener noreferrer\">www.eduroam.pl\/regulamin\/<\/a><\/p>\n<\/div>\n","protected":false},"excerpt":{"rendered":"<p>Preambu\u0142a eduroam jest zadaniem realizowanym przez Konsorcjum PIONIER w ramach umowy Lidera Konsorcjum z Ministrem<\/p>\n","protected":false},"author":2,"featured_media":0,"parent":0,"menu_order":2,"comment_status":"closed","ping_status":"closed","template":"","meta":{"_acf_changed":false,"ngg_post_thumbnail":0,"footnotes":""},"class_list":["post-29","page","type-page","status-publish","hentry"],"acf":[],"_links":{"self":[{"href":"https:\/\/pb.edu.pl\/eduroam\/wp-json\/wp\/v2\/pages\/29","targetHints":{"allow":["GET"]}}],"collection":[{"href":"https:\/\/pb.edu.pl\/eduroam\/wp-json\/wp\/v2\/pages"}],"about":[{"href":"https:\/\/pb.edu.pl\/eduroam\/wp-json\/wp\/v2\/types\/page"}],"author":[{"embeddable":true,"href":"https:\/\/pb.edu.pl\/eduroam\/wp-json\/wp\/v2\/users\/2"}],"replies":[{"embeddable":true,"href":"https:\/\/pb.edu.pl\/eduroam\/wp-json\/wp\/v2\/comments?post=29"}],"version-history":[{"count":0,"href":"https:\/\/pb.edu.pl\/eduroam\/wp-json\/wp\/v2\/pages\/29\/revisions"}],"wp:attachment":[{"href":"https:\/\/pb.edu.pl\/eduroam\/wp-json\/wp\/v2\/media?parent=29"}],"curies":[{"name":"wp","href":"https:\/\/api.w.org\/{rel}","templated":true}]}}