{"id":27,"date":"2020-09-09T20:18:29","date_gmt":"2020-09-09T18:18:29","guid":{"rendered":"https:\/\/pb.edu.pl\/eduroam\/?page_id=27"},"modified":"2025-10-07T09:17:17","modified_gmt":"2025-10-07T07:17:17","slug":"o-usludze","status":"publish","type":"page","link":"https:\/\/pb.edu.pl\/eduroam\/o-usludze\/","title":{"rendered":"O us\u0142udze"},"content":{"rendered":"<p>Celem us\u0142ugi <strong>eduroam<\/strong> jest udost\u0119pnienie u\u017cytkownikom \u015brodowiska naukowego \u0142atwego i bezpiecznego po\u0142\u0105czenia z sieci\u0105 komputerow\u0105.<\/p>\n<p>Z eduroam mo\u017ce skorzysta\u0107 ka\u017cdy pracownik i student Politechniki Bia\u0142ostockiej posiadaj\u0105cy uczelniane konto w domenie:<\/p>\n<ul>\n<li>@pb.edu.pl<\/li>\n<li>@student.pb.edu.pl<\/li>\n<li>@sd.pb.edu.pl<\/li>\n<li>@podyplomowe.pb.edu.pl<\/li>\n<\/ul>\n<p>Dost\u0119p do sieci mo\u017cna uzyska\u0107 na terenie wszystkich instytucji stowarzyszonych w eduroam (zar\u00f3wno w Polsce jak i za granic\u0105). List\u0119 miejsc w Polsce, w kt\u00f3rych mo\u017cna skorzysta\u0107 z sieci eduroam znajdzie Pa\u0144stwo na stronie <a title=\"Otworzy si\u0119 w nowej karcie\" href=\"http:\/\/eduroam.pl\/index.php?lang=pl&amp;page=lista\" target=\"_blank\" rel=\"noopener noreferrer\">www.eduroam.pl<\/a><\/p>\n<p><strong>eduroam<\/strong> jest zastrze\u017conym znakiem towarowym zarejestrowanym przez organizacj\u0119 <a title=\"Otworzy si\u0119 w nowej karcie\" href=\"http:\/\/www.terena.org\/\" target=\"_blank\" rel=\"noopener noreferrer\">TERENA<\/a> i jest skr\u00f3tem od <em>educational roaming<\/em> \u2013 inicjatywy, kt\u00f3ra wyros\u0142a z dzia\u0142a\u0144 europejskich akademickich sieci komputerowych. Us\u0142uga eduroam jest wsp\u00f3\u0142tworzona przez wszystkie instytucje, kt\u00f3re z niej korzystaj\u0105.<\/p>\n<p>Koordynacj\u0105 budowy us\u0142ugi eduroam w naszym regionie zajmuje si\u0119 <a title=\"Otworzy si\u0119 w nowej karcie\" href=\"https:\/\/pb.edu.pl\/biaman\/\">Centrum Komputerowych Sieci Rozleg\u0142ych Politechniki Bia\u0142ostockiej<\/a>.<\/p>\n<div class=\"h2\">Zasady przyznawania dost\u0119pu pracownikom i osobom zatrudnionym na podstawie um\u00f3w cywilnoprawnych<\/div>\n<p>Uruchomienie dost\u0119pu do us\u0142ugi eduroam wymaga:<\/p>\n<ul>\n<li>zapoznania si\u0119 z <a href=\"\/eduroam\/regulamin\/\" title=\"Przejd\u017a na stron\u0119 z regualminem \u015bwiadczenia us\u0142ugi\">regulaminem \u015bwiadczenia us\u0142ugi eduroam<\/a><\/li>\n<li>za\u0142o\u017cenia <a href=\"https:\/\/pb.edu.pl\/biaman\/poczta\/wniosek-personalna\/\" title=\"Otw\u00f3rz formularz za\u0142o\u017cenia personalnej skrzynki pocztowej\">personalnej skrzynki pocztowej<\/a><\/li>\n<li>wys\u0142aniu za po\u015brednictwem personalnej skrzynki pocztowej pro\u015bby o utworzenie konta w us\u0142udze eduroam na adres <a href=\"#\" rel=\"nofollow\"  onclick=\"this.href='mailto:' + ' eduroam' + '@' + 'pb.edu.pl '\"> eduroam [at] pb.edu.pl <\/a><\/li>\n<\/ul>\n<div class=\"h2\">Konta dost\u0119powe studentom i doktorantom przydziela i obs\u0142uguje <a href=\"https:\/\/pb.edu.pl\/uci\" title=\"Przejd\u017a do strony UCI\">Uczelniane Centrum Informatyczne<\/a> <\/div>\n<div class=\"h2\">Historia uruchomienia eduroam w Politechnice Bia\u0142ostockiej<\/div>\n<p>Budowa bezprzewodowej sieci eduroam na Politechnice Bia\u0142ostockiej zosta\u0142a rozpocz\u0119ta przez Centrum Komputerowych Sieci Rozleg\u0142ych w lutym 2008 roku. W\u00f3wczas rozpocz\u0119\u0142a si\u0119 procedura zakupu niezb\u0119dnych urz\u0105dze\u0144 oraz przygotowania infrastruktury serwerowej maj\u0105cej s\u0142u\u017cy\u0107 do uwierzytelniania u\u017cytkownik\u00f3w. Testowe uruchomienie sieci eduroam odby\u0142o si\u0119 we wrze\u015bniu 2008 roku z wykorzystaniem 6 punkt\u00f3w dost\u0119powych sieci bezprzewodowej Cisco AP 1251 przy\u0142\u0105czonych do kontrolera sieci bezprzewodowej Cisco WLC 4402-12 zakupionych ze \u015brodk\u00f3w CKSR. Uruchomienie pierwszego regionalnego serwera uwierzytelniaj\u0105cego zapewniaj\u0105cego \u0142\u0105czno\u015b\u0107 Politechniki Bia\u0142ostockiej ze \u015bwiatow\u0105 sieci\u0105 eduroam odby\u0142o si\u0119  14 pa\u017adziernika 2008 r. W 2009 roku Uczelnia postanowi\u0142a zakupi\u0107 kolejne urz\u0105dzenia w celu rozbudowy dost\u0119pu do sieci eduroam na wszystkich Wydzia\u0142ach. Z grantu Unii Europejskiej zakupiono i uruchomiono w czerwcu 2009 roku 18 punkt\u00f3w dost\u0119powych Cisco AP 1251, 6 kontroler\u00f3w sieci bezprzewodowej Cisco WLC 44402-25 oraz 6 prze\u0142\u0105cznik\u00f3w Cisco Catalyst 3560G-PS PoE, kt\u00f3re zainstalowano na 6 wydzia\u0142ach Politechniki Bia\u0142ostockiej (Informatyki, Mechanicznym, Elektrycznym, Budownictwa i In\u017cynierii \u015arodowiska, Architektury oraz Zarz\u0105dzania). Nast\u0119pnie w ramach projektu PLATON realizowanego przez CKSR, w grudniu 2009 r. oraz sierpniu 2011 r. zosta\u0142y dostarczone i uruchomione kolejne urz\u0105dzenia zwi\u0119kszaj\u0105ce zasi\u0119g sieci bezprzewodowej eduroam w Politechnice Bia\u0142ostockiej: 2 kontrolery sieci bezprzewodowej oraz 50 punkt\u00f3w dost\u0119powych.<\/p>\n","protected":false},"excerpt":{"rendered":"<p>Celem us\u0142ugi eduroam jest udost\u0119pnienie u\u017cytkownikom \u015brodowiska naukowego \u0142atwego i bezpiecznego po\u0142\u0105czenia z sieci\u0105 komputerow\u0105.<\/p>\n","protected":false},"author":2,"featured_media":0,"parent":0,"menu_order":1,"comment_status":"closed","ping_status":"closed","template":"","meta":{"_acf_changed":false,"ngg_post_thumbnail":0,"footnotes":""},"class_list":["post-27","page","type-page","status-publish","hentry"],"acf":[],"_links":{"self":[{"href":"https:\/\/pb.edu.pl\/eduroam\/wp-json\/wp\/v2\/pages\/27","targetHints":{"allow":["GET"]}}],"collection":[{"href":"https:\/\/pb.edu.pl\/eduroam\/wp-json\/wp\/v2\/pages"}],"about":[{"href":"https:\/\/pb.edu.pl\/eduroam\/wp-json\/wp\/v2\/types\/page"}],"author":[{"embeddable":true,"href":"https:\/\/pb.edu.pl\/eduroam\/wp-json\/wp\/v2\/users\/2"}],"replies":[{"embeddable":true,"href":"https:\/\/pb.edu.pl\/eduroam\/wp-json\/wp\/v2\/comments?post=27"}],"version-history":[{"count":0,"href":"https:\/\/pb.edu.pl\/eduroam\/wp-json\/wp\/v2\/pages\/27\/revisions"}],"wp:attachment":[{"href":"https:\/\/pb.edu.pl\/eduroam\/wp-json\/wp\/v2\/media?parent=27"}],"curies":[{"name":"wp","href":"https:\/\/api.w.org\/{rel}","templated":true}]}}