{"id":635,"date":"2023-12-06T15:59:21","date_gmt":"2023-12-06T14:59:21","guid":{"rendered":"https:\/\/pb.edu.pl\/dzp\/?page_id=635"},"modified":"2024-12-09T12:32:52","modified_gmt":"2024-12-09T11:32:52","slug":"plan-zamowien-publicznych-2024","status":"publish","type":"page","link":"https:\/\/pb.edu.pl\/dzp\/plany-i-harmonogramy\/plan-zamowien-publicznych-2024\/","title":{"rendered":"Plan Zam\u00f3wie\u0144 Publicznych 2024"},"content":{"rendered":"<p><a class=\"xlsx\" title=\"pobierz plik\" href=\"https:\/\/pb.edu.pl\/dzp\/wp-content\/uploads\/sites\/93\/2024\/10\/PLAN-ZAMOWIEN-2024-AKTUALIZACJA-.xlsx\" data-id=\"798\"><strong>PLAN ZAM\u00d3WIE\u0143 2024 -AKTUALIZACJA<\/strong><\/a><\/p>\n<p><a class=\"xlsx\" title=\"pobierz plik\" href=\"https:\/\/pb.edu.pl\/dzp\/wp-content\/uploads\/sites\/93\/2024\/03\/Plan-zamowien-PB-na-2024-r.xlsx\" data-id=\"726\">Plan zam\u00f3wie\u0144 PB na 2024<\/a><\/p>\n<p><a class=\"pdf\" href=\"https:\/\/pb.edu.pl\/dzp\/wp-content\/uploads\/sites\/93\/2023\/12\/Informacja-dotyczaca-procedury-tworzenia-Planu-Zamowien-Publicznych-PB-w-2024.pdf\" target=\"_blank\" rel=\"noopener\" data-id=\"638\">Informacja dotycz\u0105ca procedury tworzenia Planu Zam\u00f3wie\u0144 Publicznych PB w 2024 r. (PDF, 73 KB, otworzy si\u0119 w nowej karcie)<\/a><\/p>\n<p><a class=\"pdf\" href=\"https:\/\/pb.edu.pl\/dzp\/wp-content\/uploads\/sites\/93\/2023\/12\/wzor-Planu-Zamowien-Publicznych-PB-w-2024r-DOSTAWY.pdf\" target=\"_blank\" rel=\"noopener\" data-id=\"639\">Wz\u00f3r planu zam\u00f3wie\u0144 jednostki &#8211; DOSTAWY (PDF, 812 KB, otworzy si\u0119 w nowej karcie)<\/a><\/p>\n<p><a class=\"pdf\" href=\"https:\/\/pb.edu.pl\/dzp\/wp-content\/uploads\/sites\/93\/2023\/12\/Wzor-Planu-Zamowien-Publicznych-jednostki-w-2024r-USLUGI.pdf\" target=\"_blank\" rel=\"noopener\" data-id=\"640\">Wz\u00f3r planu zam\u00f3wie\u0144 jednostki &#8211; US\u0141UGI (PDF, 607 KB, otworzy si\u0119 w nowej karcie)<\/a><\/p>\n<p><a class=\"pdf\" href=\"https:\/\/pb.edu.pl\/dzp\/wp-content\/uploads\/sites\/93\/2023\/12\/Wzor-Planu-Zamowien-Publicznych-jednostki-w-2024r-ROBOTY-BUDOWLANE.pdf\" target=\"_blank\" rel=\"noopener\" data-id=\"641\">Wz\u00f3r planu zam\u00f3wie\u0144 jednostki &#8211; ROBOTY BUDOWLANE (PDF, 90 KB, otworzy si\u0119 w nowej karcie)<\/a><\/p>\n<p><a class=\"xls\" title=\"pobierz plik\" href=\"https:\/\/pb.edu.pl\/dzp\/wp-content\/uploads\/sites\/93\/2023\/12\/Wzor-Planu-Zamowien-Jednostek-PB-na-2024-r.xls\" data-id=\"642\">Wz\u00f3r planu zam\u00f3wie\u0144 jednostek PB na 2024 r. (XLS, 226 KB)<\/a><\/p>\n<p><a class=\"pdf\" href=\"https:\/\/pb.edu.pl\/dzp\/wp-content\/uploads\/sites\/93\/2023\/12\/Program-do-Planowania-Zamowien-instrukcja.pdf\" target=\"_blank\" rel=\"noopener\" data-id=\"643\">Program do planowania zam\u00f3wie\u0144 &#8211; instrukcja (PDF, 1 MB, otworzy si\u0119 w nowej karcie)<\/a><\/p>\n","protected":false},"excerpt":{"rendered":"<p>PLAN ZAM\u00d3WIE\u0143 2024 -AKTUALIZACJA Plan zam\u00f3wie\u0144 PB na 2024 Informacja dotycz\u0105ca procedury tworzenia Planu Zam\u00f3wie\u0144<\/p>\n","protected":false},"author":2,"featured_media":0,"parent":397,"menu_order":5,"comment_status":"closed","ping_status":"closed","template":"","meta":{"_acf_changed":false,"ngg_post_thumbnail":0,"footnotes":""},"class_list":["post-635","page","type-page","status-publish","hentry"],"acf":[],"_links":{"self":[{"href":"https:\/\/pb.edu.pl\/dzp\/wp-json\/wp\/v2\/pages\/635","targetHints":{"allow":["GET"]}}],"collection":[{"href":"https:\/\/pb.edu.pl\/dzp\/wp-json\/wp\/v2\/pages"}],"about":[{"href":"https:\/\/pb.edu.pl\/dzp\/wp-json\/wp\/v2\/types\/page"}],"author":[{"embeddable":true,"href":"https:\/\/pb.edu.pl\/dzp\/wp-json\/wp\/v2\/users\/2"}],"replies":[{"embeddable":true,"href":"https:\/\/pb.edu.pl\/dzp\/wp-json\/wp\/v2\/comments?post=635"}],"version-history":[{"count":0,"href":"https:\/\/pb.edu.pl\/dzp\/wp-json\/wp\/v2\/pages\/635\/revisions"}],"up":[{"embeddable":true,"href":"https:\/\/pb.edu.pl\/dzp\/wp-json\/wp\/v2\/pages\/397"}],"wp:attachment":[{"href":"https:\/\/pb.edu.pl\/dzp\/wp-json\/wp\/v2\/media?parent=635"}],"curies":[{"name":"wp","href":"https:\/\/api.w.org\/{rel}","templated":true}]}}