{"id":315,"date":"2021-11-26T12:33:38","date_gmt":"2021-11-26T11:33:38","guid":{"rendered":"https:\/\/pb.edu.pl\/dssd\/?page_id=315"},"modified":"2026-03-11T15:16:50","modified_gmt":"2026-03-11T14:16:50","slug":"finansowanie-projektow","status":"publish","type":"page","link":"https:\/\/pb.edu.pl\/dss\/samorzad-i-uczelniane-organizacje-studenckie\/finansowanie-projektow\/","title":{"rendered":"Zarz\u0105dzenia i zasady finansowania dzia\u0142alno\u015bci studenckiej"},"content":{"rendered":"<p>SSPB &#8211; <a href=\"https:\/\/pb.edu.pl\/sspb\/\">Samorz\u0105d Student\u00f3w Politechniki Bia\u0142ostockiej<\/a><\/p>\n<ol>\n<li><strong>Finansowanie przedsi\u0119wzi\u0119cia w ramach dzia\u0142alno\u015bci samorz\u0105du student\u00f3w\/k\u00f3\u0142 naukowych i organizacji studenckich<\/strong>\n<ul>\n<li><a  class=\"pdf\" href=\"https:\/\/pb.edu.pl\/dss\/wp-content\/uploads\/sites\/166\/2026\/03\/ZASADY-wydatkowania-srodksw-finansowych-przeznaczonych-na-dzialalnosc-studencka-i-doktorancka-w-PB.pdf\" target=\"_blank\" data-id=\"1070\" >Zasady wydatkowania \u015brodk\u00f3w finansowych przeznaczonych na dzia\u0142alno\u015b\u0107 studenck\u0105 i doktoranck\u0105 <span>(PDF, 403 KB, otworzy si\u0119 w nowej karcie)<\/span><\/a><\/li>\n<li><a title=\"pobierz plik\" class=\"docx\" href=\"https:\/\/pb.edu.pl\/dss\/wp-content\/uploads\/sites\/166\/2025\/02\/WZOR-WNIOSKU-O-FINANSOWANIE-PRZEDSIEWZIECIA-od-14_02_2025.docx\"  data-id=\"917\" >Wz\u00f3r wniosku o finansowanie przedsi\u0119wzi\u0119cia <span>(DOCX, 20 KB)<\/span><\/a> <\/li>\n<li><a title=\"pobierz plik\" class=\"docx\" href=\"https:\/\/pb.edu.pl\/dss\/wp-content\/uploads\/sites\/166\/2025\/02\/PRZYKLAD_UZUPELNIONEGO-WNIOSKU.docx\"  data-id=\"928\" >Przyk\u0142ad uzupe\u0142nionego wniosku <span>(DOCX, 25 KB)<\/span><\/a><\/li>\n<li><a title=\"pobierz plik\" class=\"docx\" href=\"https:\/\/pb.edu.pl\/dss\/wp-content\/uploads\/sites\/166\/2025\/02\/WZOR_DRUK-ZAPOTRZEBOWANIA.docx\"  data-id=\"921\" >Wz\u00f3r druk zapotrzebowania <span>(DOCX, 52 KB)<\/span><\/a><\/li>\n<\/ul>\n<\/li>\n<li><strong>Wyjazdy student\u00f3w<\/strong>\n<ul>\n<li><a  class=\"pdf\" href=\"https:\/\/pb.edu.pl\/dss\/wp-content\/uploads\/sites\/166\/2025\/12\/WAZNE-INFORMACJE_ROZLICZENIA_FAKTURY.pdf\" target=\"_blank\" data-id=\"1007\" >Wa\u017cne informacje do rozliczenia wyjazdu faktur <span>(PDF, 63 KB, otworzy si\u0119 w nowej karcie)<\/span><\/a><\/li>\n<li><a  class=\"pdf\" href=\"https:\/\/pb.edu.pl\/dss\/wp-content\/uploads\/sites\/166\/2025\/12\/Zarzadzenie-Nr-122-2025_zwrot-kosztow-podrozy-studentom.pdf\" target=\"_blank\" data-id=\"996\" >Zarz\u0105dzenie nr 122\/2025 Rektora PB z dnia 11 grudnia 2025 roku w sprawie zwrotu koszt\u00f3w podr\u00f3\u017cy osobom nieb\u0119d\u0105cym pracownikami Politechniki Bia\u0142ostockiej oraz przyznawania \u015bwiadcze\u0144 go\u015bciom zagranicznym przyje\u017cd\u017caj\u0105cym do Politechniki Bia\u0142ostockiej <span>(PDF, 547 KB, otworzy si\u0119 w nowej karcie)<\/span><\/a><br \/>\n&nbsp;<br \/>\n<a title=\"pobierz plik\" class=\"docx\" href=\"https:\/\/pb.edu.pl\/dss\/wp-content\/uploads\/sites\/166\/2025\/12\/Zalacznik-Nr-1_Wzor-wniosku-na-podroz-delgacja-Studenta.docx\"  data-id=\"997\" >Za\u0142\u0105cznik 1 do Zarz\u0105dzenia Nr 122\/2025 Rektora PB <span>(DOCX, 29 KB)<\/span><\/a><\/p>\n<p><a title=\"pobierz plik\" class=\"docx\" href=\"https:\/\/pb.edu.pl\/dss\/wp-content\/uploads\/sites\/166\/2025\/12\/Zalacznik-Nr-2-_wzor-Umowy-na-samochod.docx\"  data-id=\"998\" >Za\u0142\u0105cznik 2 do Zarz\u0105dzenia Nr 122\/2025 Rektora PB <span>(DOCX, 18 KB)<\/span><\/a><\/p>\n<p><a title=\"pobierz plik\" class=\"docx\" href=\"https:\/\/pb.edu.pl\/dss\/wp-content\/uploads\/sites\/166\/2025\/12\/Zalacznik-Nr-3_ewidencja-przebiegu_podroz-samochodem.docx\"  data-id=\"999\" >Za\u0142\u0105cznik 3 do Zarz\u0105dzenia Nr 122\/2025 Rektora PB <span>(DOCX, 18 KB)<\/span><\/a><\/li>\n<p>&nbsp;<\/p>\n<li><a  class=\"pdf\" href=\"https:\/\/pb.edu.pl\/dss\/wp-content\/uploads\/sites\/166\/2025\/12\/Zarzadzenie-Nr-20-2024_stawki-za-kilometr-przebiegu_do-podrozy-samochodem.pdf\" target=\"_blank\" data-id=\"1001\" >Zarz\u0105dzenie nr 20\/2024 Rektora PB z dnia 8 marca 2024 roku w sprawie zmiany Zarz\u0105dzenia Rektora Politechniki Bia\u0142ostockiej w sprawie okre\u015blenia wysoko\u015bci stawek za kilometr przebiegu pojazdu nieb\u0119d\u0105cego w\u0142asno\u015bci\u0105 Politechniki Bia\u0142ostockiej u\u017cywanego do cel\u00f3w s\u0142u\u017cbowych <span>(PDF, 117 KB, otworzy si\u0119 w nowej karcie)<\/span><\/a><\/li>\n<\/ul>\n<\/li>\n<li><strong>Organizacja imprez na terenie Politechniki Bia\u0142ostockiej<\/strong>\n<ul>\n<li><a href=\"https:\/\/bip.pb.edu.pl\/?event=informacja&#038;id=21847\">Zarz\u0105dzenie nr 1227\/2020 (z p\u00f3\u017an. zm.) w sprawie ustalenia zasad organizacji imprez w Politechnice Bia\u0142ostockiej<\/a><\/li>\n<li><a href=\"https:\/\/bip.pb.edu.pl\/index.php?event=informacja&#038;id=20986\">Zarz\u0105dzenie nr 123\/2023 Rektora Politechniki Bia\u0142ostockiej z dnia 22 grudnia 2023 roku w sprawie zmiany zarz\u0105dzenia Rektora Politechniki Bia\u0142ostockiej w sprawie ustalenia zasad organizacji imprez w Politechnice Bia\u0142ostockiej<\/a><\/li>\n<\/ul>\n<\/li>\n<li><strong>Zam\u00f3wienia publiczne w Politechnice Bia\u0142ostockiej<\/strong>\n<ul>\n<li><a href=\"https:\/\/pb.edu.pl\/dzp\/\">Dzia\u0142 Zam\u00f3wie\u0144 Publicznych (zarz\u0105dzenia, obieg dokument\u00f3w finansowych, dostawy sukcesywne)<\/a><\/li>\n<\/ul>\n<\/li>\n<\/ol>\n<div class=\"h3\">Zapraszamy do kontaktu:<\/div>\n<p><strong>Dzia\u0142alno\u015b\u0107 Samorz\u0105du Student\u00f3w<\/strong><br \/>\nMagdalena Gawrysiak, <i class=\"fal fa-envelope\"><\/i> <a href=\"#\" rel=\"nofollow\"  onclick=\"this.href='mailto:' + 'magdalena.gawrysiak' + '@' + 'pb.edu.pl'\">magdalena.gawrysiak [at] pb.edu.pl<\/a>, <i class=\"fal fa-phone\"><\/i> 746 90 39<\/p>\n<p><strong>Dzia\u0142alno\u015b\u0107 k\u00f3\u0142 naukowych i organizacji studenckich<\/strong><br \/>\nMarzena Koniuch, <i class=\"fal fa-envelope\"><\/i> <a href=\"#\" rel=\"nofollow\"  onclick=\"this.href='mailto:' + 'm.koniuch' + '@' + 'pb.edu.pl'\">m.koniuch [at] pb.edu.pl<\/a>, <i class=\"fal fa-phone\"><\/i> 746 90 36<\/p>\n","protected":false},"excerpt":{"rendered":"<p>SSPB &#8211; Samorz\u0105d Student\u00f3w Politechniki Bia\u0142ostockiej Finansowanie przedsi\u0119wzi\u0119cia w ramach dzia\u0142alno\u015bci samorz\u0105du student\u00f3w\/k\u00f3\u0142 naukowych i<\/p>\n","protected":false},"author":2,"featured_media":0,"parent":38,"menu_order":3,"comment_status":"closed","ping_status":"closed","template":"","meta":{"_acf_changed":false,"ngg_post_thumbnail":0,"footnotes":""},"class_list":["post-315","page","type-page","status-publish","hentry"],"acf":[],"yoast_head":"<!-- This site is optimized with the Yoast SEO plugin v27.0 - https:\/\/yoast.com\/product\/yoast-seo-wordpress\/ -->\n<title>Zarz\u0105dzenia i zasady finansowania dzia\u0142alno\u015bci studenckiej - Dzia\u0142 Spraw Studenckich<\/title>\n<meta name=\"description\" content=\"SSPB - Samorz\u0105d Student\u00f3w Politechniki Bia\u0142ostockiej Finansowanie przedsi\u0119wzi\u0119cia w ramach dzia\u0142alno\u015bci samorz\u0105du student\u00f3w\/k\u00f3\u0142 naukowych i organizacji\" \/>\n<meta name=\"robots\" content=\"index, follow, max-snippet:-1, max-image-preview:large, max-video-preview:-1\" \/>\n<link rel=\"canonical\" href=\"https:\/\/pb.edu.pl\/dss\/samorzad-i-uczelniane-organizacje-studenckie\/finansowanie-projektow\/\" \/>\n<meta property=\"og:locale\" content=\"pl_PL\" \/>\n<meta property=\"og:type\" content=\"article\" \/>\n<meta property=\"og:title\" content=\"Zarz\u0105dzenia i zasady finansowania dzia\u0142alno\u015bci studenckiej - Dzia\u0142 Spraw Studenckich\" \/>\n<meta property=\"og:description\" content=\"SSPB - Samorz\u0105d Student\u00f3w Politechniki Bia\u0142ostockiej Finansowanie przedsi\u0119wzi\u0119cia w ramach dzia\u0142alno\u015bci samorz\u0105du student\u00f3w\/k\u00f3\u0142 naukowych i organizacji\" \/>\n<meta property=\"og:url\" content=\"https:\/\/pb.edu.pl\/dss\/samorzad-i-uczelniane-organizacje-studenckie\/finansowanie-projektow\/\" \/>\n<meta property=\"og:site_name\" content=\"Dzia\u0142 Spraw Studenckich\" \/>\n<meta property=\"article:modified_time\" content=\"2026-03-11T14:16:50+00:00\" \/>\n<meta name=\"twitter:label1\" content=\"Szacowany czas czytania\" \/>\n\t<meta name=\"twitter:data1\" content=\"2 minuty\" \/>\n<script type=\"application\/ld+json\" class=\"yoast-schema-graph\">{\"@context\":\"https:\/\/schema.org\",\"@graph\":[{\"@type\":\"WebPage\",\"@id\":\"https:\/\/pb.edu.pl\/dss\/samorzad-i-uczelniane-organizacje-studenckie\/finansowanie-projektow\/\",\"url\":\"https:\/\/pb.edu.pl\/dss\/samorzad-i-uczelniane-organizacje-studenckie\/finansowanie-projektow\/\",\"name\":\"Zarz\u0105dzenia i zasady finansowania dzia\u0142alno\u015bci studenckiej - Dzia\u0142 Spraw Studenckich\",\"isPartOf\":{\"@id\":\"https:\/\/pb.edu.pl\/dss\/#website\"},\"datePublished\":\"2021-11-26T11:33:38+00:00\",\"dateModified\":\"2026-03-11T14:16:50+00:00\",\"description\":\"SSPB - Samorz\u0105d Student\u00f3w Politechniki Bia\u0142ostockiej Finansowanie przedsi\u0119wzi\u0119cia w ramach dzia\u0142alno\u015bci samorz\u0105du student\u00f3w\/k\u00f3\u0142 naukowych i organizacji\",\"breadcrumb\":{\"@id\":\"https:\/\/pb.edu.pl\/dss\/samorzad-i-uczelniane-organizacje-studenckie\/finansowanie-projektow\/#breadcrumb\"},\"inLanguage\":\"pl-PL\",\"potentialAction\":[{\"@type\":\"ReadAction\",\"target\":[\"https:\/\/pb.edu.pl\/dss\/samorzad-i-uczelniane-organizacje-studenckie\/finansowanie-projektow\/\"]}]},{\"@type\":\"BreadcrumbList\",\"@id\":\"https:\/\/pb.edu.pl\/dss\/samorzad-i-uczelniane-organizacje-studenckie\/finansowanie-projektow\/#breadcrumb\",\"itemListElement\":[{\"@type\":\"ListItem\",\"position\":1,\"name\":\"Strona g\u0142\u00f3wna\",\"item\":\"https:\/\/pb.edu.pl\/dss\/\"},{\"@type\":\"ListItem\",\"position\":2,\"name\":\"Samorz\u0105d i uczelniane organizacje studenckie\",\"item\":\"https:\/\/pb.edu.pl\/dss\/samorzad-i-uczelniane-organizacje-studenckie\/\"},{\"@type\":\"ListItem\",\"position\":3,\"name\":\"Zarz\u0105dzenia i zasady finansowania dzia\u0142alno\u015bci studenckiej\"}]},{\"@type\":\"WebSite\",\"@id\":\"https:\/\/pb.edu.pl\/dss\/#website\",\"url\":\"https:\/\/pb.edu.pl\/dss\/\",\"name\":\"Dzia\u0142 Spraw Studenckich\",\"description\":\"\",\"potentialAction\":[{\"@type\":\"SearchAction\",\"target\":{\"@type\":\"EntryPoint\",\"urlTemplate\":\"https:\/\/pb.edu.pl\/dss\/?s={search_term_string}\"},\"query-input\":{\"@type\":\"PropertyValueSpecification\",\"valueRequired\":true,\"valueName\":\"search_term_string\"}}],\"inLanguage\":\"pl-PL\"}]}<\/script>\n<!-- \/ Yoast SEO plugin. -->","yoast_head_json":{"title":"Zarz\u0105dzenia i zasady finansowania dzia\u0142alno\u015bci studenckiej - Dzia\u0142 Spraw Studenckich","description":"SSPB - Samorz\u0105d Student\u00f3w Politechniki Bia\u0142ostockiej Finansowanie przedsi\u0119wzi\u0119cia w ramach dzia\u0142alno\u015bci samorz\u0105du student\u00f3w\/k\u00f3\u0142 naukowych i organizacji","robots":{"index":"index","follow":"follow","max-snippet":"max-snippet:-1","max-image-preview":"max-image-preview:large","max-video-preview":"max-video-preview:-1"},"canonical":"https:\/\/pb.edu.pl\/dss\/samorzad-i-uczelniane-organizacje-studenckie\/finansowanie-projektow\/","og_locale":"pl_PL","og_type":"article","og_title":"Zarz\u0105dzenia i zasady finansowania dzia\u0142alno\u015bci studenckiej - Dzia\u0142 Spraw Studenckich","og_description":"SSPB - Samorz\u0105d Student\u00f3w Politechniki Bia\u0142ostockiej Finansowanie przedsi\u0119wzi\u0119cia w ramach dzia\u0142alno\u015bci samorz\u0105du student\u00f3w\/k\u00f3\u0142 naukowych i organizacji","og_url":"https:\/\/pb.edu.pl\/dss\/samorzad-i-uczelniane-organizacje-studenckie\/finansowanie-projektow\/","og_site_name":"Dzia\u0142 Spraw Studenckich","article_modified_time":"2026-03-11T14:16:50+00:00","twitter_misc":{"Szacowany czas czytania":"2 minuty"},"schema":{"@context":"https:\/\/schema.org","@graph":[{"@type":"WebPage","@id":"https:\/\/pb.edu.pl\/dss\/samorzad-i-uczelniane-organizacje-studenckie\/finansowanie-projektow\/","url":"https:\/\/pb.edu.pl\/dss\/samorzad-i-uczelniane-organizacje-studenckie\/finansowanie-projektow\/","name":"Zarz\u0105dzenia i zasady finansowania dzia\u0142alno\u015bci studenckiej - Dzia\u0142 Spraw Studenckich","isPartOf":{"@id":"https:\/\/pb.edu.pl\/dss\/#website"},"datePublished":"2021-11-26T11:33:38+00:00","dateModified":"2026-03-11T14:16:50+00:00","description":"SSPB - Samorz\u0105d Student\u00f3w Politechniki Bia\u0142ostockiej Finansowanie przedsi\u0119wzi\u0119cia w ramach dzia\u0142alno\u015bci samorz\u0105du student\u00f3w\/k\u00f3\u0142 naukowych i organizacji","breadcrumb":{"@id":"https:\/\/pb.edu.pl\/dss\/samorzad-i-uczelniane-organizacje-studenckie\/finansowanie-projektow\/#breadcrumb"},"inLanguage":"pl-PL","potentialAction":[{"@type":"ReadAction","target":["https:\/\/pb.edu.pl\/dss\/samorzad-i-uczelniane-organizacje-studenckie\/finansowanie-projektow\/"]}]},{"@type":"BreadcrumbList","@id":"https:\/\/pb.edu.pl\/dss\/samorzad-i-uczelniane-organizacje-studenckie\/finansowanie-projektow\/#breadcrumb","itemListElement":[{"@type":"ListItem","position":1,"name":"Strona g\u0142\u00f3wna","item":"https:\/\/pb.edu.pl\/dss\/"},{"@type":"ListItem","position":2,"name":"Samorz\u0105d i uczelniane organizacje studenckie","item":"https:\/\/pb.edu.pl\/dss\/samorzad-i-uczelniane-organizacje-studenckie\/"},{"@type":"ListItem","position":3,"name":"Zarz\u0105dzenia i zasady finansowania dzia\u0142alno\u015bci studenckiej"}]},{"@type":"WebSite","@id":"https:\/\/pb.edu.pl\/dss\/#website","url":"https:\/\/pb.edu.pl\/dss\/","name":"Dzia\u0142 Spraw Studenckich","description":"","potentialAction":[{"@type":"SearchAction","target":{"@type":"EntryPoint","urlTemplate":"https:\/\/pb.edu.pl\/dss\/?s={search_term_string}"},"query-input":{"@type":"PropertyValueSpecification","valueRequired":true,"valueName":"search_term_string"}}],"inLanguage":"pl-PL"}]}},"_links":{"self":[{"href":"https:\/\/pb.edu.pl\/dss\/wp-json\/wp\/v2\/pages\/315","targetHints":{"allow":["GET"]}}],"collection":[{"href":"https:\/\/pb.edu.pl\/dss\/wp-json\/wp\/v2\/pages"}],"about":[{"href":"https:\/\/pb.edu.pl\/dss\/wp-json\/wp\/v2\/types\/page"}],"author":[{"embeddable":true,"href":"https:\/\/pb.edu.pl\/dss\/wp-json\/wp\/v2\/users\/2"}],"replies":[{"embeddable":true,"href":"https:\/\/pb.edu.pl\/dss\/wp-json\/wp\/v2\/comments?post=315"}],"version-history":[{"count":2,"href":"https:\/\/pb.edu.pl\/dss\/wp-json\/wp\/v2\/pages\/315\/revisions"}],"predecessor-version":[{"id":1071,"href":"https:\/\/pb.edu.pl\/dss\/wp-json\/wp\/v2\/pages\/315\/revisions\/1071"}],"up":[{"embeddable":true,"href":"https:\/\/pb.edu.pl\/dss\/wp-json\/wp\/v2\/pages\/38"}],"wp:attachment":[{"href":"https:\/\/pb.edu.pl\/dss\/wp-json\/wp\/v2\/media?parent=315"}],"curies":[{"name":"wp","href":"https:\/\/api.w.org\/{rel}","templated":true}]}}