{"id":309,"date":"2021-11-24T14:27:04","date_gmt":"2021-11-24T13:27:04","guid":{"rendered":"https:\/\/pb.edu.pl\/dssd\/?page_id=309"},"modified":"2026-02-13T21:22:21","modified_gmt":"2026-02-13T20:22:21","slug":"informacje-o-dss-w-tekscie-latwym-do-czytania-etr-easy-to-read","status":"publish","type":"page","link":"https:\/\/pb.edu.pl\/dss\/informacje-o-dss-w-tekscie-latwym-do-czytania-etr-easy-to-read\/","title":{"rendered":"Informacje o Dziale Spraw Studenckich w tek\u015bcie \u0142atwym do czytania \u2013 ETR (EASY TO READ)"},"content":{"rendered":"<div style=\"font-size: 1.8rem\">\n<p><strong>Dzia\u0142 Spraw Studenckich:<\/strong><\/p>\n<ul>\n<li>pomaga w sprawach zwi\u0105zanych ze studiami<\/li>\n<li>pomaga w sprawach dotycz\u0105cych op\u0142at za studia<\/li>\n<li>wsp\u00f3\u0142dzia\u0142a z Samorz\u0105dem Student\u00f3w,<\/li>\n<li>pomaga ko\u0142om naukowym,<\/li>\n<li>zajmuje si\u0119 sprawami dyscyplinarnymi student\u00f3w,<\/li>\n<li>wsp\u00f3\u0142dzia\u0142a z Narodow\u0105 Agencj\u0105 Wymiany Akademickiej<\/li>\n<\/ul>\n<p><strong>Kontakt z Dzia\u0142em Spraw Studenckich<\/strong><\/p>\n<ul>\n<li>napisz pismo i wy\u015blij na adres:<br \/>\n        Dzia\u0142 Spraw Studenckich<br \/>\n        ul. Zwierzyniecka 16<br \/>\n        15-333 Bia\u0142ystok<\/li>\n<li> zadzwo\u0144 na numer telefonu: (85) 746 71 45 <\/li>\n<li> przyjd\u017a do budynku Centrum Nowoczesnego Kszta\u0142cenia, ul. Zwierzyniecka 16, pok\u00f3j P1\/07, pierwsze pi\u0119tro.<\/li>\n<\/ul>\n<\/div>\n","protected":false},"excerpt":{"rendered":"<p>Dzia\u0142 Spraw Studenckich: pomaga w sprawach zwi\u0105zanych ze studiami pomaga w sprawach dotycz\u0105cych op\u0142at za<\/p>\n","protected":false},"author":2,"featured_media":0,"parent":0,"menu_order":0,"comment_status":"closed","ping_status":"closed","template":"","meta":{"_acf_changed":false,"ngg_post_thumbnail":0,"footnotes":""},"class_list":["post-309","page","type-page","status-publish","hentry"],"acf":[],"yoast_head":"<!-- This site is optimized with the Yoast SEO plugin v27.0 - https:\/\/yoast.com\/product\/yoast-seo-wordpress\/ -->\n<title>Informacje o Dziale Spraw Studenckich w tek\u015bcie \u0142atwym do czytania \u2013 ETR (EASY TO READ) - Dzia\u0142 Spraw Studenckich<\/title>\n<meta name=\"description\" content=\"Dzia\u0142 Spraw Studenckich: pomaga w sprawach zwi\u0105zanych ze studiami pomaga w sprawach dotycz\u0105cych op\u0142at za studia wsp\u00f3\u0142dzia\u0142a z Samorz\u0105dem Student\u00f3w, pomaga\" \/>\n<meta name=\"robots\" content=\"index, follow, max-snippet:-1, max-image-preview:large, max-video-preview:-1\" \/>\n<link rel=\"canonical\" href=\"https:\/\/pb.edu.pl\/dss\/informacje-o-dss-w-tekscie-latwym-do-czytania-etr-easy-to-read\/\" \/>\n<meta property=\"og:locale\" content=\"pl_PL\" \/>\n<meta property=\"og:type\" content=\"article\" \/>\n<meta property=\"og:title\" content=\"Informacje o Dziale Spraw Studenckich w tek\u015bcie \u0142atwym do czytania \u2013 ETR (EASY TO READ) - Dzia\u0142 Spraw Studenckich\" \/>\n<meta property=\"og:description\" content=\"Dzia\u0142 Spraw Studenckich: pomaga w sprawach zwi\u0105zanych ze studiami pomaga w sprawach dotycz\u0105cych op\u0142at za studia wsp\u00f3\u0142dzia\u0142a z Samorz\u0105dem Student\u00f3w, pomaga\" \/>\n<meta property=\"og:url\" content=\"https:\/\/pb.edu.pl\/dss\/informacje-o-dss-w-tekscie-latwym-do-czytania-etr-easy-to-read\/\" \/>\n<meta property=\"og:site_name\" content=\"Dzia\u0142 Spraw Studenckich\" \/>\n<meta property=\"article:modified_time\" content=\"2026-02-13T20:22:21+00:00\" \/>\n<meta name=\"twitter:label1\" content=\"Szacowany czas czytania\" \/>\n\t<meta name=\"twitter:data1\" content=\"2 minuty\" \/>\n<script type=\"application\/ld+json\" class=\"yoast-schema-graph\">{\"@context\":\"https:\/\/schema.org\",\"@graph\":[{\"@type\":\"WebPage\",\"@id\":\"https:\/\/pb.edu.pl\/dss\/informacje-o-dss-w-tekscie-latwym-do-czytania-etr-easy-to-read\/\",\"url\":\"https:\/\/pb.edu.pl\/dss\/informacje-o-dss-w-tekscie-latwym-do-czytania-etr-easy-to-read\/\",\"name\":\"Informacje o Dziale Spraw Studenckich w tek\u015bcie \u0142atwym do czytania \u2013 ETR (EASY TO READ) - Dzia\u0142 Spraw Studenckich\",\"isPartOf\":{\"@id\":\"https:\/\/pb.edu.pl\/dss\/#website\"},\"datePublished\":\"2021-11-24T13:27:04+00:00\",\"dateModified\":\"2026-02-13T20:22:21+00:00\",\"description\":\"Dzia\u0142 Spraw Studenckich: pomaga w sprawach zwi\u0105zanych ze studiami pomaga w sprawach dotycz\u0105cych op\u0142at za studia wsp\u00f3\u0142dzia\u0142a z Samorz\u0105dem Student\u00f3w, pomaga\",\"breadcrumb\":{\"@id\":\"https:\/\/pb.edu.pl\/dss\/informacje-o-dss-w-tekscie-latwym-do-czytania-etr-easy-to-read\/#breadcrumb\"},\"inLanguage\":\"pl-PL\",\"potentialAction\":[{\"@type\":\"ReadAction\",\"target\":[\"https:\/\/pb.edu.pl\/dss\/informacje-o-dss-w-tekscie-latwym-do-czytania-etr-easy-to-read\/\"]}]},{\"@type\":\"BreadcrumbList\",\"@id\":\"https:\/\/pb.edu.pl\/dss\/informacje-o-dss-w-tekscie-latwym-do-czytania-etr-easy-to-read\/#breadcrumb\",\"itemListElement\":[{\"@type\":\"ListItem\",\"position\":1,\"name\":\"Strona g\u0142\u00f3wna\",\"item\":\"https:\/\/pb.edu.pl\/dss\/\"},{\"@type\":\"ListItem\",\"position\":2,\"name\":\"Informacje o Dziale Spraw Studenckich w tek\u015bcie \u0142atwym do czytania \u2013 ETR (EASY TO READ)\"}]},{\"@type\":\"WebSite\",\"@id\":\"https:\/\/pb.edu.pl\/dss\/#website\",\"url\":\"https:\/\/pb.edu.pl\/dss\/\",\"name\":\"Dzia\u0142 Spraw Studenckich\",\"description\":\"\",\"potentialAction\":[{\"@type\":\"SearchAction\",\"target\":{\"@type\":\"EntryPoint\",\"urlTemplate\":\"https:\/\/pb.edu.pl\/dss\/?s={search_term_string}\"},\"query-input\":{\"@type\":\"PropertyValueSpecification\",\"valueRequired\":true,\"valueName\":\"search_term_string\"}}],\"inLanguage\":\"pl-PL\"}]}<\/script>\n<!-- \/ Yoast SEO plugin. -->","yoast_head_json":{"title":"Informacje o Dziale Spraw Studenckich w tek\u015bcie \u0142atwym do czytania \u2013 ETR (EASY TO READ) - Dzia\u0142 Spraw Studenckich","description":"Dzia\u0142 Spraw Studenckich: pomaga w sprawach zwi\u0105zanych ze studiami pomaga w sprawach dotycz\u0105cych op\u0142at za studia wsp\u00f3\u0142dzia\u0142a z Samorz\u0105dem Student\u00f3w, pomaga","robots":{"index":"index","follow":"follow","max-snippet":"max-snippet:-1","max-image-preview":"max-image-preview:large","max-video-preview":"max-video-preview:-1"},"canonical":"https:\/\/pb.edu.pl\/dss\/informacje-o-dss-w-tekscie-latwym-do-czytania-etr-easy-to-read\/","og_locale":"pl_PL","og_type":"article","og_title":"Informacje o Dziale Spraw Studenckich w tek\u015bcie \u0142atwym do czytania \u2013 ETR (EASY TO READ) - Dzia\u0142 Spraw Studenckich","og_description":"Dzia\u0142 Spraw Studenckich: pomaga w sprawach zwi\u0105zanych ze studiami pomaga w sprawach dotycz\u0105cych op\u0142at za studia wsp\u00f3\u0142dzia\u0142a z Samorz\u0105dem Student\u00f3w, pomaga","og_url":"https:\/\/pb.edu.pl\/dss\/informacje-o-dss-w-tekscie-latwym-do-czytania-etr-easy-to-read\/","og_site_name":"Dzia\u0142 Spraw Studenckich","article_modified_time":"2026-02-13T20:22:21+00:00","twitter_misc":{"Szacowany czas czytania":"2 minuty"},"schema":{"@context":"https:\/\/schema.org","@graph":[{"@type":"WebPage","@id":"https:\/\/pb.edu.pl\/dss\/informacje-o-dss-w-tekscie-latwym-do-czytania-etr-easy-to-read\/","url":"https:\/\/pb.edu.pl\/dss\/informacje-o-dss-w-tekscie-latwym-do-czytania-etr-easy-to-read\/","name":"Informacje o Dziale Spraw Studenckich w tek\u015bcie \u0142atwym do czytania \u2013 ETR (EASY TO READ) - Dzia\u0142 Spraw Studenckich","isPartOf":{"@id":"https:\/\/pb.edu.pl\/dss\/#website"},"datePublished":"2021-11-24T13:27:04+00:00","dateModified":"2026-02-13T20:22:21+00:00","description":"Dzia\u0142 Spraw Studenckich: pomaga w sprawach zwi\u0105zanych ze studiami pomaga w sprawach dotycz\u0105cych op\u0142at za studia wsp\u00f3\u0142dzia\u0142a z Samorz\u0105dem Student\u00f3w, pomaga","breadcrumb":{"@id":"https:\/\/pb.edu.pl\/dss\/informacje-o-dss-w-tekscie-latwym-do-czytania-etr-easy-to-read\/#breadcrumb"},"inLanguage":"pl-PL","potentialAction":[{"@type":"ReadAction","target":["https:\/\/pb.edu.pl\/dss\/informacje-o-dss-w-tekscie-latwym-do-czytania-etr-easy-to-read\/"]}]},{"@type":"BreadcrumbList","@id":"https:\/\/pb.edu.pl\/dss\/informacje-o-dss-w-tekscie-latwym-do-czytania-etr-easy-to-read\/#breadcrumb","itemListElement":[{"@type":"ListItem","position":1,"name":"Strona g\u0142\u00f3wna","item":"https:\/\/pb.edu.pl\/dss\/"},{"@type":"ListItem","position":2,"name":"Informacje o Dziale Spraw Studenckich w tek\u015bcie \u0142atwym do czytania \u2013 ETR (EASY TO READ)"}]},{"@type":"WebSite","@id":"https:\/\/pb.edu.pl\/dss\/#website","url":"https:\/\/pb.edu.pl\/dss\/","name":"Dzia\u0142 Spraw Studenckich","description":"","potentialAction":[{"@type":"SearchAction","target":{"@type":"EntryPoint","urlTemplate":"https:\/\/pb.edu.pl\/dss\/?s={search_term_string}"},"query-input":{"@type":"PropertyValueSpecification","valueRequired":true,"valueName":"search_term_string"}}],"inLanguage":"pl-PL"}]}},"_links":{"self":[{"href":"https:\/\/pb.edu.pl\/dss\/wp-json\/wp\/v2\/pages\/309","targetHints":{"allow":["GET"]}}],"collection":[{"href":"https:\/\/pb.edu.pl\/dss\/wp-json\/wp\/v2\/pages"}],"about":[{"href":"https:\/\/pb.edu.pl\/dss\/wp-json\/wp\/v2\/types\/page"}],"author":[{"embeddable":true,"href":"https:\/\/pb.edu.pl\/dss\/wp-json\/wp\/v2\/users\/2"}],"replies":[{"embeddable":true,"href":"https:\/\/pb.edu.pl\/dss\/wp-json\/wp\/v2\/comments?post=309"}],"version-history":[{"count":1,"href":"https:\/\/pb.edu.pl\/dss\/wp-json\/wp\/v2\/pages\/309\/revisions"}],"predecessor-version":[{"id":1049,"href":"https:\/\/pb.edu.pl\/dss\/wp-json\/wp\/v2\/pages\/309\/revisions\/1049"}],"wp:attachment":[{"href":"https:\/\/pb.edu.pl\/dss\/wp-json\/wp\/v2\/media?parent=309"}],"curies":[{"name":"wp","href":"https:\/\/api.w.org\/{rel}","templated":true}]}}