{"id":306,"date":"2021-11-24T14:24:45","date_gmt":"2021-11-24T13:24:45","guid":{"rendered":"https:\/\/pb.edu.pl\/dssd\/?page_id=306"},"modified":"2026-02-13T21:23:48","modified_gmt":"2026-02-13T20:23:48","slug":"o-nas","status":"publish","type":"page","link":"https:\/\/pb.edu.pl\/dss\/kontakt\/o-nas\/","title":{"rendered":"O nas"},"content":{"rendered":"<p><a class=\"h3 lead\" href=\"\/dss\/informacje-o-dss-w-tekscie-latwym-do-czytania-etr-easy-to-read\/\">Informacje o Dziale Spraw Studenckich w tek\u015bcie \u0142atwym do czytania \u2013 ETR (EASY TO READ)<\/a><br \/>\n&nbsp;<\/p>\n<p><strong>Dzia\u0142 Spraw Studenckich <\/strong>jest jednostk\u0105 podporz\u0105dkowan\u0105 bezpo\u015brednio prorektorowi ds. studenckich.<\/p>\n<p>Do zada\u0144 Dzia\u0142u Spraw Studenckich w szczeg\u00f3lno\u015bci nale\u017cy:<\/p>\n<ol>\n<li>koordynacja spraw zwi\u0105zanych z tokiem studi\u00f3w oraz op\u0142atami za studia;<\/li>\n<li>wsp\u00f3\u0142praca z Samorz\u0105dem Student\u00f3w oraz uczelnianymi organizacjami studenckimi;<\/li>\n<li>wsp\u00f3\u0142praca z Narodow\u0105 Agencj\u0105 Wymiany Akademickiej w sprawie realizowanych program\u00f3w dotycz\u0105cych student\u00f3w kszta\u0142c\u0105cych si\u0119 w j\u0119zyku polskim;<\/li>\n<li>przygotowywanie listy 10% najlepszych absolwent\u00f3w Uczelni;<\/li>\n<li>obs\u0142uga administracyjna rzecznika dyscyplinarnego ds. student\u00f3w, komisji dyscyplinarnej dla student\u00f3w, komisji dyscyplinarnej dla doktorant\u00f3w;<\/li>\n<li>przygotowywanie harmonogramu roku akademickiego;<\/li>\n<li>koordynacja spraw zwi\u0105zanych z przebiegiem konkurs\u00f3w na najlepszego studenta;<\/li>\n<li>obs\u0142uga Programu Stypendialnego im. Konstantego Kalinowskiego;<\/li>\n<li>obs\u0142uga administracyjna k\u00f3\u0142 naukowych Politechniki Bia\u0142ostockiej;<\/li>\n<li>obs\u0142uga programu Ministerstwa Nauki i Szkolnictwa Wy\u017cszego \u201eStudenckie Ko\u0142a Naukowe tworz\u0105 innowacje\u201d;<\/li>\n<li>sprawozdawczo\u015b\u0107 na potrzeby w\u0142adz Uczelni, ministerstwa w\u0142a\u015bciwego ds. szkolnictwa wy\u017cszego w zakresie spraw obj\u0119tych dzia\u0142aniem Dzia\u0142u.<\/li>\n<\/ol>\n<p>&nbsp;<\/p>\n","protected":false},"excerpt":{"rendered":"<p>Informacje o Dziale Spraw Studenckich w tek\u015bcie \u0142atwym do czytania \u2013 ETR (EASY TO READ)<\/p>\n","protected":false},"author":2,"featured_media":0,"parent":48,"menu_order":1,"comment_status":"closed","ping_status":"closed","template":"","meta":{"_acf_changed":false,"ngg_post_thumbnail":0,"footnotes":""},"class_list":["post-306","page","type-page","status-publish","hentry"],"acf":[],"yoast_head":"<!-- This site is optimized with the Yoast SEO plugin v27.0 - https:\/\/yoast.com\/product\/yoast-seo-wordpress\/ -->\n<title>O nas - Dzia\u0142 Spraw Studenckich<\/title>\n<meta name=\"description\" content=\"Informacje o Dziale Spraw Studenckich w tek\u015bcie \u0142atwym do czytania \u2013 ETR (EASY TO READ) &nbsp; Dzia\u0142 Spraw Studenckich jest jednostk\u0105 podporz\u0105dkowan\u0105 Dzia\u0142 Spraw Studenckich i Dydaktyki jest jednostk\u0105 podporz\u0105dkowan\u0105 bezpo\u015brednio prorektorowi ds. studenckich.Do zada\u0144 Dzia\u0142u Spraw Studenckich i Dydaktyki w szczeg\u00f3lno\u015bci nale\u017cy: %\" \/>\n<meta name=\"robots\" content=\"index, follow, max-snippet:-1, max-image-preview:large, max-video-preview:-1\" \/>\n<link rel=\"canonical\" href=\"https:\/\/pb.edu.pl\/dss\/kontakt\/o-nas\/\" \/>\n<meta property=\"og:locale\" content=\"pl_PL\" \/>\n<meta property=\"og:type\" content=\"article\" \/>\n<meta property=\"og:title\" content=\"O nas - Dzia\u0142 Spraw Studenckich\" \/>\n<meta property=\"og:description\" content=\"Informacje o Dziale Spraw Studenckich w tek\u015bcie \u0142atwym do czytania \u2013 ETR (EASY TO READ) &nbsp; Dzia\u0142 Spraw Studenckich jest jednostk\u0105 podporz\u0105dkowan\u0105 Dzia\u0142 Spraw Studenckich i Dydaktyki jest jednostk\u0105 podporz\u0105dkowan\u0105 bezpo\u015brednio prorektorowi ds. studenckich.Do zada\u0144 Dzia\u0142u Spraw Studenckich i Dydaktyki w szczeg\u00f3lno\u015bci nale\u017cy: %\" \/>\n<meta property=\"og:url\" content=\"https:\/\/pb.edu.pl\/dss\/kontakt\/o-nas\/\" \/>\n<meta property=\"og:site_name\" content=\"Dzia\u0142 Spraw Studenckich\" \/>\n<meta property=\"article:modified_time\" content=\"2026-02-13T20:23:48+00:00\" \/>\n<meta name=\"twitter:label1\" content=\"Szacowany czas czytania\" \/>\n\t<meta name=\"twitter:data1\" content=\"1 minuta\" \/>\n<script type=\"application\/ld+json\" class=\"yoast-schema-graph\">{\"@context\":\"https:\/\/schema.org\",\"@graph\":[{\"@type\":\"WebPage\",\"@id\":\"https:\/\/pb.edu.pl\/dss\/kontakt\/o-nas\/\",\"url\":\"https:\/\/pb.edu.pl\/dss\/kontakt\/o-nas\/\",\"name\":\"O nas - Dzia\u0142 Spraw Studenckich\",\"isPartOf\":{\"@id\":\"https:\/\/pb.edu.pl\/dss\/#website\"},\"datePublished\":\"2021-11-24T13:24:45+00:00\",\"dateModified\":\"2026-02-13T20:23:48+00:00\",\"description\":\"Informacje o Dziale Spraw Studenckich w tek\u015bcie \u0142atwym do czytania \u2013 ETR (EASY TO READ) &nbsp; Dzia\u0142 Spraw Studenckich jest jednostk\u0105 podporz\u0105dkowan\u0105 Dzia\u0142 Spraw Studenckich i Dydaktyki jest jednostk\u0105 podporz\u0105dkowan\u0105 bezpo\u015brednio prorektorowi ds. studenckich.Do zada\u0144 Dzia\u0142u Spraw Studenckich i Dydaktyki w szczeg\u00f3lno\u015bci nale\u017cy: %\",\"breadcrumb\":{\"@id\":\"https:\/\/pb.edu.pl\/dss\/kontakt\/o-nas\/#breadcrumb\"},\"inLanguage\":\"pl-PL\",\"potentialAction\":[{\"@type\":\"ReadAction\",\"target\":[\"https:\/\/pb.edu.pl\/dss\/kontakt\/o-nas\/\"]}]},{\"@type\":\"BreadcrumbList\",\"@id\":\"https:\/\/pb.edu.pl\/dss\/kontakt\/o-nas\/#breadcrumb\",\"itemListElement\":[{\"@type\":\"ListItem\",\"position\":1,\"name\":\"Strona g\u0142\u00f3wna\",\"item\":\"https:\/\/pb.edu.pl\/dss\/\"},{\"@type\":\"ListItem\",\"position\":2,\"name\":\"Kontakt\",\"item\":\"https:\/\/pb.edu.pl\/dss\/kontakt\/\"},{\"@type\":\"ListItem\",\"position\":3,\"name\":\"O nas\"}]},{\"@type\":\"WebSite\",\"@id\":\"https:\/\/pb.edu.pl\/dss\/#website\",\"url\":\"https:\/\/pb.edu.pl\/dss\/\",\"name\":\"Dzia\u0142 Spraw Studenckich\",\"description\":\"\",\"potentialAction\":[{\"@type\":\"SearchAction\",\"target\":{\"@type\":\"EntryPoint\",\"urlTemplate\":\"https:\/\/pb.edu.pl\/dss\/?s={search_term_string}\"},\"query-input\":{\"@type\":\"PropertyValueSpecification\",\"valueRequired\":true,\"valueName\":\"search_term_string\"}}],\"inLanguage\":\"pl-PL\"}]}<\/script>\n<!-- \/ Yoast SEO plugin. -->","yoast_head_json":{"title":"O nas - Dzia\u0142 Spraw Studenckich","description":"Informacje o Dziale Spraw Studenckich w tek\u015bcie \u0142atwym do czytania \u2013 ETR (EASY TO READ) &nbsp; Dzia\u0142 Spraw Studenckich jest jednostk\u0105 podporz\u0105dkowan\u0105 Dzia\u0142 Spraw Studenckich i Dydaktyki jest jednostk\u0105 podporz\u0105dkowan\u0105 bezpo\u015brednio prorektorowi ds. studenckich.Do zada\u0144 Dzia\u0142u Spraw Studenckich i Dydaktyki w szczeg\u00f3lno\u015bci nale\u017cy: %","robots":{"index":"index","follow":"follow","max-snippet":"max-snippet:-1","max-image-preview":"max-image-preview:large","max-video-preview":"max-video-preview:-1"},"canonical":"https:\/\/pb.edu.pl\/dss\/kontakt\/o-nas\/","og_locale":"pl_PL","og_type":"article","og_title":"O nas - Dzia\u0142 Spraw Studenckich","og_description":"Informacje o Dziale Spraw Studenckich w tek\u015bcie \u0142atwym do czytania \u2013 ETR (EASY TO READ) &nbsp; Dzia\u0142 Spraw Studenckich jest jednostk\u0105 podporz\u0105dkowan\u0105 Dzia\u0142 Spraw Studenckich i Dydaktyki jest jednostk\u0105 podporz\u0105dkowan\u0105 bezpo\u015brednio prorektorowi ds. studenckich.Do zada\u0144 Dzia\u0142u Spraw Studenckich i Dydaktyki w szczeg\u00f3lno\u015bci nale\u017cy: %","og_url":"https:\/\/pb.edu.pl\/dss\/kontakt\/o-nas\/","og_site_name":"Dzia\u0142 Spraw Studenckich","article_modified_time":"2026-02-13T20:23:48+00:00","twitter_misc":{"Szacowany czas czytania":"1 minuta"},"schema":{"@context":"https:\/\/schema.org","@graph":[{"@type":"WebPage","@id":"https:\/\/pb.edu.pl\/dss\/kontakt\/o-nas\/","url":"https:\/\/pb.edu.pl\/dss\/kontakt\/o-nas\/","name":"O nas - Dzia\u0142 Spraw Studenckich","isPartOf":{"@id":"https:\/\/pb.edu.pl\/dss\/#website"},"datePublished":"2021-11-24T13:24:45+00:00","dateModified":"2026-02-13T20:23:48+00:00","description":"Informacje o Dziale Spraw Studenckich w tek\u015bcie \u0142atwym do czytania \u2013 ETR (EASY TO READ) &nbsp; Dzia\u0142 Spraw Studenckich jest jednostk\u0105 podporz\u0105dkowan\u0105 Dzia\u0142 Spraw Studenckich i Dydaktyki jest jednostk\u0105 podporz\u0105dkowan\u0105 bezpo\u015brednio prorektorowi ds. studenckich.Do zada\u0144 Dzia\u0142u Spraw Studenckich i Dydaktyki w szczeg\u00f3lno\u015bci nale\u017cy: %","breadcrumb":{"@id":"https:\/\/pb.edu.pl\/dss\/kontakt\/o-nas\/#breadcrumb"},"inLanguage":"pl-PL","potentialAction":[{"@type":"ReadAction","target":["https:\/\/pb.edu.pl\/dss\/kontakt\/o-nas\/"]}]},{"@type":"BreadcrumbList","@id":"https:\/\/pb.edu.pl\/dss\/kontakt\/o-nas\/#breadcrumb","itemListElement":[{"@type":"ListItem","position":1,"name":"Strona g\u0142\u00f3wna","item":"https:\/\/pb.edu.pl\/dss\/"},{"@type":"ListItem","position":2,"name":"Kontakt","item":"https:\/\/pb.edu.pl\/dss\/kontakt\/"},{"@type":"ListItem","position":3,"name":"O nas"}]},{"@type":"WebSite","@id":"https:\/\/pb.edu.pl\/dss\/#website","url":"https:\/\/pb.edu.pl\/dss\/","name":"Dzia\u0142 Spraw Studenckich","description":"","potentialAction":[{"@type":"SearchAction","target":{"@type":"EntryPoint","urlTemplate":"https:\/\/pb.edu.pl\/dss\/?s={search_term_string}"},"query-input":{"@type":"PropertyValueSpecification","valueRequired":true,"valueName":"search_term_string"}}],"inLanguage":"pl-PL"}]}},"_links":{"self":[{"href":"https:\/\/pb.edu.pl\/dss\/wp-json\/wp\/v2\/pages\/306","targetHints":{"allow":["GET"]}}],"collection":[{"href":"https:\/\/pb.edu.pl\/dss\/wp-json\/wp\/v2\/pages"}],"about":[{"href":"https:\/\/pb.edu.pl\/dss\/wp-json\/wp\/v2\/types\/page"}],"author":[{"embeddable":true,"href":"https:\/\/pb.edu.pl\/dss\/wp-json\/wp\/v2\/users\/2"}],"replies":[{"embeddable":true,"href":"https:\/\/pb.edu.pl\/dss\/wp-json\/wp\/v2\/comments?post=306"}],"version-history":[{"count":4,"href":"https:\/\/pb.edu.pl\/dss\/wp-json\/wp\/v2\/pages\/306\/revisions"}],"predecessor-version":[{"id":1051,"href":"https:\/\/pb.edu.pl\/dss\/wp-json\/wp\/v2\/pages\/306\/revisions\/1051"}],"up":[{"embeddable":true,"href":"https:\/\/pb.edu.pl\/dss\/wp-json\/wp\/v2\/pages\/48"}],"wp:attachment":[{"href":"https:\/\/pb.edu.pl\/dss\/wp-json\/wp\/v2\/media?parent=306"}],"curies":[{"name":"wp","href":"https:\/\/api.w.org\/{rel}","templated":true}]}}