{"id":23,"date":"2021-12-23T12:39:04","date_gmt":"2021-12-23T11:39:04","guid":{"rendered":"https:\/\/pb.edu.pl\/doskonalosc-dydaktyczna\/?page_id=23"},"modified":"2022-11-18T15:58:38","modified_gmt":"2022-11-18T14:58:38","slug":"zadania","status":"publish","type":"page","link":"https:\/\/pb.edu.pl\/doskonalosc-dydaktyczna\/zadania\/","title":{"rendered":"Zadania"},"content":{"rendered":"<p><strong>Zadanie 1:<\/strong><br \/>\nUtworzenie HUB-u Dydaktyki w Pionie Prorektora ds. Kszta\u0142cenia, a w jego strukturach utworzenie Laboratorium Innowacji Dydaktycznych i Laboratorium Tutor\u00f3w. <\/p>\n<p><strong>Zadanie 2:<\/strong><\/p>\n<ul>\n<li>opracowanie i wdro\u017cenie instytucjonalnego wsparcia innowacji dydaktycznych oraz motywowania nauczycieli do pog\u0142\u0119biania swoich kompetencji;<\/li>\n<li>opracowanie systemu finansowania grant\u00f3w dydaktycznych, bada\u0144 dydaktycznych skierowanych w formie indywidualnej lub zespo\u0142owej (tzw. granty dydaktyczne) w firmach, instytucjach publicznych, organizacjach non profit maj\u0105cych na celu opracowanie innowacji dydaktycznych;<\/li>\n<li>opracowanie podr\u0119cznika &#8211; s\u0142ownika specjalistycznej terminologii w dziedzinie nauk technicznych i spo\u0142ecznych, wykorzystywanych w procesie kszta\u0142cenia cudzoziemc\u00f3w w dyscyplinach PB.<\/li>\n<\/ul>\n<p><strong>Zadanie 3:<\/strong><br \/>\nRealizacja Programu Tutorskiego wraz z certyfikowanymi szkoleniami tutorskimi I i II stopnia.<\/p>\n<p><img loading=\"lazy\" decoding=\"async\" class=\"alignnone size-full wp-image-112\" src=\"https:\/\/pb.edu.pl\/pb2020\/wp-content\/uploads\/sites\/21\/2018\/10\/FE_POWER_poziom_pl-1_rgb.jpg\" alt=\"Z lewej strony logotyp Programu Operacyjnego Wiedza Edukacja Rozw\u00f3j zawieraj\u0105cy jedn\u0105 gwiazdk\u0119 bia\u0142\u0105, jedn\u0105 \u017c\u00f3\u0142t\u0105 oraz jedn\u0105 czerwon\u0105 na niebieskim tle, z prawej strony logo Unii Europejskiej, \u017c\u00f3\u0142te gwiazdki u\u0142o\u017cone w k\u00f3\u0142ko na niebieskim tle oraz napis Unia Europejska Europejski Funduszu Spo\u0142eczny. Na \u015brodku bia\u0142o-czerwona flaga Polski z napisem Rzeczypospolita Polska\" width=\"5883\" height=\"756\"><\/p>\n","protected":false},"excerpt":{"rendered":"<p>Zadanie 1: Utworzenie HUB-u Dydaktyki w Pionie Prorektora ds. Kszta\u0142cenia, a w jego strukturach utworzenie<\/p>\n","protected":false},"author":2,"featured_media":0,"parent":0,"menu_order":3,"comment_status":"closed","ping_status":"closed","template":"","meta":{"_acf_changed":false,"ngg_post_thumbnail":0,"footnotes":""},"class_list":["post-23","page","type-page","status-publish","hentry"],"acf":[],"_links":{"self":[{"href":"https:\/\/pb.edu.pl\/doskonalosc-dydaktyczna\/wp-json\/wp\/v2\/pages\/23","targetHints":{"allow":["GET"]}}],"collection":[{"href":"https:\/\/pb.edu.pl\/doskonalosc-dydaktyczna\/wp-json\/wp\/v2\/pages"}],"about":[{"href":"https:\/\/pb.edu.pl\/doskonalosc-dydaktyczna\/wp-json\/wp\/v2\/types\/page"}],"author":[{"embeddable":true,"href":"https:\/\/pb.edu.pl\/doskonalosc-dydaktyczna\/wp-json\/wp\/v2\/users\/2"}],"replies":[{"embeddable":true,"href":"https:\/\/pb.edu.pl\/doskonalosc-dydaktyczna\/wp-json\/wp\/v2\/comments?post=23"}],"version-history":[{"count":0,"href":"https:\/\/pb.edu.pl\/doskonalosc-dydaktyczna\/wp-json\/wp\/v2\/pages\/23\/revisions"}],"wp:attachment":[{"href":"https:\/\/pb.edu.pl\/doskonalosc-dydaktyczna\/wp-json\/wp\/v2\/media?parent=23"}],"curies":[{"name":"wp","href":"https:\/\/api.w.org\/{rel}","templated":true}]}}