{"id":21,"date":"2021-12-23T12:38:26","date_gmt":"2021-12-23T11:38:26","guid":{"rendered":"https:\/\/pb.edu.pl\/doskonalosc-dydaktyczna\/?page_id=21"},"modified":"2022-11-18T15:58:05","modified_gmt":"2022-11-18T14:58:05","slug":"o-projekcie","status":"publish","type":"page","link":"https:\/\/pb.edu.pl\/doskonalosc-dydaktyczna\/o-projekcie\/","title":{"rendered":"O projekcie"},"content":{"rendered":"<p><strong>Projekt \u201eDoskona\u0142o\u015b\u0107 dydaktyczna uczelni\u201d realizowany z Programu Operacyjnego Wiedza Edukacja Rozw\u00f3j 2014-2020 wsp\u00f3\u0142finansowanego przez Uni\u0119 Europejsk\u0105 ze \u015brodk\u00f3w Europejskiego Funduszu Spo\u0142ecznego, O\u015b Priorytetowa III Szkolnictwo wy\u017csze dla gospodarki i rozwoju, Dzia\u0142anie 3.4 Zarz\u0105dzanie w instytucjach szkolnictwa wy\u017cszego, realizowany przez Ministerstwo Edukacji i Nauki (Beneficjent)<\/strong><\/p>\n<p><strong>Nr umowy na realizacj\u0119 projektu: MEiN\/2022\/DIR\/2790<\/strong><br \/>\n&nbsp;<\/p>\n<p><strong>Kierownik projektu: dr hab. Agnieszka Dardzi\u0144ska-G\u0142\u0119bocka, prof. PB<\/strong><\/p>\n<p><strong>Bud\u017cet projektu: 918 498,00 z\u0142<\/strong><\/p>\n<p>Dofinansowanie projektu obejmuje nast\u0119puj\u0105ce \u017ar\u00f3d\u0142a:<br \/>\n&#8211; \u015brodki europejskie w kwocie: 774 110,11 z\u0142<br \/>\n&#8211; \u015brodki na wsp\u00f3\u0142finansowanie projektu pozakonkursowego w kwocie: 144 387,89 z\u0142<\/p>\n<p><strong>Termin realizacji: do 30.09.2023 r.<\/strong><br \/>\nCelem og\u00f3lnym projektu jest doskonalenie jako\u015bci kszta\u0142cenia z uwzgl\u0119dnieniem podej\u015bcia interdyscyplinarnego, indywidualizacji, doskonalenia metod dydaktycznych oraz usprawnienia organizacji dydaktyki.<\/p>\n<p><strong>Cele szczeg\u00f3\u0142owe:<\/strong><\/p>\n<ul>\n<li>Ukierunkowanie systemu rozwoju kadry naukowej i dydaktycznej przez usprawnienie diagnozy i monitorowania potrzeb dydaktycznych.<\/li>\n<li>Doskonalenie systemu finansowego wspierania innowacji dydaktycznych oraz badawczych projekt\u00f3w dydaktycznych. &nbsp;&nbsp;<\/li>\n<li>Doskonalenie jako\u015bci kszta\u0142cenia w szczeg\u00f3lno\u015bci indywidualizacji kszta\u0142cenia student\u00f3w ze specyficznymi trudno\u015bciami, jak i szczeg\u00f3lnie uzdolnionymi.<\/li>\n<li>Stworzenie wsparcia w zakresie projektowania materia\u0142\u00f3w dydaktycznych, \u0107wicze\u0144 laboratoryjnych, szczeg\u00f3lnie w formie wizualnej.<\/li>\n<li>Budowanie uczelni przyjaznej cudzoziemcom poprzez stworzenie warunk\u00f3w do szybszej nauki j\u0119zyk\u00f3w obcych, w tym j\u0119zyka polskiego w obszarze specjalistycznej terminologii technicznej umo\u017cliwiaj\u0105cej efektywniejsze studiowanie na uczelniach technicznych.<\/li>\n<li>Rozszerzenie wsparcia psychologicznego pracownikom i studentom Politechniki Bia\u0142ostockiej.<\/li>\n<\/ul>\n<p><img loading=\"lazy\" decoding=\"async\" class=\"alignnone size-full wp-image-112\" src=\"https:\/\/pb.edu.pl\/pb2020\/wp-content\/uploads\/sites\/21\/2018\/10\/FE_POWER_poziom_pl-1_rgb.jpg\" alt=\"Z lewej strony logotyp Programu Operacyjnego Wiedza Edukacja Rozw\u00f3j zawieraj\u0105cy jedn\u0105 gwiazdk\u0119 bia\u0142\u0105, jedn\u0105 \u017c\u00f3\u0142t\u0105 oraz jedn\u0105 czerwon\u0105 na niebieskim tle, z prawej strony logo Unii Europejskiej, \u017c\u00f3\u0142te gwiazdki u\u0142o\u017cone w k\u00f3\u0142ko na niebieskim tle oraz napis Unia Europejska Europejski Funduszu Spo\u0142eczny. Na \u015brodku bia\u0142o-czerwona flaga Polski z napisem Rzeczypospolita Polska\" width=\"5883\" height=\"756\"><\/p>\n","protected":false},"excerpt":{"rendered":"<p>Projekt \u201eDoskona\u0142o\u015b\u0107 dydaktyczna uczelni\u201d realizowany z Programu Operacyjnego Wiedza Edukacja Rozw\u00f3j 2014-2020 wsp\u00f3\u0142finansowanego przez Uni\u0119<\/p>\n","protected":false},"author":2,"featured_media":0,"parent":0,"menu_order":2,"comment_status":"closed","ping_status":"closed","template":"","meta":{"_acf_changed":false,"ngg_post_thumbnail":0,"footnotes":""},"class_list":["post-21","page","type-page","status-publish","hentry"],"acf":[],"_links":{"self":[{"href":"https:\/\/pb.edu.pl\/doskonalosc-dydaktyczna\/wp-json\/wp\/v2\/pages\/21","targetHints":{"allow":["GET"]}}],"collection":[{"href":"https:\/\/pb.edu.pl\/doskonalosc-dydaktyczna\/wp-json\/wp\/v2\/pages"}],"about":[{"href":"https:\/\/pb.edu.pl\/doskonalosc-dydaktyczna\/wp-json\/wp\/v2\/types\/page"}],"author":[{"embeddable":true,"href":"https:\/\/pb.edu.pl\/doskonalosc-dydaktyczna\/wp-json\/wp\/v2\/users\/2"}],"replies":[{"embeddable":true,"href":"https:\/\/pb.edu.pl\/doskonalosc-dydaktyczna\/wp-json\/wp\/v2\/comments?post=21"}],"version-history":[{"count":0,"href":"https:\/\/pb.edu.pl\/doskonalosc-dydaktyczna\/wp-json\/wp\/v2\/pages\/21\/revisions"}],"wp:attachment":[{"href":"https:\/\/pb.edu.pl\/doskonalosc-dydaktyczna\/wp-json\/wp\/v2\/media?parent=21"}],"curies":[{"name":"wp","href":"https:\/\/api.w.org\/{rel}","templated":true}]}}