{"id":1112,"date":"2023-02-10T21:06:33","date_gmt":"2023-02-10T20:06:33","guid":{"rendered":"https:\/\/pb.edu.pl\/djk\/?page_id=1112"},"modified":"2025-12-10T15:00:58","modified_gmt":"2025-12-10T14:00:58","slug":"ocena-funkcjonowania-wewnetrznego-systemu-zapewnienia-jakosci-ksztalcenia-w-pb","status":"publish","type":"page","link":"https:\/\/pb.edu.pl\/djk\/system-zapewnienia-jakosci-ksztalcenia-w-pb\/ocena-funkcjonowania-wewnetrznego-systemu-zapewnienia-jakosci-ksztalcenia-w-pb\/","title":{"rendered":"Ocena funkcjonowania wewn\u0119trznego Systemu Zapewnienia Jako\u015bci Kszta\u0142cenia w Politechnice Bia\u0142ostockiej"},"content":{"rendered":"<p><a title=\"\" href=\"https:\/\/bd.uci.pb.edu.pl\/423-lista\/d\/1275\/5\/\">UCHWA\u0141A NR 25\/VI\/XVII\/2025 Senatu Politechniki Bia\u0142ostockiej z dnia 27 lutego 2025 roku w sprawie oceny funkcjonowania wewn\u0119trznego Systemu Zapewnienia Jako\u015bci Kszta\u0142cenia w Politechnice Bia\u0142ostockiej w 2024 roku<\/a><\/p>\n<p>&nbsp;<\/p>\n<p>&nbsp;<\/p>\n<p>&nbsp;<\/p>\n","protected":false},"excerpt":{"rendered":"<p>UCHWA\u0141A NR 25\/VI\/XVII\/2025 Senatu Politechniki Bia\u0142ostockiej z dnia 27 lutego 2025 roku w sprawie oceny<\/p>\n","protected":false},"author":2,"featured_media":0,"parent":1028,"menu_order":1,"comment_status":"closed","ping_status":"closed","template":"","meta":{"_acf_changed":false,"ngg_post_thumbnail":0,"footnotes":""},"class_list":["post-1112","page","type-page","status-publish","hentry"],"acf":[],"_links":{"self":[{"href":"https:\/\/pb.edu.pl\/djk\/wp-json\/wp\/v2\/pages\/1112","targetHints":{"allow":["GET"]}}],"collection":[{"href":"https:\/\/pb.edu.pl\/djk\/wp-json\/wp\/v2\/pages"}],"about":[{"href":"https:\/\/pb.edu.pl\/djk\/wp-json\/wp\/v2\/types\/page"}],"author":[{"embeddable":true,"href":"https:\/\/pb.edu.pl\/djk\/wp-json\/wp\/v2\/users\/2"}],"replies":[{"embeddable":true,"href":"https:\/\/pb.edu.pl\/djk\/wp-json\/wp\/v2\/comments?post=1112"}],"version-history":[{"count":0,"href":"https:\/\/pb.edu.pl\/djk\/wp-json\/wp\/v2\/pages\/1112\/revisions"}],"up":[{"embeddable":true,"href":"https:\/\/pb.edu.pl\/djk\/wp-json\/wp\/v2\/pages\/1028"}],"wp:attachment":[{"href":"https:\/\/pb.edu.pl\/djk\/wp-json\/wp\/v2\/media?parent=1112"}],"curies":[{"name":"wp","href":"https:\/\/api.w.org\/{rel}","templated":true}]}}