{"id":790,"date":"2024-02-16T21:49:08","date_gmt":"2024-02-16T20:49:08","guid":{"rendered":"https:\/\/pb.edu.pl\/daz\/?page_id=790"},"modified":"2024-02-27T14:11:38","modified_gmt":"2024-02-27T13:11:38","slug":"centralna-ksiazka-telefoniczna-ldap","status":"publish","type":"page","link":"https:\/\/pb.edu.pl\/daz\/centralna-ksiazka-telefoniczna-ldap\/","title":{"rendered":"Centralna ksi\u0105\u017cka telefoniczna (LDAP)"},"content":{"rendered":"<p>Mo\u017cliwo\u015b\u0107 wyszukiwania numeru telefonu na aparatach telefonicznych przewodowych serii D7XXX, IP1XX i aparatach bezprzewodowych M1X, M7X systemu VoIP Politechniki Bia\u0142ostockiej.<\/p>\n<p>Funkcja LDAP dost\u0119pna jest w menu aparatu telefonicznego. Pozwala na wyszukiwanie numeru telefonu i realizacj\u0119 po\u0142\u0105czenia telefonicznego, wpisuj\u0105c kilka pierwszych liter nazwiska osoby wyszukiwanej.<br \/>\n<strong><br \/>\nSkr\u00f3cona instrukcja LDAP dla poszczeg\u00f3lnych modeli znajduje si\u0119 w za\u0142\u0105cznikach:<\/strong><\/p>\n<p><a class=\"pdf\" href=\"https:\/\/pb.edu.pl\/daz\/wp-content\/uploads\/sites\/94\/2024\/02\/Instrukcja-korzystania-z-CENTRALNEJ-KSIAZKI-TELEFONICZNEJ-PB-LDAP-na-tel-D713-D717.pdf\" target=\"_blank\" rel=\"noopener\" data-id=\"793\">Instrukcja korzystania z CENTRALNEJ KSI\u0104\u017bKI TELEFONICZNEJ PB (LDAP) na tel. D713, D717 (PDF, 573 KB, otworzy si\u0119 w nowej karcie)<\/a><\/p>\n<p><a class=\"pdf\" href=\"https:\/\/pb.edu.pl\/daz\/wp-content\/uploads\/sites\/94\/2024\/02\/Instrukcja-korzystania-z-CENTRALNEJ-KSIAZKI-TELEFONICZNEJ-PB-LDAP-na-tel-IP112.pdf\" target=\"_blank\" rel=\"noopener\" data-id=\"794\">Instrukcja korzystania z CENTRALNEJ KSI\u0104\u017bKI TELEFONICZNEJ PB (LDAP) na tel. IP112 (PDF, 146 KB, otworzy si\u0119 w nowej karcie)<\/a><\/p>\n<p><a class=\"pdf\" href=\"https:\/\/pb.edu.pl\/daz\/wp-content\/uploads\/sites\/94\/2024\/02\/Instrukcja-korzystania-z-CENTRALNEJ-KSIAZKI-TELEFONICZNEJ-PB-LDAP-na-tel-M10.pdf\" target=\"_blank\" rel=\"noopener\" data-id=\"795\">Instrukcja korzystania z CENTRALNEJ KSI\u0104\u017bKI TELEFONICZNEJ PB (LDAP) na tel. M10 (PDF, 754 KB, otworzy si\u0119 w nowej karcie)<\/a><br \/>\n&nbsp;<\/p>\n<p>Mo\u017cliwo\u015b\u0107 wyszukiwania na komputerze nr telefonu, symbolu kom\u00f3rki, nazw u\u017cytkownik\u00f3w itp. umo\u017cliwiaj\u0105 aplikacje:<br \/>\n<strong>ADMIN CONTACTS<\/strong><br \/>\n<strong>USERS<\/strong><\/p>\n<p>Dost\u0119p do aplikacji przez przegl\u0105dark\u0119 internetow\u0105 wpisuj\u0105c <a href=\"https:\/\/pbx.voip.pb.edu.pl\">pbx.voip.pb.edu.pl<\/a>.<\/p>\n<p>Strona jest dost\u0119pna wy\u0142\u0105cznie z sieci Politechniki Bia\u0142ostockiej.<\/p>\n<p>&nbsp;<\/p>\n<p><strong>W oknie logowania NAZWA U\u017bYTKOWNIKA wpisujemy 4 cyfrowy nr u\u017cytkowanego telefonu.<\/strong><\/p>\n<p><strong>W polu HAS\u0141O wpisujemy has\u0142o otrzymane od pracownika ZK-DAZ \u2013 dr. in\u017c. Norberta Litwi\u0144czuka (tel. 9188, e-mail: n.litwinczuk@pb.edu.pl)<\/strong><\/p>\n<p>&nbsp;<br \/>\n<a class=\"pdf\" href=\"https:\/\/pb.edu.pl\/daz\/wp-content\/uploads\/sites\/94\/2024\/02\/Instrukcja-logowania-do-Aplikacji-MyApps-1.pdf\" target=\"_blank\" data-id=\"820\" rel=\"noopener\">Instrukcja-logowania-do-Aplikacji-MyApps <span>(PDF, 154 KB, otworzy si\u0119 w nowej karcie)<\/span><\/a><\/p>\n<p>&nbsp;<\/p>\n<p>Aby uzyska\u0107 wi\u0119cej informacji na temat wykorzystania dost\u0119pnych funkcji Profil, Chat, Call List itp. aplikacji MyApps prosimy skorzysta\u0107 z samouczk\u00f3w multimedialnych.<\/p>\n<p>Zapraszamy do korzystania. W przypadku potrzeby aktualizacji wpis\u00f3w w CENTRALNA KSI\u0104\u017bKA TELEFONICZNA POLITECHNIKI BIA\u0141OSTOCKIEJ zmiany prosimy przesy\u0142a\u0107 w za\u0142\u0105czonym <a class=\"xlsx\" title=\"pobierz plik\" href=\"https:\/\/pb.edu.pl\/daz\/wp-content\/uploads\/sites\/94\/2024\/02\/formularz-zmian-do-Centralnej-Ksiazki-telefonicznej-PB.xlsx\" data-id=\"811\">formularzu (XLSX, 10 KB)<\/a> na adres <i class=\"fal fa-envelope\"><\/i> <a href=\"#\" rel=\"nofollow\"  onclick=\"this.href='mailto:' + 'u.seroka' + '@' + 'pb.edu.pl'\">u.seroka [at] pb.edu.pl<\/a>.<\/p>\n<p style=\"text-align: right\">Dzia\u0142 Aparatury i Zakup\u00f3w<\/p>\n","protected":false},"excerpt":{"rendered":"<p>Mo\u017cliwo\u015b\u0107 wyszukiwania numeru telefonu na aparatach telefonicznych przewodowych serii D7XXX, IP1XX i aparatach bezprzewodowych M1X,<\/p>\n","protected":false},"author":2,"featured_media":0,"parent":0,"menu_order":0,"comment_status":"closed","ping_status":"closed","template":"","meta":{"_acf_changed":false,"ngg_post_thumbnail":0,"footnotes":""},"class_list":["post-790","page","type-page","status-publish","hentry"],"acf":[],"_links":{"self":[{"href":"https:\/\/pb.edu.pl\/daz\/wp-json\/wp\/v2\/pages\/790","targetHints":{"allow":["GET"]}}],"collection":[{"href":"https:\/\/pb.edu.pl\/daz\/wp-json\/wp\/v2\/pages"}],"about":[{"href":"https:\/\/pb.edu.pl\/daz\/wp-json\/wp\/v2\/types\/page"}],"author":[{"embeddable":true,"href":"https:\/\/pb.edu.pl\/daz\/wp-json\/wp\/v2\/users\/2"}],"replies":[{"embeddable":true,"href":"https:\/\/pb.edu.pl\/daz\/wp-json\/wp\/v2\/comments?post=790"}],"version-history":[{"count":0,"href":"https:\/\/pb.edu.pl\/daz\/wp-json\/wp\/v2\/pages\/790\/revisions"}],"wp:attachment":[{"href":"https:\/\/pb.edu.pl\/daz\/wp-json\/wp\/v2\/media?parent=790"}],"curies":[{"name":"wp","href":"https:\/\/api.w.org\/{rel}","templated":true}]}}