{"id":42,"date":"2020-08-25T21:18:39","date_gmt":"2020-08-25T19:18:39","guid":{"rendered":"https:\/\/pb.edu.pl\/cwpc\/?page_id=42"},"modified":"2024-12-23T10:35:33","modified_gmt":"2024-12-23T09:35:33","slug":"o-nas","status":"publish","type":"page","link":"https:\/\/pb.edu.pl\/cwpc\/o-nas\/","title":{"rendered":"O nas"},"content":{"rendered":"<p><img loading=\"lazy\" decoding=\"async\" class=\" wp-image-2623 aligncenter\" src=\"https:\/\/pb.edu.pl\/cwpc\/wp-content\/uploads\/sites\/140\/2024\/12\/cwpc-o-nas-3-300x79.png\" alt=\"Logo Centrum Wsp\u00f3\u0142pracy Polsko-Chi\u0144skiej Politechniki Bia\u0142ostockiej na tle trzech zdj\u0119\u0107\" width=\"1135\" height=\"299\" srcset=\"https:\/\/pb.edu.pl\/cwpc\/wp-content\/uploads\/sites\/140\/2024\/12\/cwpc-o-nas-3-300x79.png 300w, https:\/\/pb.edu.pl\/cwpc\/wp-content\/uploads\/sites\/140\/2024\/12\/cwpc-o-nas-3-1024x269.png 1024w, https:\/\/pb.edu.pl\/cwpc\/wp-content\/uploads\/sites\/140\/2024\/12\/cwpc-o-nas-3-768x202.png 768w, https:\/\/pb.edu.pl\/cwpc\/wp-content\/uploads\/sites\/140\/2024\/12\/cwpc-o-nas-3.png 1140w\" sizes=\"auto, (max-width: 1135px) 100vw, 1135px\" \/><br \/>\n&nbsp;<br \/>\n<strong>Centrum Wsp\u00f3\u0142pracy Polsko-Chi\u0144skiej<\/strong> to jednostka <a href=\"https:\/\/pb.edu.pl\/\">Politechniki Bia\u0142ostockiej<\/a>, kt\u00f3rej zakres aktywno\u015bci obejmuje mi\u0119dzy innymi:<\/p>\n<ul>\n<li>koordynacj\u0119 dzia\u0142a\u0144 wynikaj\u0105cych ze wsp\u00f3\u0142pracy PB z chi\u0144skimi instytucjami oraz podejmowanie krok\u00f3w zmierzaj\u0105cych do realizacji nowych inicjatyw i projekt\u00f3w prowadzonych pomi\u0119dzy Uczelni\u0105 a stron\u0105 chi\u0144sk\u0105,<\/li>\n<li>promocj\u0119 wymiany naukowej i kulturalnej w\u015br\u00f3d spo\u0142eczno\u015bci akademickiej PB,<\/li>\n<li>organizacj\u0119 warsztat\u00f3w, kurs\u00f3w, szkole\u0144, wyk\u0142ad\u00f3w oraz innych wydarze\u0144 kulturowych, maj\u0105cych na celu szerzenie wiedzy na temat kultury Chin,<\/li>\n<li>obs\u0142ug\u0119 merytoryczn\u0105 i administracyjn\u0105 s\u0142u\u017cbowych wyjazd\u00f3w pracownik\u00f3w Uczelni do Chin oraz organizacj\u0119 wizyt go\u015bci z Chin w PB.<\/li>\n<\/ul>\n<p>&nbsp;<br \/>\nW ramach Centrum Wsp\u00f3\u0142pracy Polsko-Chi\u0144skiej PB funkcjonuje <strong>Klasa Konfucja\u0144ska Politechniki Bia\u0142ostockiej<\/strong>, kt\u00f3ra zosta\u0142a powo\u0142ana w lutym 2019 roku i jest afiliowana przy <a href=\"https:\/\/ik.po.opole.pl\/\">Instytucie Konfucjusza Politechniki Opolskiej<\/a>. Dzia\u0142ania Klasy Konfucja\u0144skiej PB obejmuj\u0105:<\/p>\n<ul>\n<li>organizacj\u0119 <a href=\"\/cwpc\/kurs-jezyka-chinskiego\/\">kurs\u00f3w j\u0119zykowych<\/a> prowadzonych przez wykwalifikowan\u0105 kadr\u0119 oddelegowan\u0105 przez Chinese International Education Foundation i Politechnik\u0119 Peki\u0144sk\u0105,<\/li>\n<li>przygotowywanie do pa\u0144stwowych egzamin\u00f3w znajomo\u015bci j\u0119zyka chi\u0144skiego <a href=\"\/cwpc\/egzaminy-jezykowe\/\">HSK i HSKK<\/a> oraz ich organizacja,<\/li>\n<li>organizacj\u0119 <a href=\"\/cwpc\/zajecia-tai-chi\/\">zaj\u0119\u0107 Tai Chi<\/a> prowadzonych przez do\u015bwiadczonego trenera z <a href=\"https:\/\/ymaa.bialystok.pl\/\">YMAA Bia\u0142ystok<\/a>,<\/li>\n<li>promocj\u0119 i popularyzacj\u0119 chi\u0144skiej kultury, w tym j\u0119zyka chi\u0144skiego, w\u015br\u00f3d lokalnej spo\u0142eczno\u015bci (szko\u0142y, przedszkola, instytucje),<\/li>\n<li>pomoc merytoryczn\u0105 przy ubieganiu si\u0119 o przyj\u0119cie na jeden z program\u00f3w Stypendium Konfucjusza.<\/li>\n<\/ul>\n","protected":false},"excerpt":{"rendered":"<p>&nbsp; Centrum Wsp\u00f3\u0142pracy Polsko-Chi\u0144skiej to jednostka Politechniki Bia\u0142ostockiej, kt\u00f3rej zakres aktywno\u015bci obejmuje mi\u0119dzy innymi: koordynacj\u0119<\/p>\n","protected":false},"author":2,"featured_media":0,"parent":0,"menu_order":2,"comment_status":"closed","ping_status":"closed","template":"","meta":{"_acf_changed":false,"ngg_post_thumbnail":0,"footnotes":""},"class_list":["post-42","page","type-page","status-publish","hentry"],"acf":[],"yoast_head":"<!-- This site is optimized with the Yoast SEO plugin v27.0 - https:\/\/yoast.com\/product\/yoast-seo-wordpress\/ -->\n<title>O nas - Centrum Wsp\u00f3\u0142pracy Polsko-Chi\u0144skiej<\/title>\n<meta name=\"description\" content=\"&nbsp; Centrum Wsp\u00f3\u0142pracy Polsko-Chi\u0144skiej to jednostka Politechniki Bia\u0142ostockiej, kt\u00f3rej zakres aktywno\u015bci obejmuje mi\u0119dzy innymi: koordynacj\u0119 dzia\u0142a\u0144 Zadaniem Centrum Wsp\u00f3\u0142pracy Polsko-Chi\u0144skiej PB jest koordynacja wsp\u00f3\u0142pracy Politechniki Bia\u0142ostockiej z chi\u0144skimi instytucjami oraz podejmowanie krok\u00f3w maj\u0105cych pom\u00f3c dalej rozwija\u0107 liczne relacje mi\u0119dzy nasz\u0105 uczelni\u0105 a instytucjami z Chin.\" \/>\n<meta name=\"robots\" content=\"index, follow, max-snippet:-1, max-image-preview:large, max-video-preview:-1\" \/>\n<link rel=\"canonical\" href=\"https:\/\/pb.edu.pl\/cwpc\/o-nas\/\" \/>\n<meta property=\"og:locale\" content=\"pl_PL\" \/>\n<meta property=\"og:type\" content=\"article\" \/>\n<meta property=\"og:title\" content=\"O nas - Centrum Wsp\u00f3\u0142pracy Polsko-Chi\u0144skiej\" \/>\n<meta property=\"og:description\" content=\"&nbsp; Centrum Wsp\u00f3\u0142pracy Polsko-Chi\u0144skiej to jednostka Politechniki Bia\u0142ostockiej, kt\u00f3rej zakres aktywno\u015bci obejmuje mi\u0119dzy innymi: koordynacj\u0119 dzia\u0142a\u0144 Zadaniem Centrum Wsp\u00f3\u0142pracy Polsko-Chi\u0144skiej PB jest koordynacja wsp\u00f3\u0142pracy Politechniki Bia\u0142ostockiej z chi\u0144skimi instytucjami oraz podejmowanie krok\u00f3w maj\u0105cych pom\u00f3c dalej rozwija\u0107 liczne relacje mi\u0119dzy nasz\u0105 uczelni\u0105 a instytucjami z Chin.\" \/>\n<meta property=\"og:url\" content=\"https:\/\/pb.edu.pl\/cwpc\/o-nas\/\" \/>\n<meta property=\"og:site_name\" content=\"Centrum Wsp\u00f3\u0142pracy Polsko-Chi\u0144skiej\" \/>\n<meta property=\"article:modified_time\" content=\"2024-12-23T09:35:33+00:00\" \/>\n<meta property=\"og:image\" content=\"https:\/\/pb.edu.pl\/cwpc\/wp-content\/uploads\/sites\/140\/2024\/12\/cwpc-o-nas-3-300x79.png\" \/>\n<meta name=\"twitter:card\" content=\"summary_large_image\" \/>\n<meta name=\"twitter:label1\" content=\"Szacowany czas czytania\" \/>\n\t<meta name=\"twitter:data1\" content=\"2 minuty\" \/>\n<script type=\"application\/ld+json\" class=\"yoast-schema-graph\">{\"@context\":\"https:\/\/schema.org\",\"@graph\":[{\"@type\":\"WebPage\",\"@id\":\"https:\/\/pb.edu.pl\/cwpc\/o-nas\/\",\"url\":\"https:\/\/pb.edu.pl\/cwpc\/o-nas\/\",\"name\":\"O nas - Centrum Wsp\u00f3\u0142pracy Polsko-Chi\u0144skiej\",\"isPartOf\":{\"@id\":\"https:\/\/pb.edu.pl\/cwpc\/#website\"},\"primaryImageOfPage\":{\"@id\":\"https:\/\/pb.edu.pl\/cwpc\/o-nas\/#primaryimage\"},\"image\":{\"@id\":\"https:\/\/pb.edu.pl\/cwpc\/o-nas\/#primaryimage\"},\"thumbnailUrl\":\"https:\/\/pb.edu.pl\/cwpc\/wp-content\/uploads\/sites\/140\/2024\/12\/cwpc-o-nas-3-300x79.png\",\"datePublished\":\"2020-08-25T19:18:39+00:00\",\"dateModified\":\"2024-12-23T09:35:33+00:00\",\"description\":\"&nbsp; Centrum Wsp\u00f3\u0142pracy Polsko-Chi\u0144skiej to jednostka Politechniki Bia\u0142ostockiej, kt\u00f3rej zakres aktywno\u015bci obejmuje mi\u0119dzy innymi: koordynacj\u0119 dzia\u0142a\u0144 Zadaniem Centrum Wsp\u00f3\u0142pracy Polsko-Chi\u0144skiej PB jest koordynacja wsp\u00f3\u0142pracy Politechniki Bia\u0142ostockiej z chi\u0144skimi instytucjami oraz podejmowanie krok\u00f3w maj\u0105cych pom\u00f3c dalej rozwija\u0107 liczne relacje mi\u0119dzy nasz\u0105 uczelni\u0105 a instytucjami z Chin.\",\"breadcrumb\":{\"@id\":\"https:\/\/pb.edu.pl\/cwpc\/o-nas\/#breadcrumb\"},\"inLanguage\":\"pl-PL\",\"potentialAction\":[{\"@type\":\"ReadAction\",\"target\":[\"https:\/\/pb.edu.pl\/cwpc\/o-nas\/\"]}]},{\"@type\":\"ImageObject\",\"inLanguage\":\"pl-PL\",\"@id\":\"https:\/\/pb.edu.pl\/cwpc\/o-nas\/#primaryimage\",\"url\":\"https:\/\/pb.edu.pl\/cwpc\/wp-content\/uploads\/sites\/140\/2024\/12\/cwpc-o-nas-3.png\",\"contentUrl\":\"https:\/\/pb.edu.pl\/cwpc\/wp-content\/uploads\/sites\/140\/2024\/12\/cwpc-o-nas-3.png\",\"width\":1140,\"height\":300,\"caption\":\"Logo Centrum Wsp\u00f3\u0142pracy Polsko-Chi\u0144skiej Politechniki Bia\u0142ostockiej na tle trzech zdj\u0119\u0107\"},{\"@type\":\"BreadcrumbList\",\"@id\":\"https:\/\/pb.edu.pl\/cwpc\/o-nas\/#breadcrumb\",\"itemListElement\":[{\"@type\":\"ListItem\",\"position\":1,\"name\":\"Strona g\u0142\u00f3wna\",\"item\":\"https:\/\/pb.edu.pl\/cwpc\/\"},{\"@type\":\"ListItem\",\"position\":2,\"name\":\"O nas\"}]},{\"@type\":\"WebSite\",\"@id\":\"https:\/\/pb.edu.pl\/cwpc\/#website\",\"url\":\"https:\/\/pb.edu.pl\/cwpc\/\",\"name\":\"Centrum Wsp\u00f3\u0142pracy Polsko-Chi\u0144skiej\",\"description\":\"\",\"potentialAction\":[{\"@type\":\"SearchAction\",\"target\":{\"@type\":\"EntryPoint\",\"urlTemplate\":\"https:\/\/pb.edu.pl\/cwpc\/?s={search_term_string}\"},\"query-input\":{\"@type\":\"PropertyValueSpecification\",\"valueRequired\":true,\"valueName\":\"search_term_string\"}}],\"inLanguage\":\"pl-PL\"}]}<\/script>\n<!-- \/ Yoast SEO plugin. -->","yoast_head_json":{"title":"O nas - Centrum Wsp\u00f3\u0142pracy Polsko-Chi\u0144skiej","description":"&nbsp; Centrum Wsp\u00f3\u0142pracy Polsko-Chi\u0144skiej to jednostka Politechniki Bia\u0142ostockiej, kt\u00f3rej zakres aktywno\u015bci obejmuje mi\u0119dzy innymi: koordynacj\u0119 dzia\u0142a\u0144 Zadaniem Centrum Wsp\u00f3\u0142pracy Polsko-Chi\u0144skiej PB jest koordynacja wsp\u00f3\u0142pracy Politechniki Bia\u0142ostockiej z chi\u0144skimi instytucjami oraz podejmowanie krok\u00f3w maj\u0105cych pom\u00f3c dalej rozwija\u0107 liczne relacje mi\u0119dzy nasz\u0105 uczelni\u0105 a instytucjami z Chin.","robots":{"index":"index","follow":"follow","max-snippet":"max-snippet:-1","max-image-preview":"max-image-preview:large","max-video-preview":"max-video-preview:-1"},"canonical":"https:\/\/pb.edu.pl\/cwpc\/o-nas\/","og_locale":"pl_PL","og_type":"article","og_title":"O nas - Centrum Wsp\u00f3\u0142pracy Polsko-Chi\u0144skiej","og_description":"&nbsp; Centrum Wsp\u00f3\u0142pracy Polsko-Chi\u0144skiej to jednostka Politechniki Bia\u0142ostockiej, kt\u00f3rej zakres aktywno\u015bci obejmuje mi\u0119dzy innymi: koordynacj\u0119 dzia\u0142a\u0144 Zadaniem Centrum Wsp\u00f3\u0142pracy Polsko-Chi\u0144skiej PB jest koordynacja wsp\u00f3\u0142pracy Politechniki Bia\u0142ostockiej z chi\u0144skimi instytucjami oraz podejmowanie krok\u00f3w maj\u0105cych pom\u00f3c dalej rozwija\u0107 liczne relacje mi\u0119dzy nasz\u0105 uczelni\u0105 a instytucjami z Chin.","og_url":"https:\/\/pb.edu.pl\/cwpc\/o-nas\/","og_site_name":"Centrum Wsp\u00f3\u0142pracy Polsko-Chi\u0144skiej","article_modified_time":"2024-12-23T09:35:33+00:00","og_image":[{"url":"https:\/\/pb.edu.pl\/cwpc\/wp-content\/uploads\/sites\/140\/2024\/12\/cwpc-o-nas-3-300x79.png","type":"","width":"","height":""}],"twitter_card":"summary_large_image","twitter_misc":{"Szacowany czas czytania":"2 minuty"},"schema":{"@context":"https:\/\/schema.org","@graph":[{"@type":"WebPage","@id":"https:\/\/pb.edu.pl\/cwpc\/o-nas\/","url":"https:\/\/pb.edu.pl\/cwpc\/o-nas\/","name":"O nas - Centrum Wsp\u00f3\u0142pracy Polsko-Chi\u0144skiej","isPartOf":{"@id":"https:\/\/pb.edu.pl\/cwpc\/#website"},"primaryImageOfPage":{"@id":"https:\/\/pb.edu.pl\/cwpc\/o-nas\/#primaryimage"},"image":{"@id":"https:\/\/pb.edu.pl\/cwpc\/o-nas\/#primaryimage"},"thumbnailUrl":"https:\/\/pb.edu.pl\/cwpc\/wp-content\/uploads\/sites\/140\/2024\/12\/cwpc-o-nas-3-300x79.png","datePublished":"2020-08-25T19:18:39+00:00","dateModified":"2024-12-23T09:35:33+00:00","description":"&nbsp; Centrum Wsp\u00f3\u0142pracy Polsko-Chi\u0144skiej to jednostka Politechniki Bia\u0142ostockiej, kt\u00f3rej zakres aktywno\u015bci obejmuje mi\u0119dzy innymi: koordynacj\u0119 dzia\u0142a\u0144 Zadaniem Centrum Wsp\u00f3\u0142pracy Polsko-Chi\u0144skiej PB jest koordynacja wsp\u00f3\u0142pracy Politechniki Bia\u0142ostockiej z chi\u0144skimi instytucjami oraz podejmowanie krok\u00f3w maj\u0105cych pom\u00f3c dalej rozwija\u0107 liczne relacje mi\u0119dzy nasz\u0105 uczelni\u0105 a instytucjami z Chin.","breadcrumb":{"@id":"https:\/\/pb.edu.pl\/cwpc\/o-nas\/#breadcrumb"},"inLanguage":"pl-PL","potentialAction":[{"@type":"ReadAction","target":["https:\/\/pb.edu.pl\/cwpc\/o-nas\/"]}]},{"@type":"ImageObject","inLanguage":"pl-PL","@id":"https:\/\/pb.edu.pl\/cwpc\/o-nas\/#primaryimage","url":"https:\/\/pb.edu.pl\/cwpc\/wp-content\/uploads\/sites\/140\/2024\/12\/cwpc-o-nas-3.png","contentUrl":"https:\/\/pb.edu.pl\/cwpc\/wp-content\/uploads\/sites\/140\/2024\/12\/cwpc-o-nas-3.png","width":1140,"height":300,"caption":"Logo Centrum Wsp\u00f3\u0142pracy Polsko-Chi\u0144skiej Politechniki Bia\u0142ostockiej na tle trzech zdj\u0119\u0107"},{"@type":"BreadcrumbList","@id":"https:\/\/pb.edu.pl\/cwpc\/o-nas\/#breadcrumb","itemListElement":[{"@type":"ListItem","position":1,"name":"Strona g\u0142\u00f3wna","item":"https:\/\/pb.edu.pl\/cwpc\/"},{"@type":"ListItem","position":2,"name":"O nas"}]},{"@type":"WebSite","@id":"https:\/\/pb.edu.pl\/cwpc\/#website","url":"https:\/\/pb.edu.pl\/cwpc\/","name":"Centrum Wsp\u00f3\u0142pracy Polsko-Chi\u0144skiej","description":"","potentialAction":[{"@type":"SearchAction","target":{"@type":"EntryPoint","urlTemplate":"https:\/\/pb.edu.pl\/cwpc\/?s={search_term_string}"},"query-input":{"@type":"PropertyValueSpecification","valueRequired":true,"valueName":"search_term_string"}}],"inLanguage":"pl-PL"}]}},"_links":{"self":[{"href":"https:\/\/pb.edu.pl\/cwpc\/wp-json\/wp\/v2\/pages\/42","targetHints":{"allow":["GET"]}}],"collection":[{"href":"https:\/\/pb.edu.pl\/cwpc\/wp-json\/wp\/v2\/pages"}],"about":[{"href":"https:\/\/pb.edu.pl\/cwpc\/wp-json\/wp\/v2\/types\/page"}],"author":[{"embeddable":true,"href":"https:\/\/pb.edu.pl\/cwpc\/wp-json\/wp\/v2\/users\/2"}],"replies":[{"embeddable":true,"href":"https:\/\/pb.edu.pl\/cwpc\/wp-json\/wp\/v2\/comments?post=42"}],"version-history":[{"count":0,"href":"https:\/\/pb.edu.pl\/cwpc\/wp-json\/wp\/v2\/pages\/42\/revisions"}],"wp:attachment":[{"href":"https:\/\/pb.edu.pl\/cwpc\/wp-json\/wp\/v2\/media?parent=42"}],"curies":[{"name":"wp","href":"https:\/\/api.w.org\/{rel}","templated":true}]}}