{"id":2222,"date":"2024-12-27T23:37:31","date_gmt":"2024-12-27T22:37:31","guid":{"rendered":"https:\/\/pb.edu.pl\/ctt\/?page_id=2222"},"modified":"2025-01-21T11:49:33","modified_gmt":"2025-01-21T10:49:33","slug":"uslugi","status":"publish","type":"page","link":"https:\/\/pb.edu.pl\/ctt\/dla-biznesu\/uslugi\/","title":{"rendered":"Us\u0142ugi"},"content":{"rendered":"<ol>\n<li>Badania zlecone \u2013 realizowane zgodnie z potrzebami przedsi\u0119biorcy, z wykorzystaniem know-how Uczelni oraz jej potencja\u0142u sprz\u0119towego.<\/li>\n<li>Wsp\u00f3\u0142praca naukowo-przemys\u0142owa \u2013 na potrzeby projekt\u00f3w badawczo-rozwojowych i wdro\u017ceniowych, z zachowaniem wzajemnych relacji konsorcyjnych lub poprzez podwykonawstwo us\u0142ug B+R, na potrzeby rozwoju i poszerzenia wachlarzu us\u0142ug i produkt\u00f3w oferowanych przez przedsi\u0119biorc\u00f3w.<\/li>\n<li>Wsp\u00f3\u0142praca z Jednostkami Samorz\u0105du Terytorialnego i Administracj\u0105 Pa\u0144stwow\u0105 w zakresie przygotowania dokumentacji konkursowej, strategii, opinii o innowacyjno\u015bci.<\/li>\n<li>Pozyskiwanie student\u00f3w\/absolwent\u00f3w \u2013 poprzez wsp\u00f3\u0142prac\u0119 z <a href=\"https:\/\/biurokarier.pb.edu.pl\/\">Biurem Karier PB<\/a> oraz bezpo\u015brednie kontakty w ramach wydzia\u0142owych rad programowo-przemys\u0142owych, na potrzeby realizacji sta\u017cy zawodowych i praktyk, w celu zrekrutowania najlepszych student\u00f3w ze wszystkich wydzia\u0142\u00f3w Politechniki Bia\u0142ostockiej.<\/li>\n<li>Kszta\u0142cenie kadr \u2013 realizowane zgodnie ze szczeg\u00f3lnymi potrzebami przedsi\u0119biorstw i instytucji, w celu podniesienia kompetencji pracownik\u00f3w i wykszta\u0142cenia unikalnych umiej\u0119tno\u015bci podczas dedykowanych kurs\u00f3w, szkole\u0144 i indywidualnych konsultacji specjalistycznych.<\/li>\n<li>Studia podyplomowe i MBA \u2013 pozwalaj\u0105ce na podniesienie kompetencji pracownik\u00f3w firm i instytucji w trakcie 2, 3 lub 4 semestralnych studi\u00f3w podyplomowych (oferta ponad 50 kierunk\u00f3w) skierowane zar\u00f3wno do specjalist\u00f3w kadry in\u017cynierskiej, oraz do os\u00f3b, kt\u00f3re s\u0105 zainteresowane zdobyciem nowych specjalizacji.<br \/>\n&nbsp;<br \/>\n<a href=\"https:\/\/kandydacipb.edu.pl\/rekrutacja\/studia-podyplomowe\/oferta-studiow-podyplomowych\/\">Oferta studi\u00f3w podyplomowych<\/a><a href=\"https:\/\/mba.bialystok.pl\/\">Oferta studi\u00f3w MBA<\/a><\/li>\n<\/ol>\n","protected":false},"excerpt":{"rendered":"<p>Badania zlecone \u2013 realizowane zgodnie z potrzebami przedsi\u0119biorcy, z wykorzystaniem know-how Uczelni oraz jej potencja\u0142u<\/p>\n","protected":false},"author":2,"featured_media":0,"parent":2195,"menu_order":1,"comment_status":"closed","ping_status":"closed","template":"","meta":{"_acf_changed":false,"ngg_post_thumbnail":0,"footnotes":""},"class_list":["post-2222","page","type-page","status-publish","hentry"],"acf":[],"_links":{"self":[{"href":"https:\/\/pb.edu.pl\/ctt\/wp-json\/wp\/v2\/pages\/2222","targetHints":{"allow":["GET"]}}],"collection":[{"href":"https:\/\/pb.edu.pl\/ctt\/wp-json\/wp\/v2\/pages"}],"about":[{"href":"https:\/\/pb.edu.pl\/ctt\/wp-json\/wp\/v2\/types\/page"}],"author":[{"embeddable":true,"href":"https:\/\/pb.edu.pl\/ctt\/wp-json\/wp\/v2\/users\/2"}],"replies":[{"embeddable":true,"href":"https:\/\/pb.edu.pl\/ctt\/wp-json\/wp\/v2\/comments?post=2222"}],"version-history":[{"count":0,"href":"https:\/\/pb.edu.pl\/ctt\/wp-json\/wp\/v2\/pages\/2222\/revisions"}],"up":[{"embeddable":true,"href":"https:\/\/pb.edu.pl\/ctt\/wp-json\/wp\/v2\/pages\/2195"}],"wp:attachment":[{"href":"https:\/\/pb.edu.pl\/ctt\/wp-json\/wp\/v2\/media?parent=2222"}],"curies":[{"name":"wp","href":"https:\/\/api.w.org\/{rel}","templated":true}]}}