{"id":2208,"date":"2024-12-27T23:33:10","date_gmt":"2024-12-27T22:33:10","guid":{"rendered":"https:\/\/pb.edu.pl\/ctt\/?page_id=2208"},"modified":"2025-01-14T16:36:27","modified_gmt":"2025-01-14T15:36:27","slug":"komercjalizacja","status":"publish","type":"page","link":"https:\/\/pb.edu.pl\/ctt\/dla-naukowcow\/komercjalizacja\/","title":{"rendered":"Komercjalizacja"},"content":{"rendered":"<p>Proces komercjalizacji wynik\u00f3w bada\u0144 na Politechnice Bia\u0142ostockiej okre\u015bla \u201eRegulamin zarz\u0105dzania w\u0142asno\u015bci\u0105 intelektualn\u0105 w Politechnice Bia\u0142ostockiej\u201d, wprowadzony <a href=\"https:\/\/pb.edu.pl\/owi\/wp-content\/uploads\/sites\/12\/2021\/12\/Uchwalanr93-Regulamin.pdf\">Uchwa\u0142\u0105 Senatu PB nr 93\/XI\/XVI\/2021 z dnia 24 czerwca 2021 r.<\/a> <\/p>\n<p>Najwa\u017cniejsze zasady dotycz\u0105ce procesu post\u0119powania z wynikami bada\u0144 naukowych i prac rozwojowych na PB, znajduj\u0105 si\u0119 na stronie www <a href=\"https:\/\/pb.edu.pl\/owi\/oferta\/wsparcie-dla-spolecznosci-akademickiej\/\">Wsparcie dla spo\u0142eczno\u015bci akademickiej<\/a>.<\/p>\n<p>Komercjalizacja wynik\u00f3w bada\u0144 odbywa si\u0119 poprzez <a href=\"https:\/\/pb.edu.pl\/owi\/\">O\u015brodek W\u0142asno\u015bci Intelektualnej PB<\/a> oraz sp\u00f3\u0142k\u0119 celow\u0105 <a href=\"https:\/\/instytutpb.com\">Instytut Innowacji i Technologii PB sp. z o.o.<\/a>, w kt\u00f3rej uczelnia posiada 100% udzia\u0142\u00f3w.<\/p>\n<p>W przypadku komercjalizacji wynalazku\/wzoru u\u017cytkowego\/wzoru przemys\u0142owego lub rozwi\u0105zania innowacyjnego przez Politechnik\u0119 Bia\u0142ostock\u0105, tw\u00f3rcom przys\u0142uguje 50% zysku z komercjalizacji.<\/p>\n","protected":false},"excerpt":{"rendered":"<p>Proces komercjalizacji wynik\u00f3w bada\u0144 na Politechnice Bia\u0142ostockiej okre\u015bla \u201eRegulamin zarz\u0105dzania w\u0142asno\u015bci\u0105 intelektualn\u0105 w Politechnice Bia\u0142ostockiej\u201d,<\/p>\n","protected":false},"author":2,"featured_media":0,"parent":2192,"menu_order":2,"comment_status":"closed","ping_status":"closed","template":"","meta":{"_acf_changed":false,"ngg_post_thumbnail":0,"footnotes":""},"class_list":["post-2208","page","type-page","status-publish","hentry"],"acf":[],"_links":{"self":[{"href":"https:\/\/pb.edu.pl\/ctt\/wp-json\/wp\/v2\/pages\/2208","targetHints":{"allow":["GET"]}}],"collection":[{"href":"https:\/\/pb.edu.pl\/ctt\/wp-json\/wp\/v2\/pages"}],"about":[{"href":"https:\/\/pb.edu.pl\/ctt\/wp-json\/wp\/v2\/types\/page"}],"author":[{"embeddable":true,"href":"https:\/\/pb.edu.pl\/ctt\/wp-json\/wp\/v2\/users\/2"}],"replies":[{"embeddable":true,"href":"https:\/\/pb.edu.pl\/ctt\/wp-json\/wp\/v2\/comments?post=2208"}],"version-history":[{"count":0,"href":"https:\/\/pb.edu.pl\/ctt\/wp-json\/wp\/v2\/pages\/2208\/revisions"}],"up":[{"embeddable":true,"href":"https:\/\/pb.edu.pl\/ctt\/wp-json\/wp\/v2\/pages\/2192"}],"wp:attachment":[{"href":"https:\/\/pb.edu.pl\/ctt\/wp-json\/wp\/v2\/media?parent=2208"}],"curies":[{"name":"wp","href":"https:\/\/api.w.org\/{rel}","templated":true}]}}