{"id":2205,"date":"2024-12-27T23:31:42","date_gmt":"2024-12-27T22:31:42","guid":{"rendered":"https:\/\/pb.edu.pl\/ctt\/?page_id=2205"},"modified":"2025-01-14T17:45:31","modified_gmt":"2025-01-14T16:45:31","slug":"doradztwo","status":"publish","type":"page","link":"https:\/\/pb.edu.pl\/ctt\/dla-naukowcow\/doradztwo\/","title":{"rendered":"Doradztwo"},"content":{"rendered":"<p>Zapewniamy wsparcie pracownikom naukowym Uczelni w zakresie:<\/p>\n<ol class=\"custom-alpha-numbering\">\n<li>zarz\u0105dzania w\u0142asno\u015bci\u0105 intelektualn\u0105 w projekcie,<\/li>\n<li>opracowywania strategii ochrony w\u0142asno\u015bci intelektualnej,<\/li>\n<li>ustalania biznesowych zasad podzia\u0142u i wykorzystywania w\u0142asno\u015bci intelektualnej wytworzonej w wyniku realizacji projektu,<\/li>\n<li>konsultowania um\u00f3w konsorcj\u00f3w i um\u00f3w z partnerami przemys\u0142owymi,<\/li>\n<li>udost\u0119pniania praw do wynik\u00f3w prac badawczych prowadzonych przez pracownik\u00f3w Uczelni tj.:<br \/>\n&#8211; identyfikacji i ochrony rozwi\u0105za\u0144 o potencjale innowacyjnym,<br \/>\n&#8211; opracowywania ofert technologicznych i promocji rozwi\u0105za\u0144 i wynalazk\u00f3w,<br \/>\n&#8211; poszukiwania partner\u00f3w przemys\u0142owych,<br \/>\n&#8211; wyceny technologii,<\/li>\n<li>negocjowanie um\u00f3w sprzeda\u017cy i licencyjnych,<\/li>\n<li>wsparcie w przygotowaniu bada\u0144 zleconych, opinii o innowacyjno\u015bci, ekspertyz, audyt\u00f3w technologicznych,<\/li>\n<li>pomoc w organizacji interdyscyplinarnych zespo\u0142\u00f3w wykonawczych,<\/li>\n<li>ustalanie warunk\u00f3w i relacji biznesowych ze zleceniodawcami,<\/li>\n<li>wycena i optymalizacja kosztowa realizowanych zlece\u0144.<\/li>\n<\/ol>\n","protected":false},"excerpt":{"rendered":"<p>Zapewniamy wsparcie pracownikom naukowym Uczelni w zakresie: zarz\u0105dzania w\u0142asno\u015bci\u0105 intelektualn\u0105 w projekcie, opracowywania strategii ochrony<\/p>\n","protected":false},"author":2,"featured_media":0,"parent":2192,"menu_order":1,"comment_status":"closed","ping_status":"closed","template":"","meta":{"_acf_changed":false,"ngg_post_thumbnail":0,"footnotes":""},"class_list":["post-2205","page","type-page","status-publish","hentry"],"acf":[],"_links":{"self":[{"href":"https:\/\/pb.edu.pl\/ctt\/wp-json\/wp\/v2\/pages\/2205","targetHints":{"allow":["GET"]}}],"collection":[{"href":"https:\/\/pb.edu.pl\/ctt\/wp-json\/wp\/v2\/pages"}],"about":[{"href":"https:\/\/pb.edu.pl\/ctt\/wp-json\/wp\/v2\/types\/page"}],"author":[{"embeddable":true,"href":"https:\/\/pb.edu.pl\/ctt\/wp-json\/wp\/v2\/users\/2"}],"replies":[{"embeddable":true,"href":"https:\/\/pb.edu.pl\/ctt\/wp-json\/wp\/v2\/comments?post=2205"}],"version-history":[{"count":0,"href":"https:\/\/pb.edu.pl\/ctt\/wp-json\/wp\/v2\/pages\/2205\/revisions"}],"up":[{"embeddable":true,"href":"https:\/\/pb.edu.pl\/ctt\/wp-json\/wp\/v2\/pages\/2192"}],"wp:attachment":[{"href":"https:\/\/pb.edu.pl\/ctt\/wp-json\/wp\/v2\/media?parent=2205"}],"curies":[{"name":"wp","href":"https:\/\/api.w.org\/{rel}","templated":true}]}}