{"id":13,"date":"2020-05-18T14:40:41","date_gmt":"2020-05-18T12:40:41","guid":{"rendered":"https:\/\/pb.edu.pl\/ctt\/?page_id=13"},"modified":"2026-03-27T21:08:02","modified_gmt":"2026-03-27T20:08:02","slug":"home","status":"publish","type":"page","link":"https:\/\/pb.edu.pl\/ctt\/","title":{"rendered":""},"content":{"rendered":"<div class=\"img-full\">\n<p><img decoding=\"async\" src=\"https:\/\/pb.edu.pl\/ctt\/wp-content\/uploads\/sites\/142\/2024\/12\/artificial-intelligence-concept-1920px-1.jpg\" alt=\"baner\"><\/p>\n<div class=\"img-full-text\">\n<div class=\"img-full-title\"><img loading=\"lazy\" decoding=\"async\" class=\"alignnone size-full wp-image-2271\" src=\"https:\/\/pb.edu.pl\/ctt\/wp-content\/uploads\/sites\/142\/2025\/01\/2025-01-LOGO-CTTPB-www-420x166px.png\" alt=\"logo Centrum Transferu Technologii Politechniki Bia\u0142ostockiej\" width=\"420\" height=\"166\" srcset=\"https:\/\/pb.edu.pl\/ctt\/wp-content\/uploads\/sites\/142\/2025\/01\/2025-01-LOGO-CTTPB-www-420x166px.png 420w, https:\/\/pb.edu.pl\/ctt\/wp-content\/uploads\/sites\/142\/2025\/01\/2025-01-LOGO-CTTPB-www-420x166px-300x119.png 300w\" sizes=\"auto, (max-width: 420px) 100vw, 420px\" \/><\/div>\n<\/div>\n<\/div>\n<div class=\"introduction text-center\">Centrum Transferu Technologii Politechniki Bia\u0142ostockiej (CTT PB) jest og\u00f3lnouczelnian\u0105 jednostk\u0105 powo\u0142an\u0105 w celu komercjalizacji bezpo\u015bredniej, polegaj\u0105cej przede wszystkim na realizacji dzia\u0142a\u0144 zmierzaj\u0105cych do licencjonowania i przenoszenia praw do wynik\u00f3w dzia\u0142alno\u015bci naukowej pracownik\u00f3w Politechniki Bia\u0142ostockiej&#8230; <a style=\"color: #00f\" title=\"o nas\" href=\"\/ctt\/o nas\/\">Zobacz wi\u0119cej<\/a><\/div>\n<div id=\"box-menu\" class=\"href\"><\/div>\n<div class=\"row\">\n<div class=\"col-sm-4 text-center\"><a class=\"button\" style=\"width: 100%;padding: 0px 5px 10px 5px\" href=\"\/ctt\/dla-naukowcow\/\"><img loading=\"lazy\" decoding=\"async\" class=\"aligncenter size-full wp-image-2274\" src=\"https:\/\/pb.edu.pl\/ctt\/wp-content\/uploads\/sites\/142\/2025\/01\/dla-nauki-800x530px.png\" alt=\"elektrony na orbitach\" width=\"800\" height=\"530\" srcset=\"https:\/\/pb.edu.pl\/ctt\/wp-content\/uploads\/sites\/142\/2025\/01\/dla-nauki-800x530px.png 800w, https:\/\/pb.edu.pl\/ctt\/wp-content\/uploads\/sites\/142\/2025\/01\/dla-nauki-800x530px-300x199.png 300w, https:\/\/pb.edu.pl\/ctt\/wp-content\/uploads\/sites\/142\/2025\/01\/dla-nauki-800x530px-768x509.png 768w\" sizes=\"auto, (max-width: 800px) 100vw, 800px\" \/><span class=\"lead\">Dla naukowc\u00f3w <\/span><\/a><\/div>\n<div class=\"col-sm-4 text-center\"><a class=\"button\" style=\"width: 100%;padding: 0px 5px 10px 5px\" href=\"\/ctt\/dla-biznesu\/\"><img loading=\"lazy\" decoding=\"async\" class=\"aligncenter size-full wp-image-2277\" src=\"https:\/\/pb.edu.pl\/ctt\/wp-content\/uploads\/sites\/142\/2025\/01\/dla-biznesu-800x530px.png\" alt=\"strza\u0142ka symbolizuj\u0105ca wzrost\" width=\"800\" height=\"530\" srcset=\"https:\/\/pb.edu.pl\/ctt\/wp-content\/uploads\/sites\/142\/2025\/01\/dla-biznesu-800x530px.png 800w, https:\/\/pb.edu.pl\/ctt\/wp-content\/uploads\/sites\/142\/2025\/01\/dla-biznesu-800x530px-300x199.png 300w, https:\/\/pb.edu.pl\/ctt\/wp-content\/uploads\/sites\/142\/2025\/01\/dla-biznesu-800x530px-768x509.png 768w\" sizes=\"auto, (max-width: 800px) 100vw, 800px\" \/><span class=\"lead\">Dla biznesu<\/span><\/a><\/div>\n<div class=\"col-sm-4 text-center\"><a class=\"button\" style=\"width: 100%;padding: 0px 5px 10px 5px\" title=\"\" href=\"https:\/\/pb.edu.pl\/ctt\/dla-biznesu\/baza-potencjalu-br\/\"><img loading=\"lazy\" decoding=\"async\" class=\"aligncenter size-full wp-image-2279\" src=\"https:\/\/pb.edu.pl\/ctt\/wp-content\/uploads\/sites\/142\/2025\/01\/baza-800x530px.png\" alt=\"lupa na tle strony\" width=\"800\" height=\"530\" srcset=\"https:\/\/pb.edu.pl\/ctt\/wp-content\/uploads\/sites\/142\/2025\/01\/baza-800x530px.png 800w, https:\/\/pb.edu.pl\/ctt\/wp-content\/uploads\/sites\/142\/2025\/01\/baza-800x530px-300x199.png 300w, https:\/\/pb.edu.pl\/ctt\/wp-content\/uploads\/sites\/142\/2025\/01\/baza-800x530px-768x509.png 768w\" sizes=\"auto, (max-width: 800px) 100vw, 800px\" \/><span class=\"lead\">Baza potencja\u0142u PB<\/span><\/a><\/div>\n<\/div>\n<p>&nbsp;<\/p>\n<div class=\"row\">\n<div class=\"col-sm-12 text-center\">\n<a class=\"button text-center animated zoomIn lead font-500\" style=\"width:100%\" href=\"\/ctt\/formularz-dyzur\/\">Formularz zapisu na dy\u017cur broker\u00f3w innowacji Politechnicznej Sieci Via Carpatia<\/a>\n<\/div>\n<p>&nbsp;<\/p>\n<div id=\"aktualnosci\" class=\"href\"><\/div>\n<div class=\"h1\"><a style=\"text-decoration: none;color: #101624\" href=\"\/ctt\/aktualnosci\/\">Aktualno\u015bci<i class=\"fa fa-caret-right\" aria-hidden=\"true\"><\/i><\/a><\/div>\n\t\t<div class=\"box news-box \">\n\t\t<div class=\"row\">\n\t\t\t\n\t\t\t\n\t\t\t\t\n\t\t\t\t\t\t\t\t\t\t<div class=\"col-sm-3\">\n\t\t\t\t\t\t\t\n<article class=\"format-standard\">\n    <span class=\"date text-right\"><i class=\"fal fa-calendar-alt\"><\/i> 15-04-2026<\/span>\n    <a href=\"https:\/\/pb.edu.pl\/ctt\/2026\/04\/15\/klaster-days-kompetencje-przyszlosci-16-17-kwietnia-2026\/\">\n      <div class=\"article-image\">\n              <\/div>\n      <h3>Klaster Days \"Kompetencje Przysz\u0142o\u015bci\" 16-17 kwietnia 2026<\/h3>\n      Serdecznie zapraszamy pracownik\u00f3w Politechniki Bia\u0142ostockiej do udzia\u0142u w nadchodz\u0105cym wydarzeniu Klaster    <\/a>\n<\/article>\t\t\t\t\t\t<\/div>\n\t\t\t\t\t\t\t\t\t\t\t<div class=\"col-sm-3\">\n\t\t\t\t\t\t\t\n<article class=\"format-standard\">\n    <span class=\"date text-right\"><i class=\"fal fa-calendar-alt\"><\/i> 14-04-2026<\/span>\n    <a href=\"https:\/\/pb.edu.pl\/ctt\/2026\/04\/14\/konferencja-bezpieczenstwo-infrastruktury-kluczowej-w-gminach-20-kwiecien-2026-r\/\">\n      <div class=\"article-image\">\n        <img loading=\"lazy\" decoding=\"async\" width=\"480\" height=\"300\" src=\"https:\/\/pb.edu.pl\/ctt\/wp-content\/uploads\/sites\/142\/2026\/04\/konferencja-bezpieczenstwo-infrastruktury-kluczowej-www-480x300.jpg\" class=\"attachment-medium-image-16x10 size-medium-image-16x10 wp-post-image\" alt=\"\" srcset=\"https:\/\/pb.edu.pl\/ctt\/wp-content\/uploads\/sites\/142\/2026\/04\/konferencja-bezpieczenstwo-infrastruktury-kluczowej-www-480x300.jpg 480w, https:\/\/pb.edu.pl\/ctt\/wp-content\/uploads\/sites\/142\/2026\/04\/konferencja-bezpieczenstwo-infrastruktury-kluczowej-www-300x188.jpg 300w, https:\/\/pb.edu.pl\/ctt\/wp-content\/uploads\/sites\/142\/2026\/04\/konferencja-bezpieczenstwo-infrastruktury-kluczowej-www-1024x640.jpg 1024w, https:\/\/pb.edu.pl\/ctt\/wp-content\/uploads\/sites\/142\/2026\/04\/konferencja-bezpieczenstwo-infrastruktury-kluczowej-www-768x480.jpg 768w, https:\/\/pb.edu.pl\/ctt\/wp-content\/uploads\/sites\/142\/2026\/04\/konferencja-bezpieczenstwo-infrastruktury-kluczowej-www.jpg 1080w\" sizes=\"auto, (max-width: 480px) 100vw, 480px\" \/>      <\/div>\n      <h3>Konferencja \u201eBezpiecze\u0144stwo infrastruktury kluczowej w gminach\u201d  - 20 kwiecie\u0144 2026 r. <\/h3>\n      Wsp\u00f3lnie budujemy odporno\u015b\u0107 podlaskich gmin \u2013 konferencja o bezpiecze\u0144stwie infrastruktury kluczowej    <\/a>\n<\/article>\t\t\t\t\t\t<\/div>\n\t\t\t\t\t\t\t\t\t\t\t<div class=\"col-sm-3\">\n\t\t\t\t\t\t\t\n<article class=\"format-standard\">\n    <span class=\"date text-right\"><i class=\"fal fa-calendar-alt\"><\/i> 12-03-2026<\/span>\n    <a href=\"https:\/\/pb.edu.pl\/ctt\/2026\/03\/12\/hub-of-talents-3-nabor-do-31-marca-2026r\/\">\n      <div class=\"article-image\">\n        <img loading=\"lazy\" decoding=\"async\" width=\"480\" height=\"300\" src=\"https:\/\/pb.edu.pl\/ctt\/wp-content\/uploads\/sites\/142\/2026\/03\/Platforma-Hub-of-Talents-3_jpg-480x300.jpg\" class=\"attachment-medium-image-16x10 size-medium-image-16x10 wp-post-image\" alt=\"\" \/>      <\/div>\n      <h3>Hub of Talents 3 - nab\u00f3r do 31 marca 2026r.<\/h3>\n      Hub of Talents 3 to profesjonalny program inkubacji startup\u00f3w, kt\u00f3ry wspiera    <\/a>\n<\/article>\t\t\t\t\t\t<\/div>\n\t\t\t\t\t\t\t\t\t\t\t<div class=\"col-sm-3\">\n\t\t\t\t\t\t\t\n<article class=\"format-standard\">\n    <span class=\"date text-right\"><i class=\"fal fa-calendar-alt\"><\/i> 12-03-2026<\/span>\n    <a href=\"https:\/\/pb.edu.pl\/ctt\/2026\/03\/12\/inkubator-rozwoju-ii-nabor-w-projekcie-sience4busines-nauka-dla-biznesu-do-30-04-2026r\/\">\n      <div class=\"article-image\">\n        <img loading=\"lazy\" decoding=\"async\" width=\"480\" height=\"300\" src=\"https:\/\/pb.edu.pl\/ctt\/wp-content\/uploads\/sites\/142\/2026\/03\/s4b_-_grafika-480x300.jpg\" class=\"attachment-medium-image-16x10 size-medium-image-16x10 wp-post-image\" alt=\"\" \/>      <\/div>\n      <h3>\u201eInkubator Rozwoju\u201d - II nab\u00f3r w projekcie Sience4Busines-Nauka dla Biznesu do 30.04.2026r.<\/h3>\n      2 marca 2026&nbsp;r.&nbsp;rozpocz\u0105\u0142 si\u0119 nab\u00f3r wniosk\u00f3w w&nbsp;ramach projektu&nbsp;\u201eInkubator Rozwoju\u201d&nbsp;(Zadanie 1&nbsp;w projekcie&nbsp;Science4Business    <\/a>\n<\/article>\t\t\t\t\t\t<\/div>\n\t\t\t\t\t\n\t\t\t\t\n\t\t\t\t\t<\/div>\n\t\t\t\t\t<\/div>\n\n","protected":false},"excerpt":{"rendered":"<p>Centrum Transferu Technologii Politechniki Bia\u0142ostockiej (CTT PB) jest og\u00f3lnouczelnian\u0105 jednostk\u0105 powo\u0142an\u0105 w celu komercjalizacji bezpo\u015bredniej,<\/p>\n","protected":false},"author":2,"featured_media":0,"parent":0,"menu_order":0,"comment_status":"closed","ping_status":"closed","template":"templates\/dzial.php","meta":{"_acf_changed":false,"ngg_post_thumbnail":0,"footnotes":""},"class_list":["post-13","page","type-page","status-publish","hentry"],"acf":[],"_links":{"self":[{"href":"https:\/\/pb.edu.pl\/ctt\/wp-json\/wp\/v2\/pages\/13","targetHints":{"allow":["GET"]}}],"collection":[{"href":"https:\/\/pb.edu.pl\/ctt\/wp-json\/wp\/v2\/pages"}],"about":[{"href":"https:\/\/pb.edu.pl\/ctt\/wp-json\/wp\/v2\/types\/page"}],"author":[{"embeddable":true,"href":"https:\/\/pb.edu.pl\/ctt\/wp-json\/wp\/v2\/users\/2"}],"replies":[{"embeddable":true,"href":"https:\/\/pb.edu.pl\/ctt\/wp-json\/wp\/v2\/comments?post=13"}],"version-history":[{"count":3,"href":"https:\/\/pb.edu.pl\/ctt\/wp-json\/wp\/v2\/pages\/13\/revisions"}],"predecessor-version":[{"id":2744,"href":"https:\/\/pb.edu.pl\/ctt\/wp-json\/wp\/v2\/pages\/13\/revisions\/2744"}],"wp:attachment":[{"href":"https:\/\/pb.edu.pl\/ctt\/wp-json\/wp\/v2\/media?parent=13"}],"curies":[{"name":"wp","href":"https:\/\/api.w.org\/{rel}","templated":true}]}}