{"id":2643,"date":"2024-10-12T08:44:20","date_gmt":"2024-10-12T06:44:20","guid":{"rendered":"https:\/\/pb.edu.pl\/cisim\/?page_id=2643"},"modified":"2024-10-12T08:44:20","modified_gmt":"2024-10-12T06:44:20","slug":"international-program-committee","status":"publish","type":"page","link":"https:\/\/pb.edu.pl\/cisim\/previous-conferences\/cisim-2024\/international-program-committee\/","title":{"rendered":"International Program Committee"},"content":{"rendered":"<ul class=\"nodecor\">\n<li>Khalid Saeed,&nbsp;<em>BUT, Poland, chair<\/em><\/li>\n<li>Ji\u0159\u00ed Dvorsk\u00fd,&nbsp;<em>V\u0160B, Czech Republic, chair<\/em><\/li>\n<li>Waleed Abdulla,&nbsp;<em>University of Auckland, New Zealand<\/em><\/li>\n<li>Raid Al-Tahir,&nbsp;<em>Univ of the West Indies, Tr. and Tobago<\/em><\/li>\n<li>Aditya Bagchi,&nbsp;<em>Indian Statistical Institute, India<\/em><\/li>\n<li>Valentina Emilia Balas,<em>&nbsp;University of Arad, Romania<\/em><\/li>\n<li>Anna Bartkowiak,<em>&nbsp;Wroc\u0142aw University, Poland<\/em><\/li>\n<li>Daniela Borissova,&nbsp;<em>Bulgarian Academy of Sciences, Bulgaria<\/em><\/li>\n<li>Rahma Boucetta,&nbsp;<em>National Engg School of Gabes, Tunisia<\/em><\/li>\n<li>Nabendu Chaki,<em>&nbsp;University of Calcutta, India<\/em><\/li>\n<li>Rituparna Chaki,&nbsp;<em>University of Calcutta, India<\/em><\/li>\n<li>Young-Im Cho,&nbsp;<em>Gachon University, South Korea<\/em><\/li>\n<li>Melissa Acosta Coll,&nbsp;<em>Universidad de la Costa, Colombia<\/em><\/li>\n<li>Agostino Cortesi,&nbsp;<em>Ca\u2019 Foscari University of Venice, Italy<\/em><\/li>\n<li>Dipankar Dasgupta,&nbsp;<em>University of Memphis, USA<\/em><\/li>\n<li>Pierpaolo Degano,&nbsp;<em>University of Pisa, Italy<\/em><\/li>\n<li>Jose Escorcia Gutierrez,&nbsp;<em>Universidad de la Costa, Colombia<\/em><\/li>\n<li>Riccardo Focardi,&nbsp;<em>Ca\u2019 Foscari University of Venice, Italy<\/em><\/li>\n<li>Margarita Gamarra Acosta,&nbsp;<em>Universidad de la Costa, Colombia Marina Gavrilova, University of Calgary, Canada<\/em><\/li>\n<li>Jan Devos,&nbsp;<em>Ghent University, Belgium<\/em><\/li>\n<li>David Dagan Feng,&nbsp;<em>University of Sydney, Australia<\/em><\/li>\n<li>Pietro Ferrara,&nbsp;<em>IBM T.J. Watson Research Center, U.S.A.<\/em><\/li>\n<li>Raju Halder,&nbsp;<em>Ca\u2019 Foscari University of Venice, Italy<\/em><\/li>\n<li>Yoshiko Hanada,<em>&nbsp;Kansai University, Japan<\/em><\/li>\n<li>Christopher Harris,&nbsp;<em>State University of New York, USA<\/em><\/li>\n<li>Kauru Hirota,&nbsp;<em>Tokyo Institute of Technology, Japan<\/em><\/li>\n<li>W\u0142adys\u0142aw Homenda,&nbsp;<em>Warsaw University of Technology, Poland<\/em><\/li>\n<li>Jun-ichi Imai,&nbsp;<em>Chiba Institute of Technology, Japan<\/em><\/li>\n<li>Makio Ishihara,&nbsp;<em>Fukuoka Institute of Technology, Japan<\/em><\/li>\n<li>Valentina Janev,&nbsp;<em>Mihajlo Pupin Institute, Serbia<\/em><\/li>\n<li>Khalide Jbilou,&nbsp;<em>Universit\u00e9 du Littoral C\u00f4te d\u2019Opale, France<\/em><\/li>\n<li>Ryszard Kozera,&nbsp;<em>The Univ of Western Australia, Australia<\/em><\/li>\n<li>Tom\u00e1\u0161 Kozubek,&nbsp;<em>Technical Univ of Ostrava, Czech Republic<\/em><\/li>\n<li>Marek Lampart,&nbsp;<em>Technical Univ of Ostrava, Czech Republic<\/em><\/li>\n<li>Christoph Lange,&nbsp;<em>Fraunhofer, Germany<\/em><\/li>\n<li>Saerom Lee,&nbsp;<em>Kagawa University, Japan<\/em><\/li>\n<li>Jens Lehmann,&nbsp;<em>University of Bonn, Germany<\/em><\/li>\n<li>Flaminia Luccio,&nbsp;<em>Ca\u2019 Foscari University of Venice, Italy<\/em><\/li>\n<li>Pavel Moravec,&nbsp;<em>Technical Univ of Ostrava, Czech Republic<\/em><\/li>\n<li>Romuald Mosdorf,&nbsp;<em>Technical University of Bia\u0142ystok, Poland<\/em><\/li>\n<li>Debajyoti Mukhopadhyay,&nbsp;<em>Maharashtra Inst. of Tech, India<\/em><\/li>\n<li>Yuko Murayama,&nbsp;<em>Iwate University, Japan<\/em><\/li>\n<li>Nobuyuki Nishiuchi,&nbsp;<em>Tokyo Metropolitan University, Japan<\/em><\/li>\n<li>Tadeusz Nowicki,&nbsp;<em>Military University of Technology, Poland<\/em><\/li>\n<li>Akihiro Ogino,&nbsp;<em>Kyoto Sangyo University, Japan<\/em><\/li>\n<li>Andrzej Pacut,&nbsp;<em>Technical University of Warsaw, Poland<\/em><\/li>\n<li>Jerzy Peja\u015b,&nbsp;<em>WPUT in Szczecin, Poland<\/em><\/li>\n<li>Marco Pistoia,&nbsp;<em>IBM Watson Research Center, USA<\/em><\/li>\n<li>Piotr Porwik,&nbsp;<em>University of Silesia, Poland<\/em><\/li>\n<li>Jan Preis-Heje,&nbsp;<em>Ghent University, Netherlands<\/em><\/li>\n<li>S P Raja,&nbsp;<em>Vel Tech University, Chennai, India<\/em><\/li>\n<li>Isabel Ramos,&nbsp;<em>University of Minho, Portugal<\/em><\/li>\n<li>Kenneth Regan,<em>&nbsp;University at Buffalo, USA<\/em><\/li>\n<li>Anirban Sarkar,&nbsp;<em>NIT, Durgapore, India<\/em><\/li>\n<li>Ewa Skubalska-Rafaj\u0142owicz,&nbsp;<em>Wroc\u0142aw Univ of Tech, Poland<\/em><\/li>\n<li>Kate\u0159ina Slaninov\u00e1,&nbsp;<em>Tech. Univ of Ostrava, Czech Republic<\/em><\/li>\n<li>Zenon Sosnowski,&nbsp;<em>Bialystok Univ of Tech, Poland<\/em><\/li>\n<li>Jaroslaw Stepaniuk,&nbsp;<em>Bialystok Univ of Tech, Poland<\/em><\/li>\n<li>Marcin Szpyrka,&nbsp;<em>AGH Univ. of Sc and Tech, Krak\u00f3w, Poland<\/em><\/li>\n<li>Hiroshi Takenouchi,&nbsp;<em>Fukuoka Institute of Technology, Japan<\/em><\/li>\n<li>Andrea Torsello,&nbsp;<em>Ca\u2019 Foscari University of Venice, Italy<\/em><\/li>\n<li>Daishi Watabe,&nbsp;<em>Saitama Institute of Technology, Japan<\/em><\/li>\n<li>Qiang Wei,&nbsp;<em>Tsinghua University, Beijing, China<\/em><\/li>\n<li>S\u0142awomir Wierzcho\u0144,&nbsp;<em>Polish Academy of Sc, Warsaw, Poland<\/em><\/li>\n<li>Micha\u0142 Wo\u017aniak,&nbsp;<em>Wroclaw University of Technology, Poland<\/em><\/li>\n<li>Kaori Yoshida,&nbsp;<em>Kyushu Institute of Technology, Japan<\/em><\/li>\n<li>S\u0142awomir Zadro\u017cny,&nbsp;<em>Polish Academy of Sciences, Poland<\/em><\/li>\n<\/ul>\n","protected":false},"excerpt":{"rendered":"<p>Khalid Saeed,&nbsp;BUT, Poland, chair Ji\u0159\u00ed Dvorsk\u00fd,&nbsp;V\u0160B, Czech Republic, chair Waleed Abdulla,&nbsp;University of Auckland, New Zealand<\/p>\n","protected":false},"author":161,"featured_media":0,"parent":2633,"menu_order":0,"comment_status":"closed","ping_status":"closed","template":"","meta":{"_acf_changed":false,"ngg_post_thumbnail":0,"footnotes":""},"class_list":["post-2643","page","type-page","status-publish","hentry"],"acf":[],"_links":{"self":[{"href":"https:\/\/pb.edu.pl\/cisim\/wp-json\/wp\/v2\/pages\/2643","targetHints":{"allow":["GET"]}}],"collection":[{"href":"https:\/\/pb.edu.pl\/cisim\/wp-json\/wp\/v2\/pages"}],"about":[{"href":"https:\/\/pb.edu.pl\/cisim\/wp-json\/wp\/v2\/types\/page"}],"author":[{"embeddable":true,"href":"https:\/\/pb.edu.pl\/cisim\/wp-json\/wp\/v2\/users\/161"}],"replies":[{"embeddable":true,"href":"https:\/\/pb.edu.pl\/cisim\/wp-json\/wp\/v2\/comments?post=2643"}],"version-history":[{"count":0,"href":"https:\/\/pb.edu.pl\/cisim\/wp-json\/wp\/v2\/pages\/2643\/revisions"}],"up":[{"embeddable":true,"href":"https:\/\/pb.edu.pl\/cisim\/wp-json\/wp\/v2\/pages\/2633"}],"wp:attachment":[{"href":"https:\/\/pb.edu.pl\/cisim\/wp-json\/wp\/v2\/media?parent=2643"}],"curies":[{"name":"wp","href":"https:\/\/api.w.org\/{rel}","templated":true}]}}