{"id":627,"date":"2023-01-24T22:14:32","date_gmt":"2023-01-24T21:14:32","guid":{"rendered":"https:\/\/pb.edu.pl\/deb\/?page_id=627"},"modified":"2023-09-18T19:40:10","modified_gmt":"2023-09-18T17:40:10","slug":"projekty-zrealizowane","status":"publish","type":"page","link":"https:\/\/pb.edu.pl\/cir\/projekty-zrealizowane\/","title":{"rendered":"Projekty zrealizowane"},"content":{"rendered":"\t\t<div class=\"box news-box \">\n\t\t<div class=\"row\">\n\t\t\t\n\t\t\t\n\t\t\t\t\n\t\t\t\t\t\t\t\t\t\t<div class=\"col-sm-3\">\n\t\t\t\t\t\t\t\n<article class=\"format-standard\">\n    <span class=\"date text-right\"><i class=\"fal fa-calendar-alt\"><\/i> 28-05-2024<\/span>\n    <a href=\"https:\/\/pb.edu.pl\/cir\/lorem-ipsum-dolor\/\">\n      <div class=\"article-image\">\n              <\/div>\n      <h3>Modernizacja kompleksu boisk na kampusie Politechniki Bia\u0142ostockiej<\/h3>\n      Data zako\u0144czenia inwestycji - maj 2024 r.    <\/a>\n<\/article>\t\t\t\t\t\t<\/div>\n\t\t\t\t\t\t\t\t\t\t\t<div class=\"col-sm-3\">\n\t\t\t\t\t\t\t\n<article class=\"format-standard\">\n    <span class=\"date text-right\"><i class=\"fal fa-calendar-alt\"><\/i> 10-12-2023<\/span>\n    <a href=\"https:\/\/pb.edu.pl\/cir\/wykonanie-termomodernizacji-oraz-innych-robot-budowlanych-w-wybranych-budynkach-politechniki-bialostockiej\/\">\n      <div class=\"article-image\">\n              <\/div>\n      <h3>Wykonanie termomodernizacji oraz innych rob\u00f3t budowlanych w wybranych budynkach Politechniki Bia\u0142ostockiej<\/h3>\n      Data zako\u0144czenia inwestycji - wrzesie\u0144 2023 r.    <\/a>\n<\/article>\t\t\t\t\t\t<\/div>\n\t\t\t\t\t\t\t\t\t\t\t<div class=\"col-sm-3\">\n\t\t\t\t\t\t\t\n<article class=\"format-standard\">\n    <span class=\"date text-right\"><i class=\"fal fa-calendar-alt\"><\/i> 23-09-2023<\/span>\n    <a href=\"https:\/\/pb.edu.pl\/cir\/przebudowa-budynku-oraz-segmentow-mieszkalnych-w-domu-studenta-nr-2-beta-politechniki-bialostockiej-przy-ul-zwierzynieckiej-12-w-bialymstoku\/\">\n      <div class=\"article-image\">\n              <\/div>\n      <h3>Przebudowa budynku oraz segment\u00f3w mieszkalnych w Domu Studenta nr 2 &#8222;Beta&#8221; Politechniki Bia\u0142ostockiej przy ul. Zwierzynieckiej 12 w Bia\u0142ymstoku<\/h3>\n      Data rozpocz\u0119cia inwestycji - lipiec 2023 r.    <\/a>\n<\/article>\t\t\t\t\t\t<\/div>\n\t\t\t\t\t\t\t\t\t\t\t<div class=\"col-sm-3\">\n\t\t\t\t\t\t\t\n<article class=\"format-standard\">\n    <span class=\"date text-right\"><i class=\"fal fa-calendar-alt\"><\/i> 22-09-2023<\/span>\n    <a href=\"https:\/\/pb.edu.pl\/cir\/wykonanie-robot-budowlanych-przebudowa-budynku-i-budowa-instalacji-wentylacji-mechanicznej-dom-studenta-nr-1-alfa\/\">\n      <div class=\"article-image\">\n              <\/div>\n      <h3>Wykonanie rob\u00f3t budowlanych w budynku Domu Studenta nr 1 \"Alfa\" w Bia\u0142ymstoku przy ul. Zwierzynieckiej 14.<\/h3>\n      Data zako\u0144czenia inwestycji - kwiecie\u0144 2022 r.    <\/a>\n<\/article>\t\t\t\t\t\t<\/div>\n\t\t\t\t\t\n\t\t\t\t\n\t\t\t\t\t<\/div>\n\t\t\t\t\t<\/div>\n\n","protected":false},"excerpt":{"rendered":"","protected":false},"author":2,"featured_media":0,"parent":0,"menu_order":2,"comment_status":"closed","ping_status":"closed","template":"","meta":{"_acf_changed":false,"ngg_post_thumbnail":0,"footnotes":""},"class_list":["post-627","page","type-page","status-publish","hentry"],"acf":[],"_links":{"self":[{"href":"https:\/\/pb.edu.pl\/cir\/wp-json\/wp\/v2\/pages\/627","targetHints":{"allow":["GET"]}}],"collection":[{"href":"https:\/\/pb.edu.pl\/cir\/wp-json\/wp\/v2\/pages"}],"about":[{"href":"https:\/\/pb.edu.pl\/cir\/wp-json\/wp\/v2\/types\/page"}],"author":[{"embeddable":true,"href":"https:\/\/pb.edu.pl\/cir\/wp-json\/wp\/v2\/users\/2"}],"replies":[{"embeddable":true,"href":"https:\/\/pb.edu.pl\/cir\/wp-json\/wp\/v2\/comments?post=627"}],"version-history":[{"count":0,"href":"https:\/\/pb.edu.pl\/cir\/wp-json\/wp\/v2\/pages\/627\/revisions"}],"wp:attachment":[{"href":"https:\/\/pb.edu.pl\/cir\/wp-json\/wp\/v2\/media?parent=627"}],"curies":[{"name":"wp","href":"https:\/\/api.w.org\/{rel}","templated":true}]}}