{"id":79,"date":"2019-03-02T16:46:14","date_gmt":"2019-03-02T15:46:14","guid":{"rendered":"https:\/\/pb.edu.pl\/chor\/?page_id=79"},"modified":"2022-04-18T17:20:27","modified_gmt":"2022-04-18T15:20:27","slug":"nagrody","status":"publish","type":"page","link":"https:\/\/pb.edu.pl\/chor\/o-nas\/nagrody\/","title":{"rendered":"Nagrody Ch\u00f3ru Politechniki Bia\u0142ostockiej"},"content":{"rendered":"<p>Udzia\u0142 ch\u00f3ru w konkursach i festiwalach jest znakomit\u0105 metod\u0105 sta\u0142ego podnoszenia poziomu artystycznego zespo\u0142u.<br \/>\n&nbsp;<br \/>\n<img loading=\"lazy\" decoding=\"async\" class=\"alignnone wp-image-310 size-full\" src=\"https:\/\/pb.edu.pl\/chor\/wp-content\/uploads\/sites\/30\/2022\/04\/nagrody_podstrona.jpg\" alt=\"Ch\u00f3r Politechniki Bia\u0142ostockiej\" width=\"750\" height=\"563\" srcset=\"https:\/\/pb.edu.pl\/chor\/wp-content\/uploads\/sites\/30\/2022\/04\/nagrody_podstrona.jpg 750w, https:\/\/pb.edu.pl\/chor\/wp-content\/uploads\/sites\/30\/2022\/04\/nagrody_podstrona-300x225.jpg 300w\" sizes=\"auto, (max-width: 750px) 100vw, 750px\" \/><br \/>\n&nbsp;<br \/>\n<img loading=\"lazy\" decoding=\"async\" class=\"alignleft wp-image-315\" src=\"https:\/\/pb.edu.pl\/chor\/wp-content\/uploads\/sites\/30\/2022\/04\/nagrody_podstrona22.jpg\" alt=\"Ch\u00f3r Politechniki Bia\u0142ostockiej\" width=\"365\" height=\"372\" srcset=\"https:\/\/pb.edu.pl\/chor\/wp-content\/uploads\/sites\/30\/2022\/04\/nagrody_podstrona22.jpg 553w, https:\/\/pb.edu.pl\/chor\/wp-content\/uploads\/sites\/30\/2022\/04\/nagrody_podstrona22-295x300.jpg 295w\" sizes=\"auto, (max-width: 365px) 100vw, 365px\" \/>Wsp\u00f3\u0142zawodnictwo mobilizuje, rozwija tw\u00f3rcz\u0105 inicjatyw\u0119, kszta\u0142ci dyscyplin\u0119 i zaanga\u017cowanie, staje si\u0119 motorem ca\u0142orocznego trudu zespo\u0142u.<\/p>\n<p>Ch\u00f3r Politechniki Bia\u0142ostockiej na przestrzeni lat wielokrotnie bra\u0142 udzia\u0142 w konkursach i festiwalach, zar\u00f3wno w Polsce, jak i za granic\u0105, niejednokrotnie zajmuj\u0105c czo\u0142owe miejsca i zdobywaj\u0105c presti\u017cowe nagrody i wyr\u00f3\u017cnienia.<\/p>\n<div style=\"clear: both;\">&nbsp;<\/div>\n<div class=\"h3\">Rok 2016<\/div>\n<p>24 wrze\u015bnia &#8211; V Og\u00f3lnopolski Festiwal Muzyki Ch\u00f3ralnej Sacra Ecclesiae Cantio (Tarn\u00f3w):<br \/>\n<strong>III miejsce ex aequo w kategorii ch\u00f3r\u00f3w mieszanych<\/strong><\/p>\n<div class=\"h3\">Rok 2015<\/div>\n<p>12-14 czerwca &#8211; IV Mi\u0119dzynarodowy Festiwal Muzyki Ch\u00f3ralnej \u201eO Z\u0142ot\u0105 Wst\u0119g\u0119 Solczy\u201d (Ejszyszki, Litwa):<br \/>\n<strong>Srebrn\u0105 Wst\u0119g\u0119 Solczy (II miejsce)<\/strong><br \/>\n<strong>Nagroda Specjalna za wykonanie pie\u015bni \u201eRadujsja Bogorodice\u201d Zapro Zaprowa<\/strong><\/p>\n<div class=\"h3\">Rok 2014<\/div>\n<p>23-25 lipca &#8211; 3. Mi\u0119dzynarodowy Festiwal Ch\u00f3r\u00f3w we Florencji (Florence International Choir Festival 2014):<br \/>\n<strong>II. miejsce w kategorii Muzyka Sakralna<\/strong><br \/>\n<strong>III. miejsce w kategorii Ch\u00f3r\u00f3w Mieszanych<\/strong><\/p>\n<div class=\"h3\">Rok 2013<\/div>\n<p>22-26 sierpnia &#8211; Mi\u0119dzynarodowy Konkurs Pie\u015bni Ch\u00f3ralnej Ohrid Choir Festival 2013 (Macedonia):<br \/>\n<strong>Srebrne pasmo<\/strong><br \/>\n<strong>Nagroda specjalna Zapro Zaprowa<\/strong><\/p>\n<div class=\"h3\">Rok 2012<\/div>\n<p>21 stycznia &#8211; VII Og\u00f3lnopolski Festiwal Kol\u0119d i Pastora\u0142ek w Che\u0142mnie:<br \/>\n<strong>I miejsce w kategorii ch\u00f3r\u00f3w akademickich i z\u0142ote pasmo<\/strong><\/p>\n<p>24-26 maja &#8211; XI Mi\u0119dzynarodowy Festiwal Muzyki Ch\u00f3ralnej im. Feliksa Nowowiejskiego w Barczewie:<br \/>\n<strong>Z\u0142oty dyplom<\/strong><\/p>\n<div class=\"h3\">Rok 2010<\/div>\n<p>20-21 listopada &#8211; XIII \u0141\u00f3dzki Festiwal Ch\u00f3ralny &#8211; Cantio Lodziensis:<br \/>\n<strong>I miejsce w kategorii ch\u00f3r\u00f3w akademickich<\/strong><\/p>\n<p>6-9 listopada &#8211; Rimini International Choral Competition (W\u0142ochy):<br \/>\n<strong>Srebrny dyplom<\/strong><\/p>\n<div class=\"h3\">Rok 2008<\/div>\n<p>Lipiec &#8211; International Golden Nightingale Choir Festival Carmarthen (Walia):<br \/>\n<strong>Srebrny dyplom<\/strong><\/p>\n<div class=\"h3\">Rok 2006<\/div>\n<p>lipiec &#8211; International Choral Festival &#8211; Preveza (Grecja):<br \/>\n<strong>II miejsce<\/strong><\/p>\n<div class=\"h3\">Rok 2005<\/div>\n<p>12 marca &#8211; II Og\u00f3lnopolski Konkurs Pie\u015bni Pasyjnej w Bydgoszczy:<br \/>\n<strong>I miejsce w kategorii ch\u00f3r\u00f3w \u015bwieckich<\/strong><br \/>\n9 stycznia \u2013 XI Og\u00f3lnopolski Festiwal Kol\u0119d i Pastora\u0142ek w B\u0119dzinie:<br \/>\n<strong>II miejsce<\/strong><\/p>\n<p>14-17 lipca &#8211; 23 Festival Internacional de M\u00fasica de Cantanigr\u00f2s (Catalonia &#8211; Spain):<br \/>\n<strong>I miejsce w kategorii ch\u00f3r\u00f3w mieszanych<\/strong><br \/>\n<strong>II miejsce w kategorii zespo\u0142\u00f3w wykonuj\u0105cych muzyk\u0119 ludow\u0105<\/strong><\/p>\n<div class=\"h3\">Rok 2004<\/div>\n<p>25-30 maja &#8211; Mi\u0119dzynarodowy Festiwal Muzyki Cerkiewnej Hajn\u00f3wka 2004 w Bia\u0142ymstoku:<br \/>\n<strong>II miejsce w kategorii ch\u00f3r\u00f3w \u015bwieckich<\/strong><\/p>\n<div class=\"h3\">Rok 2003<\/div>\n<p>5-7 czerwca &#8211; II Mi\u0119dzynarodowy Festiwal Muzyki Ch\u00f3ralnej im. F. Nowowiejskiego w Barczewie:<br \/>\n<strong>I miejsce<\/strong><\/p>\n<p>11-13 lipca &#8211; Llangollen International Musical Eisteddfod (Wielka Brytania):<br \/>\n<strong>III miejsce w kategorii ch\u00f3r\u00f3w mieszanych<\/strong><\/p>\n<div class=\"h3\">Rok 2001<\/div>\n<p>27 pa\u017adziernika &#8211; Mi\u0119dzynarodowy Festiwal Pie\u015bni Religijnej w Rumii.<\/p>\n<div class=\"h3\">Rok 2000<\/div>\n<p>30 kwietnia &#8211; III Podlaski Festiwal Pie\u015bni Sakralnej &#8222;\u0141apskie Te Deum&#8221; w \u0141apach:<br \/>\n<strong>I miejsce w kategorii ch\u00f3r\u00f3w mieszanych<\/strong><\/p>\n<div class=\"h3\">Rok 1999<\/div>\n<p>Maj &#8211; Konkurs Moniuszkowski pt. &#8222;Pie\u015b\u0144 Wieczorna&#8221; w Bia\u0142ymstoku:<br \/>\n<strong>I miejsce<\/strong><\/p>\n<div class=\"h3\">Rok 1989<\/div>\n<p>Maj &#8211; konkurs &#8222;Legnica Cantat&#8221;<\/p>\n<div class=\"h3\">Rok 1988<\/div>\n<p>20-27 sierpnia &#8211; Mi\u0119dzynarodowy Konkurs Ch\u00f3r\u00f3w w Anglii, w Middlesbrough:<br \/>\n<strong>II miejsce w kategorii ch\u00f3r\u00f3w \u017ce\u0144skich<\/strong><br \/>\n<strong>V miejsce \u2013 w kategorii ch\u00f3r\u00f3w mieszanych <\/strong><br \/>\n<strong>VII miejsce \u2013 w kategorii pie\u015bni ludowej<\/strong><\/p>\n<div class=\"h3\">Rok 1987<\/div>\n<p>8 listopada &#8211; regionalne eliminacje do Og\u00f3lnopolskiego Przegl\u0105du Ch\u00f3r\u00f3w Studenckich \u201eAcademia Cantat&#8221; w Olsztynie:<br \/>\n<strong>II miejsce<\/strong><\/p>\n<p>6 grudnia \u2013 \u201eAcademia Cantat&#8221; w ramach Festiwalu Barb\u00f3rkowego Wroc\u0142aw &#8217;87:<br \/>\n<strong>V miejsce<\/strong><\/p>\n<div class=\"h3\">Rok 1986<\/div>\n<p>21 listopada &#8211; XI Og\u00f3lnopolski Festiwal Pie\u015bni Ch\u00f3ralnej w Katowicach:<br \/>\n<strong>Srebrny medal festiwalu<\/strong><\/p>\n","protected":false},"excerpt":{"rendered":"<p>Udzia\u0142 ch\u00f3ru w konkursach i festiwalach jest znakomit\u0105 metod\u0105 sta\u0142ego podnoszenia poziomu artystycznego zespo\u0142u. &nbsp;<\/p>\n","protected":false},"author":2,"featured_media":0,"parent":49,"menu_order":3,"comment_status":"closed","ping_status":"closed","template":"","meta":{"_acf_changed":false,"ngg_post_thumbnail":0,"footnotes":""},"class_list":["post-79","page","type-page","status-publish","hentry"],"acf":[],"_links":{"self":[{"href":"https:\/\/pb.edu.pl\/chor\/wp-json\/wp\/v2\/pages\/79","targetHints":{"allow":["GET"]}}],"collection":[{"href":"https:\/\/pb.edu.pl\/chor\/wp-json\/wp\/v2\/pages"}],"about":[{"href":"https:\/\/pb.edu.pl\/chor\/wp-json\/wp\/v2\/types\/page"}],"author":[{"embeddable":true,"href":"https:\/\/pb.edu.pl\/chor\/wp-json\/wp\/v2\/users\/2"}],"replies":[{"embeddable":true,"href":"https:\/\/pb.edu.pl\/chor\/wp-json\/wp\/v2\/comments?post=79"}],"version-history":[{"count":0,"href":"https:\/\/pb.edu.pl\/chor\/wp-json\/wp\/v2\/pages\/79\/revisions"}],"up":[{"embeddable":true,"href":"https:\/\/pb.edu.pl\/chor\/wp-json\/wp\/v2\/pages\/49"}],"wp:attachment":[{"href":"https:\/\/pb.edu.pl\/chor\/wp-json\/wp\/v2\/media?parent=79"}],"curies":[{"name":"wp","href":"https:\/\/api.w.org\/{rel}","templated":true}]}}