{"id":62,"date":"2019-03-02T16:29:47","date_gmt":"2019-03-02T15:29:47","guid":{"rendered":"https:\/\/pb.edu.pl\/chor\/?page_id=62"},"modified":"2022-01-06T19:42:20","modified_gmt":"2022-01-06T18:42:20","slug":"historia","status":"publish","type":"page","link":"https:\/\/pb.edu.pl\/chor\/o-nas\/historia\/","title":{"rendered":"Historia Ch\u00f3ru Politechniki Bia\u0142ostockiej"},"content":{"rendered":"<p>Ch\u00f3r powsta\u0142 w 1977 r. jako zesp\u00f3\u0142 m\u0119ski pod dyrekcj\u0105 Zofii Hamerlak-G\u0142adyszewskiej. Ju\u017c po kilku latach istnienia rozpocz\u0105\u0142 wyst\u0119py zagraniczne, m.in. w Bu\u0142garii, na Litwie, we Francji. Dzia\u0142alno\u015b\u0107 Ch\u00f3ru zosta\u0142a w 1981 r. zawieszona.<br \/>\n&nbsp;<br \/>\n<img loading=\"lazy\" decoding=\"async\" width=\"1072\" height=\"750\" class=\"alignnone wp-image-148\" src=\"https:\/\/pb.edu.pl\/chor\/wp-content\/uploads\/sites\/30\/2022\/01\/historia.jpg\" alt=\"ch\u00f3r\" srcset=\"https:\/\/pb.edu.pl\/chor\/wp-content\/uploads\/sites\/30\/2022\/01\/historia.jpg 1072w, https:\/\/pb.edu.pl\/chor\/wp-content\/uploads\/sites\/30\/2022\/01\/historia-300x210.jpg 300w, https:\/\/pb.edu.pl\/chor\/wp-content\/uploads\/sites\/30\/2022\/01\/historia-1024x716.jpg 1024w, https:\/\/pb.edu.pl\/chor\/wp-content\/uploads\/sites\/30\/2022\/01\/historia-768x537.jpg 768w\" sizes=\"auto, (max-width: 1072px) 100vw, 1072px\" \/><br \/>\n&nbsp;<br \/>\nW 1983 r. Zesp\u00f3\u0142 reaktywowano, a jego brzmienie zosta\u0142o wzbogacone o g\u0142osy \u017ce\u0144skie. Kierownictwo obj\u0119\u0142a Violetta Bielecka. W ci\u0105gu pierwszych lat wsp\u00f3\u0142pracowa\u0142a z ni\u0105 Ligia Hnidec. Zesp\u00f3\u0142 doskonali\u0142 swoje umiej\u0119tno\u015bci podczas warsztat\u00f3w ch\u00f3ralnych w Kra\u015bniku, Bydgoszczy i Passau (Niemcy). Opr\u00f3cz publiczno\u015bci polskiej wysoki poziom artystyczny Ch\u00f3ru mia\u0142a okazj\u0119 podziwia\u0107 r\u00f3wnie\u017c publiczno\u015b\u0107 festiwali na Litwie, w Niemczech, Czechos\u0142owacji, Francji i Anglii.<\/p>\n<p>W sezonie artystycznym 1987-88 Zesp\u00f3\u0142 wsp\u00f3\u0142pracowa\u0142 z Teatrem Dramatycznym im. Aleksandra W\u0119gierki w Bia\u0142ymstoku, przy inscenizacji opery \u201eKrakowiacy i G\u00f3rale Wojciecha Bogus\u0142awskiego\u201d.<\/p>\n<p>W latach 1988-90 kolejno Ch\u00f3rem Politechniki dyrygowali: Zbigniew Zaj\u0105c i El\u017cbieta Klemensowicz. W 1991 roku stanowisko to obj\u0119\u0142a Ewa Barbara Rafa\u0142ko. Pod jej kierownictwem Zesp\u00f3\u0142 bra\u0142 udzia\u0142 we wsp\u00f3lnych przedsi\u0119wzi\u0119ciach bia\u0142ostockiego \u015brodowiska muzycznego, a tak\u017ce koncertowa\u0142 na Litwie i Bia\u0142orusi.<\/p>\n<div style=\"clear:both\"><\/div>\n<p>Od grudnia 1997 roku Ch\u00f3rem kieruje Wioletta Mi\u0142kowska. W tym czasie repertuar Ch\u00f3ru Politechniki Bia\u0142ostockiej rozszerzy\u0142 si\u0119 o formy wokalno-instrumentalne (m.in. J. S. Bacha, A. Vivaldiego, J. Haydna, W. A. Mozarta, G. Rossiniego, F. Schuberta, G. Faur\u00e9, J. Jenkinsa). Pod kierownictwem Wioletty Mi\u0142kowskiej dokona\u0142y si\u0119 przedsi\u0119wzi\u0119cia jubileuszowe Ch\u00f3ru z okazji 20, 25, 30-lecia dzia\u0142alno\u015bci artystycznej Zespo\u0142u.<\/p>\n<p>W ci\u0105gu ponad 35 -letniej dzia\u0142alno\u015bci Ch\u00f3r wielokrotnie u\u015bwietnia\u0142 uczelniane uroczysto\u015bci. Koncertowa\u0142 w kraju i za granic\u0105. Bra\u0142 udzia\u0142 w warsztatach wokalnych oraz koncertach w Czechach, Kanadzie, Wielkiej Brytanii, Francji, Niemczech, Belgii, W\u0142oszech, Portugalii. Zesp\u00f3\u0142 dokonywa\u0142 te\u017c nagra\u0144 radiowych, zdobywa\u0142 nagrody i wyr\u00f3\u017cnienia w licznych konkursach, m.in.: V miejsce w Og\u00f3lnopolskim Konkursie Academia Cantat we Wroc\u0142awiu w 1987 r., III nagroda w konkursie Cleveland Eisteddfod w Anglii w 1988 r, I nagroda w I Konkursie Moniuszkowskim \u201ePie\u015b\u0144 Wieczorna\u201d w Bia\u0142ymstoku w 1999 r., I nagroda w Podlaskim Festiwalu Pie\u015bni Sakralnej w \u0141apach w 2000 r, I miejsce w II Mi\u0119dzynarodowym Festiwalu Muzyki Ch\u00f3ralnej im. F. Nowowiejskiego w Barczewie w 2003 r., III miejsce w kategorii ch\u00f3r\u00f3w mieszanych w Llangollen International Musical Eisteddfod (2003), II miejsce w kategorii ch\u00f3r\u00f3w \u015bwieckich w Mi\u0119dzynarodowym Festiwalu Muzyki Cerkiewnej Hajn\u00f3wka 2004 w Bia\u0142ymstoku, II miejsce w Og\u00f3lnopolskim Festiwalu Kol\u0119d i Pastora\u0142ek w B\u0119dzinie (2005), I miejsce w II Og\u00f3lnopolskim Konkursie Muzyki Pasyjnej w Bydgoszczy (2005), I miejsce w International Music Festiwal of Cantonigros (2005), II miejsce w kategorii muzyki ludowej , w International Music Festiwal \u2013 Cantonigros (Hiszpania 2005), II miejsce w International Choral Festiwal &#8211; Preveza (Grecja 2006), Srebrny Dyplom w International Golden Nightingale Choir Festival Carmarthen (Wales, UK 2008), Srebrny Dyplom w Rimini International Choral Competition (2010), I miejsce w kategorii ch\u00f3r\u00f3w akademickich w XIII \u0141\u00f3dzkim Festiwalu Ch\u00f3ralnym &#8211; Cantio Lodziensis (2010), I miejsce w kategorii ch\u00f3r\u00f3w akademickich w VII Og\u00f3lnopolskim Festiwalu Kol\u0119d i Pastora\u0142ek w Che\u0142mnie (2012), z\u0142oty dyplom na XI Mi\u0119dzynarodowym Festiwalu Muzyki Ch\u00f3ralnej im. Feliksa Nowowiejskiego w Barczewie (2012).<\/p>\n<p>W bogatym repertuarze Ch\u00f3ru Politechniki Bia\u0142ostockiej znajduj\u0105 si\u0119 utwory a cappella \u015bwieckie i sakralne z r\u00f3\u017cnych epok, jak r\u00f3wnie\u017c wspomniane ju\u017c formy wokalno-instrumentalne. Niekt\u00f3re z nich zosta\u0142y zarejestrowane na p\u0142ytach CD. S\u0105 to: W. A. Mozart- Missa brevis F-dur (1999), A. Ramirez &#8211; Misa Criola, Navidad Nuestra (2002), A. Vivaldi &#8211; Magnificat, Gloria (2003), Requiem w tw\u00f3rczo\u015bci kompozytor\u00f3w polskich(2006), R. Ray &#8211; Gospel Mass (2007).<\/p>\n","protected":false},"excerpt":{"rendered":"<p>Ch\u00f3r powsta\u0142 w 1977 r. jako zesp\u00f3\u0142 m\u0119ski pod dyrekcj\u0105 Zofii Hamerlak-G\u0142adyszewskiej. Ju\u017c po kilku<\/p>\n","protected":false},"author":2,"featured_media":0,"parent":49,"menu_order":2,"comment_status":"closed","ping_status":"closed","template":"","meta":{"_acf_changed":false,"ngg_post_thumbnail":0,"footnotes":""},"class_list":["post-62","page","type-page","status-publish","hentry"],"acf":[],"_links":{"self":[{"href":"https:\/\/pb.edu.pl\/chor\/wp-json\/wp\/v2\/pages\/62","targetHints":{"allow":["GET"]}}],"collection":[{"href":"https:\/\/pb.edu.pl\/chor\/wp-json\/wp\/v2\/pages"}],"about":[{"href":"https:\/\/pb.edu.pl\/chor\/wp-json\/wp\/v2\/types\/page"}],"author":[{"embeddable":true,"href":"https:\/\/pb.edu.pl\/chor\/wp-json\/wp\/v2\/users\/2"}],"replies":[{"embeddable":true,"href":"https:\/\/pb.edu.pl\/chor\/wp-json\/wp\/v2\/comments?post=62"}],"version-history":[{"count":0,"href":"https:\/\/pb.edu.pl\/chor\/wp-json\/wp\/v2\/pages\/62\/revisions"}],"up":[{"embeddable":true,"href":"https:\/\/pb.edu.pl\/chor\/wp-json\/wp\/v2\/pages\/49"}],"wp:attachment":[{"href":"https:\/\/pb.edu.pl\/chor\/wp-json\/wp\/v2\/media?parent=62"}],"curies":[{"name":"wp","href":"https:\/\/api.w.org\/{rel}","templated":true}]}}

Historia Chóru Politechniki Białostockiej

<p>Chór powstał w 1977 r. jako zespół męski pod dyrekcją Zofii Hamerlak-Gładyszewskiej. Już po kilku latach istnienia rozpoczął występy zagraniczne, m.in. w Bułgarii, na Litwie, we Francji. Działalność Chóru została w 1981 r. zawieszona.<br />
&nbsp;<br />
<img loading="lazy" decoding="async" width="1072" height="750" class="alignnone wp-image-148" src="https://pb.edu.pl/chor/wp-content/uploads/sites/30/2022/01/historia.jpg" alt="chór" srcset="https://pb.edu.pl/chor/wp-content/uploads/sites/30/2022/01/historia.jpg 1072w, https://pb.edu.pl/chor/wp-content/uploads/sites/30/2022/01/historia-300x210.jpg 300w, https://pb.edu.pl/chor/wp-content/uploads/sites/30/2022/01/historia-1024x716.jpg 1024w, https://pb.edu.pl/chor/wp-content/uploads/sites/30/2022/01/historia-768x537.jpg 768w" sizes="auto, (max-width: 1072px) 100vw, 1072px" /><br />
&nbsp;<br />
W 1983 r. Zespół reaktywowano, a jego brzmienie zostało wzbogacone o głosy żeńskie. Kierownictwo objęła Violetta Bielecka. W ciągu pierwszych lat współpracowała z nią Ligia Hnidec. Zespół doskonalił swoje umiejętności podczas warsztatów chóralnych w Kraśniku, Bydgoszczy i Passau (Niemcy). Oprócz publiczności polskiej wysoki poziom artystyczny Chóru miała okazję podziwiać również publiczność festiwali na Litwie, w Niemczech, Czechosłowacji, Francji i Anglii.</p>
<p>W sezonie artystycznym 1987-88 Zespół współpracował z Teatrem Dramatycznym im. Aleksandra Węgierki w Białymstoku, przy inscenizacji opery „Krakowiacy i Górale Wojciecha Bogusławskiego”.</p>
<p>W latach 1988-90 kolejno Chórem Politechniki dyrygowali: Zbigniew Zając i Elżbieta Klemensowicz. W 1991 roku stanowisko to objęła Ewa Barbara Rafałko. Pod jej kierownictwem Zespół brał udział we wspólnych przedsięwzięciach białostockiego środowiska muzycznego, a także koncertował na Litwie i Białorusi.</p>
<div style="clear:both"></div>
<p>Od grudnia 1997 roku Chórem kieruje Wioletta Miłkowska. W tym czasie repertuar Chóru Politechniki Białostockiej rozszerzył się o formy wokalno-instrumentalne (m.in. J. S. Bacha, A. Vivaldiego, J. Haydna, W. A. Mozarta, G. Rossiniego, F. Schuberta, G. Fauré, J. Jenkinsa). Pod kierownictwem Wioletty Miłkowskiej dokonały się przedsięwzięcia jubileuszowe Chóru z okazji 20, 25, 30-lecia działalności artystycznej Zespołu.</p>
<p>W ciągu ponad 35 -letniej działalności Chór wielokrotnie uświetniał uczelniane uroczystości. Koncertował w kraju i za granicą. Brał udział w warsztatach wokalnych oraz koncertach w Czechach, Kanadzie, Wielkiej Brytanii, Francji, Niemczech, Belgii, Włoszech, Portugalii. Zespół dokonywał też nagrań radiowych, zdobywał nagrody i wyróżnienia w licznych konkursach, m.in.: V miejsce w Ogólnopolskim Konkursie Academia Cantat we Wrocławiu w 1987 r., III nagroda w konkursie Cleveland Eisteddfod w Anglii w 1988 r, I nagroda w I Konkursie Moniuszkowskim „Pieśń Wieczorna” w Białymstoku w 1999 r., I nagroda w Podlaskim Festiwalu Pieśni Sakralnej w Łapach w 2000 r, I miejsce w II Międzynarodowym Festiwalu Muzyki Chóralnej im. F. Nowowiejskiego w Barczewie w 2003 r., III miejsce w kategorii chórów mieszanych w Llangollen International Musical Eisteddfod (2003), II miejsce w kategorii chórów świeckich w Międzynarodowym Festiwalu Muzyki Cerkiewnej Hajnówka 2004 w Białymstoku, II miejsce w Ogólnopolskim Festiwalu Kolęd i Pastorałek w Będzinie (2005), I miejsce w II Ogólnopolskim Konkursie Muzyki Pasyjnej w Bydgoszczy (2005), I miejsce w International Music Festiwal of Cantonigros (2005), II miejsce w kategorii muzyki ludowej , w International Music Festiwal – Cantonigros (Hiszpania 2005), II miejsce w International Choral Festiwal &#8211; Preveza (Grecja 2006), Srebrny Dyplom w International Golden Nightingale Choir Festival Carmarthen (Wales, UK 2008), Srebrny Dyplom w Rimini International Choral Competition (2010), I miejsce w kategorii chórów akademickich w XIII Łódzkim Festiwalu Chóralnym &#8211; Cantio Lodziensis (2010), I miejsce w kategorii chórów akademickich w VII Ogólnopolskim Festiwalu Kolęd i Pastorałek w Chełmnie (2012), złoty dyplom na XI Międzynarodowym Festiwalu Muzyki Chóralnej im. Feliksa Nowowiejskiego w Barczewie (2012).</p>
<p>W bogatym repertuarze Chóru Politechniki Białostockiej znajdują się utwory a cappella świeckie i sakralne z różnych epok, jak również wspomniane już formy wokalno-instrumentalne. Niektóre z nich zostały zarejestrowane na płytach CD. Są to: W. A. Mozart- Missa brevis F-dur (1999), A. Ramirez &#8211; Misa Criola, Navidad Nuestra (2002), A. Vivaldi &#8211; Magnificat, Gloria (2003), Requiem w twórczości kompozytorów polskich(2006), R. Ray &#8211; Gospel Mass (2007).</p>

<p>Chór powstał w 1977 r. jako zespół męski pod dyrekcją Zofii Hamerlak-Gładyszewskiej. Już po kilku</p>
