{"id":598,"date":"2022-08-03T21:57:23","date_gmt":"2022-08-03T19:57:23","guid":{"rendered":"https:\/\/pb.edu.pl\/chor\/?page_id=598"},"modified":"2022-08-03T22:00:11","modified_gmt":"2022-08-03T20:00:11","slug":"informacje-o-chorze-politechniki-bialostockiej-w-tekscie-latwym-do-czytania","status":"publish","type":"page","link":"https:\/\/pb.edu.pl\/chor\/informacje-o-chorze-politechniki-bialostockiej-w-tekscie-latwym-do-czytania\/","title":{"rendered":"Informacje o Ch\u00f3rze Politechniki Bia\u0142ostockiej w tek\u015bcie \u0142atwym do czytania"},"content":{"rendered":"<div style=\"font-size: 1.8rem;\">\nCh\u00f3r Politechniki Bia\u0142ostockiej powsta\u0142 w 1977 r.<\/p>\n<p>Od grudnia 1997 r. kieruje nim Wioletta Mi\u0142kowska.<\/p>\n<p>W sk\u0142ad Zespo\u0142u wchodz\u0105 studenci, absolwenci i pracownicy Politechniki Bia\u0142ostockiej, kt\u00f3rych \u0142\u0105czy pasja, szczeg\u00f3lnie \u015bpiewu. <\/p>\n<p>Je\u015bli chcesz si\u0119 skontaktowa\u0107 z Ch\u00f3rem mo\u017cesz:<\/p>\n<ul>\n<li>mo\u017cesz wys\u0142a\u0107 e-mail na adres: chor@pb.edu.pl<\/li>\n<li>mo\u017cesz zadzwoni\u0107 sam lub przy pomocy innej osoby na numer telefonu: 607 334 455<\/li>\n<li>mo\u017cesz przyj\u015b\u0107 do Biura ds. Os\u00f3b z Niepe\u0142nosprawno\u015bciami Politechniki Bia\u0142ostockiej.<br \/>\nCzynne od poniedzia\u0142ku do pi\u0105tku, w godzinach 8:00-15:00.<br \/>\nBiuro znajduje si\u0119 w budynku g\u0142\u00f3wnym szko\u0142y, przy ulicy Wiejskiej 45A, w pokoju 39C na pi\u0119trze.<\/li>\n<\/ul>\n<\/div>\n","protected":false},"excerpt":{"rendered":"<p>Ch\u00f3r Politechniki Bia\u0142ostockiej powsta\u0142 w 1977 r. Od grudnia 1997 r. kieruje nim Wioletta Mi\u0142kowska.<\/p>\n","protected":false},"author":2,"featured_media":0,"parent":0,"menu_order":10,"comment_status":"closed","ping_status":"closed","template":"","meta":{"_acf_changed":false,"ngg_post_thumbnail":0,"footnotes":""},"class_list":["post-598","page","type-page","status-publish","hentry"],"acf":[],"_links":{"self":[{"href":"https:\/\/pb.edu.pl\/chor\/wp-json\/wp\/v2\/pages\/598","targetHints":{"allow":["GET"]}}],"collection":[{"href":"https:\/\/pb.edu.pl\/chor\/wp-json\/wp\/v2\/pages"}],"about":[{"href":"https:\/\/pb.edu.pl\/chor\/wp-json\/wp\/v2\/types\/page"}],"author":[{"embeddable":true,"href":"https:\/\/pb.edu.pl\/chor\/wp-json\/wp\/v2\/users\/2"}],"replies":[{"embeddable":true,"href":"https:\/\/pb.edu.pl\/chor\/wp-json\/wp\/v2\/comments?post=598"}],"version-history":[{"count":0,"href":"https:\/\/pb.edu.pl\/chor\/wp-json\/wp\/v2\/pages\/598\/revisions"}],"wp:attachment":[{"href":"https:\/\/pb.edu.pl\/chor\/wp-json\/wp\/v2\/media?parent=598"}],"curies":[{"name":"wp","href":"https:\/\/api.w.org\/{rel}","templated":true}]}}