{"id":49,"date":"2019-03-02T16:17:29","date_gmt":"2019-03-02T15:17:29","guid":{"rendered":"https:\/\/pb.edu.pl\/chor\/?page_id=49"},"modified":"2022-08-03T21:57:46","modified_gmt":"2022-08-03T19:57:46","slug":"o-nas","status":"publish","type":"page","link":"https:\/\/pb.edu.pl\/chor\/o-nas\/","title":{"rendered":"O nas"},"content":{"rendered":"<p><a class=\"h3 lead\" href=\"\/chor\/informacje-o-chorze-politechniki-bialostockiej-w-tekscie-latwym-do-czytania\/\">Informacje o Ch\u00f3rze Politechniki Bia\u0142ostockieej w tek\u015bcie \u0142atwym do czytania \u2013 ETR (EASY TO READ)<\/a><br \/>\n&nbsp;<\/p>\n<p>Ch\u00f3r Politechniki Bia\u0142ostockiej powsta\u0142 w 1977 r. <\/p>\n<p>Od grudnia 1997 r. kieruje nim <a href=\"https:\/\/pb.edu.pl\/chor\/o-nas\/dyrygent\/\" title=\"Dyrygent Ch\u00f3ru Politechniki Bia\u0142ostockiej\">Wioletta Mi\u0142kowska<\/a>. <\/p>\n<p>W sk\u0142ad Zespo\u0142u wchodz\u0105 studenci, absolwenci i pracownicy Politechniki Bia\u0142ostockiej, kt\u00f3rych \u0142\u0105czy pasja muzykowania, szczeg\u00f3lnie \u015bpiewu.<br \/>\n&nbsp;<br \/>\n<img loading=\"lazy\" decoding=\"async\" src=\"https:\/\/pb.edu.pl\/chor\/wp-content\/uploads\/sites\/30\/2022\/04\/chor_na-glowna.jpg\" alt=\"Ch\u00f3r Politechniki Bia\u0142ostockiej\" width=\"1200\" height=\"800\" class=\"alignnone size-full wp-image-309\" srcset=\"https:\/\/pb.edu.pl\/chor\/wp-content\/uploads\/sites\/30\/2022\/04\/chor_na-glowna.jpg 1200w, https:\/\/pb.edu.pl\/chor\/wp-content\/uploads\/sites\/30\/2022\/04\/chor_na-glowna-300x200.jpg 300w, https:\/\/pb.edu.pl\/chor\/wp-content\/uploads\/sites\/30\/2022\/04\/chor_na-glowna-1024x683.jpg 1024w, https:\/\/pb.edu.pl\/chor\/wp-content\/uploads\/sites\/30\/2022\/04\/chor_na-glowna-768x512.jpg 768w, https:\/\/pb.edu.pl\/chor\/wp-content\/uploads\/sites\/30\/2022\/04\/chor_na-glowna-480x320.jpg 480w\" sizes=\"auto, (max-width: 1200px) 100vw, 1200px\" \/><br \/>\n&nbsp;<br \/>\nW bogatym repertuarze Zespo\u0142u znajduj\u0105 si\u0119 utwory a cappella z r\u00f3\u017cnych epok \u015bwieckie i sakralne, jak r\u00f3wnie\u017c formy wokalno-instrumentalne, poczynaj\u0105c od klasyki poprzez folk, jazz, a na muzyce rozrywkowej i wsp\u00f3\u0142czesnej ko\u0144cz\u0105c.<\/p>\n<p>W ci\u0105gu 40-letniej dzia\u0142alno\u015bci Ch\u00f3r wielokrotnie u\u015bwietnia\u0142 wa\u017cne uczelniane uroczysto\u015bci i wydarzenia, koncertowa\u0142 w Polsce i na \u015bwiecie (Kanada, Francja, Wlk. Brytania, Hiszpania, Portugalia, W\u0142ochy, Grecja).<br \/>\n&nbsp;<br \/>\n<img loading=\"lazy\" decoding=\"async\" src=\"https:\/\/pb.edu.pl\/chor\/wp-content\/uploads\/sites\/30\/2022\/04\/o-nas_podstrona2.jpg\" alt=\"Ch\u00f3r Politechniki Bia\u0142ostockiej podczas koncertu\" width=\"750\" height=\"282\" class=\"alignnone size-full wp-image-324\" srcset=\"https:\/\/pb.edu.pl\/chor\/wp-content\/uploads\/sites\/30\/2022\/04\/o-nas_podstrona2.jpg 750w, https:\/\/pb.edu.pl\/chor\/wp-content\/uploads\/sites\/30\/2022\/04\/o-nas_podstrona2-300x113.jpg 300w\" sizes=\"auto, (max-width: 750px) 100vw, 750px\" \/><br \/>\n&nbsp;<br \/>\nWsp\u00f3\u0142pracowa\u0142 z wieloma orkiestrami, m.in. Orkiestr\u0105 Opery i Filharmonii Podlaskiej, \u0141om\u017cy\u0144sk\u0105 Orkiestr\u0105 Kameraln\u0105, Orkiestr\u0105 Kameraln\u0105 Sinfonia Viva, Zespo\u0142em Muzyki Dawnej \u201eIl Piacere\u201d, Zespo\u0142em Muzyki Dawnej, \u201eCantio Polonica\u201d, a tak\u017ce z Akademick\u0105 Orkiestr\u0105 \u201eSinfonia Academica\u201d i Zespo\u0142em Muzyki Folkowej \u201eSierra Manta\u201d.<\/p>\n<p>Dokonywa\u0142 nagra\u0144 radiowych i telewizyjnych (6 p\u0142yt CD z repertuarem muzyki klasycznej i rozrywkowej), zdobywa\u0142 nagrody i wyr\u00f3\u017cnienia w licznych mi\u0119dzynarodowych konkursach i festiwalach.<\/p>\n","protected":false},"excerpt":{"rendered":"<p>Informacje o Ch\u00f3rze Politechniki Bia\u0142ostockieej w tek\u015bcie \u0142atwym do czytania \u2013 ETR (EASY TO READ)<\/p>\n","protected":false},"author":2,"featured_media":0,"parent":0,"menu_order":2,"comment_status":"closed","ping_status":"closed","template":"","meta":{"_acf_changed":false,"ngg_post_thumbnail":0,"footnotes":""},"class_list":["post-49","page","type-page","status-publish","hentry"],"acf":[],"_links":{"self":[{"href":"https:\/\/pb.edu.pl\/chor\/wp-json\/wp\/v2\/pages\/49","targetHints":{"allow":["GET"]}}],"collection":[{"href":"https:\/\/pb.edu.pl\/chor\/wp-json\/wp\/v2\/pages"}],"about":[{"href":"https:\/\/pb.edu.pl\/chor\/wp-json\/wp\/v2\/types\/page"}],"author":[{"embeddable":true,"href":"https:\/\/pb.edu.pl\/chor\/wp-json\/wp\/v2\/users\/2"}],"replies":[{"embeddable":true,"href":"https:\/\/pb.edu.pl\/chor\/wp-json\/wp\/v2\/comments?post=49"}],"version-history":[{"count":0,"href":"https:\/\/pb.edu.pl\/chor\/wp-json\/wp\/v2\/pages\/49\/revisions"}],"wp:attachment":[{"href":"https:\/\/pb.edu.pl\/chor\/wp-json\/wp\/v2\/media?parent=49"}],"curies":[{"name":"wp","href":"https:\/\/api.w.org\/{rel}","templated":true}]}}