{"id":182,"date":"2022-01-06T19:17:20","date_gmt":"2022-01-06T18:17:20","guid":{"rendered":"https:\/\/pb.edu.pl\/chor\/?page_id=182"},"modified":"2022-10-21T10:05:36","modified_gmt":"2022-10-21T08:05:36","slug":"dolacz-do-nas","status":"publish","type":"page","link":"https:\/\/pb.edu.pl\/chor\/dolacz-do-nas\/","title":{"rendered":"Do\u0142\u0105cz do nas"},"content":{"rendered":"<p>&nbsp;<\/p>\n<p>Wyrusz w muzyczn\u0105 podr\u00f3\u017c. Ch\u00f3r PB rekrutuje!!!<\/p>\n<p>&nbsp;<\/p>\n<p><img loading=\"lazy\" decoding=\"async\" class=\"alignnone size-full wp-image-619\" src=\"https:\/\/pb.edu.pl\/chor\/wp-content\/uploads\/sites\/30\/2022\/08\/Chor-PB_Florencja.jpg\" alt=\"Ch\u00f3r PB na stopniach katedry we Florencji\" width=\"640\" height=\"427\" srcset=\"https:\/\/pb.edu.pl\/chor\/wp-content\/uploads\/sites\/30\/2022\/08\/Chor-PB_Florencja.jpg 640w, https:\/\/pb.edu.pl\/chor\/wp-content\/uploads\/sites\/30\/2022\/08\/Chor-PB_Florencja-300x200.jpg 300w, https:\/\/pb.edu.pl\/chor\/wp-content\/uploads\/sites\/30\/2022\/08\/Chor-PB_Florencja-480x320.jpg 480w\" sizes=\"auto, (max-width: 640px) 100vw, 640px\" \/><\/p>\n<p>USA, Hiszpania, Kanada, Grecja, Rosja \u2013 to tylko niekt\u00f3re z kraj\u00f3w odwiedzonych przez Ch\u00f3r Politechniki Bia\u0142ostockiej. Zesp\u00f3\u0142 ma na koncie wiele mi\u0119dzynarodowych wyst\u0119p\u00f3w i sukces\u00f3w, kt\u00f3re mog\u0105 by\u0107 te\u017c Twoim udzia\u0142em. Ch\u00f3r zaprasza nowych cz\u0142onk\u00f3w. Zg\u0142osi\u0107 si\u0119 mog\u0105 wszyscy studenci.<\/p>\n<p>Istniej\u0105cy od ponad 40 lat Ch\u00f3r Politechniki Bia\u0142ostockiej mo\u017ce poszczyci\u0107 si\u0119 szeregiem nagr\u00f3d, radiowymi i telewizyjnymi nagraniami oraz wydanymi p\u0142ytami z repertuarem klasycznym i rozrywkowym, koncertami oratoryjnymi z udzia\u0142em orkiestry a tak\u017ce rozrywkowymi z Big Bandem. U\u015bwietnia swoimi wyst\u0119pami uczelniane uroczysto\u015bci i wydarzenia. Od ponad 20 lat ch\u00f3rzy\u015bci rozwijaj\u0105 si\u0119 pod opiek\u0105 prof. Wioletty Mi\u0142kowskiej \u2013 dyrygent zafascynowanej r\u00f3\u017cnorodno\u015bci\u0105 gatunk\u00f3w muzycznych, co przejawia si\u0119 w bogatym repertuarze ch\u00f3ru. Jednak jak podkre\u015blaj\u0105 cz\u0142onkowie zespo\u0142u, jego tworzenie to nie tylko wyst\u0119py i nagrody, ale przede wszystkim przyja\u017anie na ca\u0142e \u017cycie i ciep\u0142a, rodzinna atmosfera.<\/p>\n<p>Je\u015bli kochasz muzyk\u0119 i podr\u00f3\u017ce, chcesz \u015bpiewa\u0107 i zwiedza\u0107 \u015bwiat, do\u0142\u0105cz do muzycznej rodziny Politechniki Bia\u0142ostockiej. Ch\u00f3rzy\u015bci spotykaj\u0105 si\u0119 na pr\u00f3bach g\u0142\u00f3wnych w poniedzia\u0142ki i czwartki o 19:00 w Sali Ch\u00f3ru w akademiku Gamma.<\/p>\n<p>Je\u015bli masz jakie\u015b pytania, skontaktuj si\u0119 z nami.&nbsp;Odpowiadamy b\u0142yskawicznie.<\/p>\n<p>&nbsp;<\/p>\n<p>Zapraszamy!<\/p>\n<p>Ch\u00f3rzy\u015bci wraz z dyrygentem<\/p>\n<p>&nbsp;<\/p>\n<p>&nbsp;<\/p>\n","protected":false},"excerpt":{"rendered":"<p>&nbsp; Wyrusz w muzyczn\u0105 podr\u00f3\u017c. Ch\u00f3r PB rekrutuje!!! &nbsp; USA, Hiszpania, Kanada, Grecja, Rosja \u2013<\/p>\n","protected":false},"author":2,"featured_media":648,"parent":0,"menu_order":5,"comment_status":"closed","ping_status":"closed","template":"","meta":{"_acf_changed":false,"ngg_post_thumbnail":0,"footnotes":""},"class_list":["post-182","page","type-page","status-publish","has-post-thumbnail","hentry"],"acf":[],"_links":{"self":[{"href":"https:\/\/pb.edu.pl\/chor\/wp-json\/wp\/v2\/pages\/182","targetHints":{"allow":["GET"]}}],"collection":[{"href":"https:\/\/pb.edu.pl\/chor\/wp-json\/wp\/v2\/pages"}],"about":[{"href":"https:\/\/pb.edu.pl\/chor\/wp-json\/wp\/v2\/types\/page"}],"author":[{"embeddable":true,"href":"https:\/\/pb.edu.pl\/chor\/wp-json\/wp\/v2\/users\/2"}],"replies":[{"embeddable":true,"href":"https:\/\/pb.edu.pl\/chor\/wp-json\/wp\/v2\/comments?post=182"}],"version-history":[{"count":0,"href":"https:\/\/pb.edu.pl\/chor\/wp-json\/wp\/v2\/pages\/182\/revisions"}],"wp:featuredmedia":[{"embeddable":true,"href":"https:\/\/pb.edu.pl\/chor\/wp-json\/wp\/v2\/media\/648"}],"wp:attachment":[{"href":"https:\/\/pb.edu.pl\/chor\/wp-json\/wp\/v2\/media?parent=182"}],"curies":[{"name":"wp","href":"https:\/\/api.w.org\/{rel}","templated":true}]}}