{"id":180,"date":"2022-01-06T19:16:01","date_gmt":"2022-01-06T18:16:01","guid":{"rendered":"https:\/\/pb.edu.pl\/chor\/?page_id=180"},"modified":"2024-03-26T10:37:09","modified_gmt":"2024-03-26T09:37:09","slug":"kronika-koncerty","status":"publish","type":"page","link":"https:\/\/pb.edu.pl\/chor\/kronika-koncerty\/","title":{"rendered":"Kronika: koncerty,&#8230;"},"content":{"rendered":"<div class=\"h2\">Rok 2023<\/div>\n\t\t<div class=\"box news-box \">\n\t\t<div class=\"row\">\n\t\t\t\n\t\t\t\t\t<\/div>\n\t\t\t\t\t<\/div>\n\n<hr>\n<div class=\"h2\">Rok 2022<\/div>\n\t\t<div class=\"box news-box \">\n\t\t<div class=\"row\">\n\t\t\t\n\t\t\t\n\t\t\t\t\n\t\t\t\t\t\t\t\t\t\t<div class=\"col-sm-3\">\n\t\t\t\t\t\t\t\n<article class=\"format-standard\">\n    <span class=\"date text-right\"><i class=\"fal fa-calendar-alt\"><\/i> 13-12-2022<\/span>\n    <a href=\"https:\/\/pb.edu.pl\/chor\/2022\/12\/13\/spotkanie-wigilijne-2022\/\">\n      <div class=\"article-image\">\n        <img loading=\"lazy\" decoding=\"async\" width=\"450\" height=\"300\" src=\"https:\/\/pb.edu.pl\/chor\/wp-content\/uploads\/sites\/30\/2022\/12\/spotkanie-wigilijne-2022.jpg\" class=\"attachment-medium-image-16x10 size-medium-image-16x10 wp-post-image\" alt=\"\" srcset=\"https:\/\/pb.edu.pl\/chor\/wp-content\/uploads\/sites\/30\/2022\/12\/spotkanie-wigilijne-2022.jpg 1200w, https:\/\/pb.edu.pl\/chor\/wp-content\/uploads\/sites\/30\/2022\/12\/spotkanie-wigilijne-2022-300x200.jpg 300w, https:\/\/pb.edu.pl\/chor\/wp-content\/uploads\/sites\/30\/2022\/12\/spotkanie-wigilijne-2022-1024x683.jpg 1024w, https:\/\/pb.edu.pl\/chor\/wp-content\/uploads\/sites\/30\/2022\/12\/spotkanie-wigilijne-2022-768x512.jpg 768w, https:\/\/pb.edu.pl\/chor\/wp-content\/uploads\/sites\/30\/2022\/12\/spotkanie-wigilijne-2022-480x320.jpg 480w\" sizes=\"auto, (max-width: 450px) 100vw, 450px\" \/>      <\/div>\n      <h3>Spotkanie wigilijne 2022<\/h3>\n      Rektor Politechniki Bia\u0142ostockiej zaprasza do udzia\u0142u w tradycyjnym spotkaniu op\u0142atkowym spo\u0142eczno\u015bci    <\/a>\n<\/article>\t\t\t\t\t\t<\/div>\n\t\t\t\t\t\t\t\t\t\t\t<div class=\"col-sm-3\">\n\t\t\t\t\t\t\t\n<article class=\"format-standard\">\n    <span class=\"date text-right\"><i class=\"fal fa-calendar-alt\"><\/i> 26-11-2022<\/span>\n    <a href=\"https:\/\/pb.edu.pl\/chor\/2022\/11\/26\/swieto-politechniki-bialostockiej\/\">\n      <div class=\"article-image\">\n        <img loading=\"lazy\" decoding=\"async\" width=\"450\" height=\"300\" src=\"https:\/\/pb.edu.pl\/chor\/wp-content\/uploads\/sites\/30\/2022\/11\/swieto-politechniki.png\" class=\"attachment-medium-image-16x10 size-medium-image-16x10 wp-post-image\" alt=\"\" srcset=\"https:\/\/pb.edu.pl\/chor\/wp-content\/uploads\/sites\/30\/2022\/11\/swieto-politechniki.png 1200w, https:\/\/pb.edu.pl\/chor\/wp-content\/uploads\/sites\/30\/2022\/11\/swieto-politechniki-300x200.png 300w, https:\/\/pb.edu.pl\/chor\/wp-content\/uploads\/sites\/30\/2022\/11\/swieto-politechniki-1024x683.png 1024w, https:\/\/pb.edu.pl\/chor\/wp-content\/uploads\/sites\/30\/2022\/11\/swieto-politechniki-768x512.png 768w, https:\/\/pb.edu.pl\/chor\/wp-content\/uploads\/sites\/30\/2022\/11\/swieto-politechniki-480x320.png 480w\" sizes=\"auto, (max-width: 450px) 100vw, 450px\" \/>      <\/div>\n      <h3>\u015awi\u0119to Politechniki Bia\u0142ostockiej 2022<\/h3>\n      1 grudnia Politechnika Bia\u0142ostocka obchodzi\u0142a 73. rocznic\u0119 powstania. Podczas uroczystego posiedzenia    <\/a>\n<\/article>\t\t\t\t\t\t<\/div>\n\t\t\t\t\t\t\t\t\t\t\t<div class=\"col-sm-3\">\n\t\t\t\t\t\t\t\n<article class=\"format-standard\">\n    <span class=\"date text-right\"><i class=\"fal fa-calendar-alt\"><\/i> 08-11-2022<\/span>\n    <a href=\"https:\/\/pb.edu.pl\/chor\/2022\/11\/08\/xxiii-festiwal-chorow-studenckich-w-wilnie\/\">\n      <div class=\"article-image\">\n        <img loading=\"lazy\" decoding=\"async\" width=\"213\" height=\"300\" src=\"https:\/\/pb.edu.pl\/chor\/wp-content\/uploads\/sites\/30\/2022\/11\/Afisa-Studentai750.jpg\" class=\"attachment-medium-image-16x10 size-medium-image-16x10 wp-post-image\" alt=\"\" srcset=\"https:\/\/pb.edu.pl\/chor\/wp-content\/uploads\/sites\/30\/2022\/11\/Afisa-Studentai750.jpg 640w, https:\/\/pb.edu.pl\/chor\/wp-content\/uploads\/sites\/30\/2022\/11\/Afisa-Studentai750-213x300.jpg 213w\" sizes=\"auto, (max-width: 213px) 100vw, 213px\" \/>      <\/div>\n      <h3>XXIII Mi\u0119dzynarodowy Festiwal Ch\u00f3r\u00f3w Studenckich w Wilnie<\/h3>\n      W dniach 4-6 listopada 2022 r. na zaproszenie organizator\u00f3w Ch\u00f3r Politechniki    <\/a>\n<\/article>\t\t\t\t\t\t<\/div>\n\t\t\t\t\t\t\t\t\t\t\t<div class=\"col-sm-3\">\n\t\t\t\t\t\t\t\n<article class=\"format-standard\">\n    <span class=\"date text-right\"><i class=\"fal fa-calendar-alt\"><\/i> 18-10-2022<\/span>\n    <a href=\"https:\/\/pb.edu.pl\/chor\/2022\/10\/18\/nagrywamy-plyte\/\">\n      <div class=\"article-image\">\n        <img loading=\"lazy\" decoding=\"async\" width=\"400\" height=\"300\" src=\"https:\/\/pb.edu.pl\/chor\/wp-content\/uploads\/sites\/30\/2022\/10\/20221014_102056.jpg\" class=\"attachment-medium-image-16x10 size-medium-image-16x10 wp-post-image\" alt=\"\" srcset=\"https:\/\/pb.edu.pl\/chor\/wp-content\/uploads\/sites\/30\/2022\/10\/20221014_102056.jpg 750w, https:\/\/pb.edu.pl\/chor\/wp-content\/uploads\/sites\/30\/2022\/10\/20221014_102056-300x225.jpg 300w\" sizes=\"auto, (max-width: 400px) 100vw, 400px\" \/>      <\/div>\n      <h3>Nagranie w studio Rembrandt<\/h3>\n      Mi\u0142o nam poinformowa\u0107, \u017ce w dniach 14-16 wrze\u015bnia w studio nagraniowym    <\/a>\n<\/article>\t\t\t\t\t\t<\/div>\n\t\t\t\t\t\t\t\t\t\t\t<div class=\"col-sm-3\">\n\t\t\t\t\t\t\t\n<article class=\"format-standard\">\n    <span class=\"date text-right\"><i class=\"fal fa-calendar-alt\"><\/i> 11-10-2022<\/span>\n    <a href=\"https:\/\/pb.edu.pl\/chor\/2022\/10\/11\/inauguracja-roku-akademickiego-2022-23-politechniki-bialostockiej\/\">\n      <div class=\"article-image\">\n        <img loading=\"lazy\" decoding=\"async\" width=\"450\" height=\"300\" src=\"https:\/\/pb.edu.pl\/chor\/wp-content\/uploads\/sites\/30\/2022\/10\/inauguracja4_2022.jpg\" class=\"attachment-medium-image-16x10 size-medium-image-16x10 wp-post-image\" alt=\"\" srcset=\"https:\/\/pb.edu.pl\/chor\/wp-content\/uploads\/sites\/30\/2022\/10\/inauguracja4_2022.jpg 640w, https:\/\/pb.edu.pl\/chor\/wp-content\/uploads\/sites\/30\/2022\/10\/inauguracja4_2022-300x200.jpg 300w, https:\/\/pb.edu.pl\/chor\/wp-content\/uploads\/sites\/30\/2022\/10\/inauguracja4_2022-480x320.jpg 480w\" sizes=\"auto, (max-width: 450px) 100vw, 450px\" \/>      <\/div>\n      <h3>Inauguracja roku akademickiego 2022\/23 Politechniki Bia\u0142ostockiej<\/h3>\n      6 pa\u017adziernika 2022 r. Politechnika Bia\u0142ostocka zainaugurowa\u0142a nowy rok akademicki. Kolejny    <\/a>\n<\/article>\t\t\t\t\t\t<\/div>\n\t\t\t\t\t\t\t\t\t\t\t<div class=\"col-sm-3\">\n\t\t\t\t\t\t\t\n<article class=\"format-gallery\">\n    <span class=\"date text-right\"><i class=\"fal fa-calendar-alt\"><\/i> 08-09-2022<\/span>\n    <a href=\"https:\/\/pb.edu.pl\/chor\/2022\/09\/08\/warsztaty-choralne-holny-mejera-2022\/\">\n      <div class=\"article-image\">\n        <img loading=\"lazy\" decoding=\"async\" width=\"400\" height=\"300\" src=\"https:\/\/pb.edu.pl\/chor\/wp-content\/uploads\/sites\/30\/2022\/09\/tytulholny.jpg\" class=\"attachment-medium-image-16x10 size-medium-image-16x10 wp-post-image\" alt=\"\" srcset=\"https:\/\/pb.edu.pl\/chor\/wp-content\/uploads\/sites\/30\/2022\/09\/tytulholny.jpg 640w, https:\/\/pb.edu.pl\/chor\/wp-content\/uploads\/sites\/30\/2022\/09\/tytulholny-300x225.jpg 300w\" sizes=\"auto, (max-width: 400px) 100vw, 400px\" \/>      <\/div>\n      <h3>Warsztaty ch\u00f3ralne 2022<\/h3>\n      Tradycyjnie w sierpniu mieli\u015bmy okazj\u0119 uczestniczy\u0107 w obozie ch\u00f3ralnym w o\u015brodku    <\/a>\n<\/article>\t\t\t\t\t\t<\/div>\n\t\t\t\t\t\t\t\t\t\t\t<div class=\"col-sm-3\">\n\t\t\t\t\t\t\t\n<article class=\"format-standard\">\n    <span class=\"date text-right\"><i class=\"fal fa-calendar-alt\"><\/i> 07-08-2022<\/span>\n    <a href=\"https:\/\/pb.edu.pl\/chor\/2022\/08\/07\/koncerty-choru-morza-baltyckiego\/\">\n      <div class=\"article-image\">\n        <img loading=\"lazy\" decoding=\"async\" width=\"455\" height=\"300\" src=\"https:\/\/pb.edu.pl\/chor\/wp-content\/uploads\/sites\/30\/2022\/08\/wilno-bazylika-2022_640.jpg\" class=\"attachment-medium-image-16x10 size-medium-image-16x10 wp-post-image\" alt=\"\" srcset=\"https:\/\/pb.edu.pl\/chor\/wp-content\/uploads\/sites\/30\/2022\/08\/wilno-bazylika-2022_640.jpg 640w, https:\/\/pb.edu.pl\/chor\/wp-content\/uploads\/sites\/30\/2022\/08\/wilno-bazylika-2022_640-300x198.jpg 300w\" sizes=\"auto, (max-width: 455px) 100vw, 455px\" \/>      <\/div>\n      <h3>Koncerty Ch\u00f3ru Morza Ba\u0142tyckiego<\/h3>\n      W czerwcu za\u015bpiewali\u015bmy dwa koncerty, w ramach koncert\u00f3w Ch\u00f3ru Morza Ba\u0142tyckiego,    <\/a>\n<\/article>\t\t\t\t\t\t<\/div>\n\t\t\t\t\t\t\t\t\t\t\t<div class=\"col-sm-3\">\n\t\t\t\t\t\t\t\n<article class=\"format-gallery\">\n    <span class=\"date text-right\"><i class=\"fal fa-calendar-alt\"><\/i> 26-03-2022<\/span>\n    <a href=\"https:\/\/pb.edu.pl\/chor\/2022\/03\/26\/dyplomatoria\/\">\n      <div class=\"article-image\">\n        <img loading=\"lazy\" decoding=\"async\" width=\"450\" height=\"300\" src=\"https:\/\/pb.edu.pl\/chor\/wp-content\/uploads\/sites\/30\/2022\/04\/Dyplomatoria-162.jpg\" class=\"attachment-medium-image-16x10 size-medium-image-16x10 wp-post-image\" alt=\"\" srcset=\"https:\/\/pb.edu.pl\/chor\/wp-content\/uploads\/sites\/30\/2022\/04\/Dyplomatoria-162.jpg 750w, https:\/\/pb.edu.pl\/chor\/wp-content\/uploads\/sites\/30\/2022\/04\/Dyplomatoria-162-300x200.jpg 300w, https:\/\/pb.edu.pl\/chor\/wp-content\/uploads\/sites\/30\/2022\/04\/Dyplomatoria-162-480x320.jpg 480w\" sizes=\"auto, (max-width: 450px) 100vw, 450px\" \/>      <\/div>\n      <h3>Dyplomatoria<\/h3>\n      25 marca 2022 roku odby\u0142o si\u0119 uroczyste wr\u0119czenie dyplom\u00f3w absolwentom PB    <\/a>\n<\/article>\t\t\t\t\t\t<\/div>\n\t\t\t\t\t\t\t\t\t\t\t<div class=\"col-sm-3\">\n\t\t\t\t\t\t\t\n<article class=\"format-gallery\">\n    <span class=\"date text-right\"><i class=\"fal fa-calendar-alt\"><\/i> 14-03-2022<\/span>\n    <a href=\"https:\/\/pb.edu.pl\/chor\/2022\/03\/14\/modlitwa-o-pokoj\/\">\n      <div class=\"article-image\">\n        <img loading=\"lazy\" decoding=\"async\" width=\"400\" height=\"300\" src=\"https:\/\/pb.edu.pl\/chor\/wp-content\/uploads\/sites\/30\/2022\/03\/P3130012-modlitwa-o-pokoj_fot-Jerzy-Doroszkiewicz.jpg\" class=\"attachment-medium-image-16x10 size-medium-image-16x10 wp-post-image\" alt=\"\" srcset=\"https:\/\/pb.edu.pl\/chor\/wp-content\/uploads\/sites\/30\/2022\/03\/P3130012-modlitwa-o-pokoj_fot-Jerzy-Doroszkiewicz.jpg 750w, https:\/\/pb.edu.pl\/chor\/wp-content\/uploads\/sites\/30\/2022\/03\/P3130012-modlitwa-o-pokoj_fot-Jerzy-Doroszkiewicz-300x225.jpg 300w\" sizes=\"auto, (max-width: 400px) 100vw, 400px\" \/>      <\/div>\n      <h3>Modlitwa o pok\u00f3j<\/h3>\n      13 marca 2022 roku w Sanktuarium \u015bw. Mi\u0142osierdzia Bo\u017cego w Bia\u0142ymstoku,    <\/a>\n<\/article>\t\t\t\t\t\t<\/div>\n\t\t\t\t\t\n\t\t\t\t\n\t\t\t\t\t<\/div>\n\t\t\t\t\t<\/div>\n\n<hr>\n<div class=\"h2\">Rok 2021<\/div>\n\t\t<div class=\"box news-box \">\n\t\t<div class=\"row\">\n\t\t\t\n\t\t\t\n\t\t\t\t\n\t\t\t\t\t\t\t\t\t\t<div class=\"col-sm-3\">\n\t\t\t\t\t\t\t\n<article class=\"format-standard\">\n    <span class=\"date text-right\"><i class=\"fal fa-calendar-alt\"><\/i> 12-12-2022<\/span>\n    <a href=\"https:\/\/pb.edu.pl\/chor\/2022\/12\/12\/spotkanie-oplatkowe-srodowiska-akademickiego\/\">\n      <div class=\"article-image\">\n        <img loading=\"lazy\" decoding=\"async\" width=\"240\" height=\"300\" src=\"https:\/\/pb.edu.pl\/chor\/wp-content\/uploads\/sites\/30\/2022\/12\/spotkanie-oplatkowe.jpg\" class=\"attachment-medium-image-16x10 size-medium-image-16x10 wp-post-image\" alt=\"\" srcset=\"https:\/\/pb.edu.pl\/chor\/wp-content\/uploads\/sites\/30\/2022\/12\/spotkanie-oplatkowe.jpg 1080w, https:\/\/pb.edu.pl\/chor\/wp-content\/uploads\/sites\/30\/2022\/12\/spotkanie-oplatkowe-240x300.jpg 240w, https:\/\/pb.edu.pl\/chor\/wp-content\/uploads\/sites\/30\/2022\/12\/spotkanie-oplatkowe-819x1024.jpg 819w, https:\/\/pb.edu.pl\/chor\/wp-content\/uploads\/sites\/30\/2022\/12\/spotkanie-oplatkowe-768x960.jpg 768w\" sizes=\"auto, (max-width: 240px) 100vw, 240px\" \/>      <\/div>\n      <h3>Spotkanie op\u0142atkowe \u015brodowiska akademickiego<\/h3>\n      15 grudnia 2022 r. o godz. 18.00 w Auli Magna Uniwersytetu    <\/a>\n<\/article>\t\t\t\t\t\t<\/div>\n\t\t\t\t\t\t\t\t\t\t\t<div class=\"col-sm-3\">\n\t\t\t\t\t\t\t\n<article class=\"format-standard\">\n    <span class=\"date text-right\"><i class=\"fal fa-calendar-alt\"><\/i> 03-12-2021<\/span>\n    <a href=\"https:\/\/pb.edu.pl\/chor\/2021\/12\/03\/uroczyste-posiedzenie-senatu-politechniki-bialostockiej\/\">\n      <div class=\"article-image\">\n        <img loading=\"lazy\" decoding=\"async\" width=\"380\" height=\"300\" src=\"https:\/\/pb.edu.pl\/chor\/wp-content\/uploads\/sites\/30\/2022\/04\/Swieto-Politechniki-Bialostockiej-2.12.2021-fot-Maciej-Giedrojc-Juraha.jpg\" class=\"attachment-medium-image-16x10 size-medium-image-16x10 wp-post-image\" alt=\"\" srcset=\"https:\/\/pb.edu.pl\/chor\/wp-content\/uploads\/sites\/30\/2022\/04\/Swieto-Politechniki-Bialostockiej-2.12.2021-fot-Maciej-Giedrojc-Juraha.jpg 750w, https:\/\/pb.edu.pl\/chor\/wp-content\/uploads\/sites\/30\/2022\/04\/Swieto-Politechniki-Bialostockiej-2.12.2021-fot-Maciej-Giedrojc-Juraha-300x237.jpg 300w\" sizes=\"auto, (max-width: 380px) 100vw, 380px\" \/>      <\/div>\n      <h3>Uroczyste Posiedzenie Senatu Politechniki Bia\u0142ostockiej<\/h3>\n      2 grudnia 2021 roku zapewniali\u015bmy opraw\u0119 muzyczn\u0105 uroczystego posiedzenia Senatu Politechniki    <\/a>\n<\/article>\t\t\t\t\t\t<\/div>\n\t\t\t\t\t\t\t\t\t\t\t<div class=\"col-sm-3\">\n\t\t\t\t\t\t\t\n<article class=\"format-standard\">\n    <span class=\"date text-right\"><i class=\"fal fa-calendar-alt\"><\/i> 26-10-2021<\/span>\n    <a href=\"https:\/\/pb.edu.pl\/chor\/2021\/10\/26\/70-lecie-wydzialu-budownictwa-i-nauk-o-srodowisku\/\">\n      <div class=\"article-image\">\n        <img loading=\"lazy\" decoding=\"async\" width=\"450\" height=\"300\" src=\"https:\/\/pb.edu.pl\/chor\/wp-content\/uploads\/sites\/30\/2022\/04\/70-lecie-wbins.jpg\" class=\"attachment-medium-image-16x10 size-medium-image-16x10 wp-post-image\" alt=\"\" srcset=\"https:\/\/pb.edu.pl\/chor\/wp-content\/uploads\/sites\/30\/2022\/04\/70-lecie-wbins.jpg 1200w, https:\/\/pb.edu.pl\/chor\/wp-content\/uploads\/sites\/30\/2022\/04\/70-lecie-wbins-300x200.jpg 300w, https:\/\/pb.edu.pl\/chor\/wp-content\/uploads\/sites\/30\/2022\/04\/70-lecie-wbins-1024x683.jpg 1024w, https:\/\/pb.edu.pl\/chor\/wp-content\/uploads\/sites\/30\/2022\/04\/70-lecie-wbins-768x512.jpg 768w, https:\/\/pb.edu.pl\/chor\/wp-content\/uploads\/sites\/30\/2022\/04\/70-lecie-wbins-480x320.jpg 480w\" sizes=\"auto, (max-width: 450px) 100vw, 450px\" \/>      <\/div>\n      <h3>70-lecie Wydzia\u0142u Budownictwa i Nauk o \u015arodowisku<\/h3>\n      25 pa\u017adziernika 2021 roku wyst\u0105pili\u015bmy podczas uroczystego posiedzenia Rady Wydzia\u0142u Budownictwa    <\/a>\n<\/article>\t\t\t\t\t\t<\/div>\n\t\t\t\t\t\t\t\t\t\t\t<div class=\"col-sm-3\">\n\t\t\t\t\t\t\t\n<article class=\"format-gallery\">\n    <span class=\"date text-right\"><i class=\"fal fa-calendar-alt\"><\/i> 19-10-2021<\/span>\n    <a href=\"https:\/\/pb.edu.pl\/chor\/2021\/10\/19\/52-konferencja-naukowa-inzynieria-przedsiewziec-budowlanych\/\">\n      <div class=\"article-image\">\n        <img loading=\"lazy\" decoding=\"async\" width=\"450\" height=\"300\" src=\"https:\/\/pb.edu.pl\/chor\/wp-content\/uploads\/sites\/30\/2022\/04\/DSC_0069n.jpg\" class=\"attachment-medium-image-16x10 size-medium-image-16x10 wp-post-image\" alt=\"\" srcset=\"https:\/\/pb.edu.pl\/chor\/wp-content\/uploads\/sites\/30\/2022\/04\/DSC_0069n.jpg 750w, https:\/\/pb.edu.pl\/chor\/wp-content\/uploads\/sites\/30\/2022\/04\/DSC_0069n-300x200.jpg 300w, https:\/\/pb.edu.pl\/chor\/wp-content\/uploads\/sites\/30\/2022\/04\/DSC_0069n-480x320.jpg 480w\" sizes=\"auto, (max-width: 450px) 100vw, 450px\" \/>      <\/div>\n      <h3>52. Konferencja Naukowa In\u017cynieria Przedsi\u0119wzi\u0119\u0107 Budowlanych<\/h3>\n      18 pa\u017adziernika 2021 roku wyst\u0105pili\u015bmy podczas otwarcia 52. Konferencji In\u017cynieria Przedsi\u0119wzi\u0119\u0107    <\/a>\n<\/article>\t\t\t\t\t\t<\/div>\n\t\t\t\t\t\t\t\t\t\t\t<div class=\"col-sm-3\">\n\t\t\t\t\t\t\t\n<article class=\"format-gallery\">\n    <span class=\"date text-right\"><i class=\"fal fa-calendar-alt\"><\/i> 10-10-2021<\/span>\n    <a href=\"https:\/\/pb.edu.pl\/chor\/2021\/10\/10\/250-rocznica-smierci-jana-klemensa-branickiego\/\">\n      <div class=\"article-image\">\n        <img loading=\"lazy\" decoding=\"async\" width=\"449\" height=\"300\" src=\"https:\/\/pb.edu.pl\/chor\/wp-content\/uploads\/sites\/30\/2021\/10\/BOK00656-edit.jpg\" class=\"attachment-medium-image-16x10 size-medium-image-16x10 wp-post-image\" alt=\"\" srcset=\"https:\/\/pb.edu.pl\/chor\/wp-content\/uploads\/sites\/30\/2021\/10\/BOK00656-edit.jpg 750w, https:\/\/pb.edu.pl\/chor\/wp-content\/uploads\/sites\/30\/2021\/10\/BOK00656-edit-300x200.jpg 300w, https:\/\/pb.edu.pl\/chor\/wp-content\/uploads\/sites\/30\/2021\/10\/BOK00656-edit-480x320.jpg 480w\" sizes=\"auto, (max-width: 449px) 100vw, 449px\" \/>      <\/div>\n      <h3>250 rocznica \u015bmierci Jana Klemensa Branickiego<\/h3>\n      9 pa\u017adziernika 2021 roku, na zaproszenie Bia\u0142ostockiego O\u015brodka Kultury, wyst\u0105pili\u015bmy z    <\/a>\n<\/article>\t\t\t\t\t\t<\/div>\n\t\t\t\t\t\t\t\t\t\t\t<div class=\"col-sm-3\">\n\t\t\t\t\t\t\t\n<article class=\"format-standard\">\n    <span class=\"date text-right\"><i class=\"fal fa-calendar-alt\"><\/i> 07-10-2021<\/span>\n    <a href=\"https:\/\/pb.edu.pl\/chor\/2021\/10\/07\/inauguracja-roku-akademickiego-2021-2022\/\">\n      <div class=\"article-image\">\n        <img loading=\"lazy\" decoding=\"async\" width=\"450\" height=\"300\" src=\"https:\/\/pb.edu.pl\/chor\/wp-content\/uploads\/sites\/30\/2022\/04\/inauguracja2021_22.jpg\" class=\"attachment-medium-image-16x10 size-medium-image-16x10 wp-post-image\" alt=\"\" srcset=\"https:\/\/pb.edu.pl\/chor\/wp-content\/uploads\/sites\/30\/2022\/04\/inauguracja2021_22.jpg 1200w, https:\/\/pb.edu.pl\/chor\/wp-content\/uploads\/sites\/30\/2022\/04\/inauguracja2021_22-300x200.jpg 300w, https:\/\/pb.edu.pl\/chor\/wp-content\/uploads\/sites\/30\/2022\/04\/inauguracja2021_22-1024x683.jpg 1024w, https:\/\/pb.edu.pl\/chor\/wp-content\/uploads\/sites\/30\/2022\/04\/inauguracja2021_22-768x512.jpg 768w, https:\/\/pb.edu.pl\/chor\/wp-content\/uploads\/sites\/30\/2022\/04\/inauguracja2021_22-480x320.jpg 480w\" sizes=\"auto, (max-width: 450px) 100vw, 450px\" \/>      <\/div>\n      <h3>Inauguracja roku akademickiego 2021\/2022<\/h3>\n      7 pa\u017adziernika 2021 roku zapewniali\u015bmy opraw\u0119 muzyczn\u0105 Inauguracji roku akademickiego 2021\/2022,    <\/a>\n<\/article>\t\t\t\t\t\t<\/div>\n\t\t\t\t\t\t\t\t\t\t\t<div class=\"col-sm-3\">\n\t\t\t\t\t\t\t\n<article class=\"format-standard\">\n    <span class=\"date text-right\"><i class=\"fal fa-calendar-alt\"><\/i> 27-09-2021<\/span>\n    <a href=\"https:\/\/pb.edu.pl\/chor\/2021\/09\/27\/wyklad-na-litwie\/\">\n      <div class=\"article-image\">\n        <img loading=\"lazy\" decoding=\"async\" width=\"300\" height=\"300\" src=\"https:\/\/pb.edu.pl\/chor\/wp-content\/uploads\/sites\/30\/2022\/01\/Wioletta-Milkowska.jpg\" class=\"attachment-medium-image-16x10 size-medium-image-16x10 wp-post-image\" alt=\"\" srcset=\"https:\/\/pb.edu.pl\/chor\/wp-content\/uploads\/sites\/30\/2022\/01\/Wioletta-Milkowska.jpg 1200w, https:\/\/pb.edu.pl\/chor\/wp-content\/uploads\/sites\/30\/2022\/01\/Wioletta-Milkowska-300x300.jpg 300w, https:\/\/pb.edu.pl\/chor\/wp-content\/uploads\/sites\/30\/2022\/01\/Wioletta-Milkowska-1024x1024.jpg 1024w, https:\/\/pb.edu.pl\/chor\/wp-content\/uploads\/sites\/30\/2022\/01\/Wioletta-Milkowska-150x150.jpg 150w, https:\/\/pb.edu.pl\/chor\/wp-content\/uploads\/sites\/30\/2022\/01\/Wioletta-Milkowska-768x768.jpg 768w\" sizes=\"auto, (max-width: 300px) 100vw, 300px\" \/>      <\/div>\n      <h3>Wyk\u0142ad na Litwie<\/h3>\n      26 wrze\u015bnia 2021 roku prof. dr hab. Wioletta Mi\u0142kowska wyst\u0105pi\u0142a z&nbsp;wyk\u0142adem    <\/a>\n<\/article>\t\t\t\t\t\t<\/div>\n\t\t\t\t\t\t\t\t\t\t\t<div class=\"col-sm-3\">\n\t\t\t\t\t\t\t\n<article class=\"format-standard\">\n    <span class=\"date text-right\"><i class=\"fal fa-calendar-alt\"><\/i> 23-08-2021<\/span>\n    <a href=\"https:\/\/pb.edu.pl\/chor\/2021\/08\/23\/warsztaty-choralne\/\">\n      <div class=\"article-image\">\n        <img loading=\"lazy\" decoding=\"async\" width=\"400\" height=\"300\" src=\"https:\/\/pb.edu.pl\/chor\/wp-content\/uploads\/sites\/30\/2022\/04\/holny2021.jpg\" class=\"attachment-medium-image-16x10 size-medium-image-16x10 wp-post-image\" alt=\"\" srcset=\"https:\/\/pb.edu.pl\/chor\/wp-content\/uploads\/sites\/30\/2022\/04\/holny2021.jpg 750w, https:\/\/pb.edu.pl\/chor\/wp-content\/uploads\/sites\/30\/2022\/04\/holny2021-300x225.jpg 300w\" sizes=\"auto, (max-width: 400px) 100vw, 400px\" \/>      <\/div>\n      <h3>Warsztaty ch\u00f3ralne<\/h3>\n      W dniach 16-22 sierpnia 2021 roku uczestniczyli\u015bmy w warsztatach ch\u00f3ralnych w&nbsp;klimatycznym    <\/a>\n<\/article>\t\t\t\t\t\t<\/div>\n\t\t\t\t\t\t\t\t\t\t\t<div class=\"col-sm-3\">\n\t\t\t\t\t\t\t\n<article class=\"format-standard\">\n    <span class=\"date text-right\"><i class=\"fal fa-calendar-alt\"><\/i> 23-04-2021<\/span>\n    <a href=\"https:\/\/pb.edu.pl\/chor\/2021\/04\/23\/uroczyste-nadanie-tytulow-profesora-honorowego-politechniki-bialostockiej\/\">\n      <div class=\"article-image\">\n              <\/div>\n      <h3>Uroczyste nadanie tytu\u0142\u00f3w Profesora Honorowego Politechniki Bia\u0142ostockiej<\/h3>\n      22 kwietnia 2021 roku wyst\u0105pili\u015bmy podczas uroczysto\u015bci nadania tytu\u0142\u00f3w Profesora Honorowego    <\/a>\n<\/article>\t\t\t\t\t\t<\/div>\n\t\t\t\t\t\n\t\t\t\t\n\t\t\t\t\t<\/div>\n\t\t\t\t\t<\/div>\n\n","protected":false},"excerpt":{"rendered":"<p>Rok 2023 Rok 2022 Rok 2021<\/p>\n","protected":false},"author":2,"featured_media":0,"parent":0,"menu_order":4,"comment_status":"closed","ping_status":"closed","template":"","meta":{"_acf_changed":false,"ngg_post_thumbnail":0,"footnotes":""},"class_list":["post-180","page","type-page","status-publish","hentry"],"acf":[],"_links":{"self":[{"href":"https:\/\/pb.edu.pl\/chor\/wp-json\/wp\/v2\/pages\/180","targetHints":{"allow":["GET"]}}],"collection":[{"href":"https:\/\/pb.edu.pl\/chor\/wp-json\/wp\/v2\/pages"}],"about":[{"href":"https:\/\/pb.edu.pl\/chor\/wp-json\/wp\/v2\/types\/page"}],"author":[{"embeddable":true,"href":"https:\/\/pb.edu.pl\/chor\/wp-json\/wp\/v2\/users\/2"}],"replies":[{"embeddable":true,"href":"https:\/\/pb.edu.pl\/chor\/wp-json\/wp\/v2\/comments?post=180"}],"version-history":[{"count":0,"href":"https:\/\/pb.edu.pl\/chor\/wp-json\/wp\/v2\/pages\/180\/revisions"}],"wp:attachment":[{"href":"https:\/\/pb.edu.pl\/chor\/wp-json\/wp\/v2\/media?parent=180"}],"curies":[{"name":"wp","href":"https:\/\/api.w.org\/{rel}","templated":true}]}}